{"id":21546,"date":"2023-12-14T12:05:23","date_gmt":"2023-12-14T11:05:23","guid":{"rendered":"https:\/\/semmelweis.hu\/emk\/?page_id=21546"},"modified":"2025-01-22T16:28:34","modified_gmt":"2025-01-22T15:28:34","slug":"kepzeseinkrol","status":"publish","type":"page","link":"https:\/\/semmelweis.hu\/emk\/oktatas\/kepzeseinkrol\/","title":{"rendered":"Felv\u00e9teli inform\u00e1ci\u00f3k"},"content":{"rendered":"<p style=\"text-align: justify\">Ismerje meg mesterk\u00e9pz\u00e9seinket \u00e9s a v\u00e1ltozatos k\u00e9pz\u00e9si lehet\u0151s\u00e9geinket, \u00e9s legyen r\u00e9szese annak a k\u00f6z\u00f6ss\u00e9gnek, ahol a j\u00f6v\u0151 eg\u00e9szs\u00e9g\u00fcgyi \u00e9s szoci\u00e1lis szakemberei az EMK seg\u00edts\u00e9g\u00e9vel alak\u00edtj\u00e1k karrierj\u00fcket!<\/p>\n<div class=\"keretes w-100\">\n<h3>Inform\u00e1ci\u00f3k felv\u00e9teliz\u0151knek<\/h3>\n<p><strong>Felv\u00e9teli jelentkez\u00e9s hat\u00e1rideje:<\/strong> Az \u00e1ltal\u00e1nos felv\u00e9teli elj\u00e1r\u00e1sban: minden \u00e9v <strong>febru\u00e1r 15.<\/strong><\/p>\n<p><strong>Keresztf\u00e9l\u00e9ves felv\u00e9teli elj\u00e1r\u00e1sban:<\/strong> minden \u00e9v <strong>november 15.<\/strong><\/p>\n<p style=\"text-align: justify\"><strong>Felv\u00e9teli jelentkez\u00e9s m\u00f3dja:<\/strong> Jelentkezni kiz\u00e1r\u00f3lag az orsz\u00e1gos fels\u0151oktat\u00e1si felv\u00e9teli rendszeren, <a href=\"https:\/\/www.felvi.hu\/\" target=\"_blank\" rel=\"noopener\">a felvi.hu<\/a>-n (E-felv\u00e9telin) kereszt\u00fcl lehet. Az E-felv\u00e9teli haszn\u00e1lat\u00e1hoz els\u0151 l\u00e9p\u00e9sk\u00e9nt regisztr\u00e1lni kell a felvi.hu oldalon.<\/p>\n<\/div>\n<div class=\"w-100\">\n<p><strong>Tov\u00e1bbi specifikus inform\u00e1ci\u00f3k az adott k\u00e9pz\u00e9sek oldalain tal\u00e1lhat\u00f3k:<\/strong><\/p>\n<ul style=\"list-style-type: square\">\n<li class=\"page_item page-item-21503 page_item_has_children\"><strong><a href=\"https:\/\/semmelweis.hu\/emk\/oktatas\/mesterkepzes\/\">Mesterk\u00e9pz\u00e9seink<\/a><\/strong>\n<ul class=\"children\" style=\"list-style-type: square\">\n<li class=\"page_item page-item-21489\"><strong><a href=\"https:\/\/semmelweis.hu\/emk\/oktatas\/mesterkepzes\/egeszsegugyi-adattudomany-msc\/\">Eg\u00e9szs\u00e9g\u00fcgyi adattudom\u00e1ny (AMSc)<\/a><\/strong><\/li>\n<li class=\"page_item page-item-14568\"><strong><a href=\"https:\/\/semmelweis.hu\/emk\/oktatas\/mesterkepzes\/egeszsegugyi-menedzser-msc\/\">Eg\u00e9szs\u00e9g\u00fcgyi menedzser (EMSc)<\/a><\/strong><\/li>\n<li class=\"page_item page-item-21553\"><strong><a href=\"https:\/\/semmelweis.hu\/emk\/oktatas\/mesterkepzes\/egeszsegugyi-minosegugyi-es-betegbiztonsagi-menedzsment-msc\/\">Eg\u00e9szs\u00e9g\u00fcgyi-min\u0151s\u00e9g\u00fcgyi \u00e9s betegbiztons\u00e1gi menedzsment (EMBM)<\/a><\/strong><\/li>\n<li class=\"page_item page-item-23083\"><strong><a href=\"https:\/\/semmelweis.hu\/emk\/oktatas\/mesterkepzes\/integralt-szocialis-szolgaltatasi-menedzsment-iszszm\/\">Integr\u00e1lt Szoci\u00e1lis Szolg\u00e1ltat\u00e1si Menedzsment (ISZSZM)<\/a><\/strong><\/li>\n<\/ul>\n<\/li>\n<li class=\"page_item page-item-18760 page_item_has_children\"><strong><a href=\"https:\/\/semmelweis.hu\/emk\/oktatas\/szakiranyu-tovabbkepzeseink\/\">Szakir\u00e1ny\u00fa tov\u00e1bbk\u00e9pz\u00e9seink<\/a><\/strong><\/li>\n<li><strong><a href=\"https:\/\/semmelweis.hu\/emk\/oktatas\/idegen-nyelvu-oktatas-kurzusaink\/\" target=\"_blank\" rel=\"noopener\">Nemzetk\u00f6zi kihelyezett k\u00e9pz\u00e9sek<\/a><\/strong><\/li>\n<li><strong><a href=\"https:\/\/semmelweis.hu\/emk\/oktatas\/kurzusaink-mas-karok-hallgatoi-szamara\/\">Kurzusaink m\u00e1s karok hallgat\u00f3i sz\u00e1m\u00e1ra<\/a><\/strong><\/li>\n<li><strong><a href=\"https:\/\/semmelweis.hu\/emk\/oktatas\/doktori-kepzes\/\">Doktori k\u00e9pz\u00e9s<\/a><\/strong><\/li>\n<li><strong><a href=\"https:\/\/semmelweis.hu\/emk\/szocialis-vezetokepzo-tudaskozpont\/\" target=\"_blank\" rel=\"noopener\">Jogszab\u00e1ly alapj\u00e1n ind\u00edtott k\u00e9pz\u00e9sek<\/a><\/strong><\/li>\n<li><strong><a href=\"https:\/\/semmelweis.hu\/emk\/oktatas\/treningek-es-tovabbkepzesek\/\" target=\"_blank\" rel=\"noopener\">Tr\u00e9ningek \u00e9s tov\u00e1bbk\u00e9pz\u00e9sek<\/a><\/strong><\/li>\n<li><strong><a href=\"https:\/\/semmelweis.hu\/emk\/oktatas\/e-learning\/\" target=\"_blank\" rel=\"noopener\">E-learning tov\u00e1bbk\u00e9pz\u00e9sek<\/a><\/strong><\/li>\n<\/ul>\n<\/div>\n","protected":false},"excerpt":{"rendered":"<p>Ismerje meg mesterk\u00e9pz\u00e9seinket \u00e9s a v\u00e1ltozatos k\u00e9pz\u00e9si lehet\u0151s\u00e9geinket, \u00e9s legyen r\u00e9szese annak a k\u00f6z\u00f6ss\u00e9gnek, ahol a j\u00f6v\u0151 eg\u00e9szs\u00e9g\u00fcgyi \u00e9s szoci\u00e1lis szakemberei az EMK seg\u00edts\u00e9g\u00e9vel alak\u00edtj\u00e1k karrierj\u00fcket! Inform\u00e1ci\u00f3k felv\u00e9teliz\u0151knek Felv\u00e9teli jelentkez\u00e9s hat\u00e1rideje: Az \u00e1ltal\u00e1nos felv\u00e9teli elj\u00e1r\u00e1sban: minden \u00e9v febru\u00e1r 15. Keresztf\u00e9l\u00e9ves felv\u00e9teli elj\u00e1r\u00e1sban: minden \u00e9v november 15. Felv\u00e9teli jelentkez\u00e9s m\u00f3dja: Jelentkezni kiz\u00e1r\u00f3lag az orsz\u00e1gos fels\u0151oktat\u00e1si felv\u00e9teli &hellip;<\/p>\n","protected":false},"author":101539,"featured_media":0,"parent":14559,"menu_order":1,"comment_status":"closed","ping_status":"closed","template":"","meta":{"_acf_changed":false,"footnotes":""},"categories":[],"tags":[],"class_list":["post-21546","page","type-page","status-publish","hentry"],"acf":[],"_links":{"self":[{"href":"https:\/\/semmelweis.hu\/emk\/wp-json\/wp\/v2\/pages\/21546","targetHints":{"allow":["GET"]}}],"collection":[{"href":"https:\/\/semmelweis.hu\/emk\/wp-json\/wp\/v2\/pages"}],"about":[{"href":"https:\/\/semmelweis.hu\/emk\/wp-json\/wp\/v2\/types\/page"}],"author":[{"embeddable":true,"href":"https:\/\/semmelweis.hu\/emk\/wp-json\/wp\/v2\/users\/101539"}],"replies":[{"embeddable":true,"href":"https:\/\/semmelweis.hu\/emk\/wp-json\/wp\/v2\/comments?post=21546"}],"version-history":[{"count":10,"href":"https:\/\/semmelweis.hu\/emk\/wp-json\/wp\/v2\/pages\/21546\/revisions"}],"predecessor-version":[{"id":24339,"href":"https:\/\/semmelweis.hu\/emk\/wp-json\/wp\/v2\/pages\/21546\/revisions\/24339"}],"up":[{"embeddable":true,"href":"https:\/\/semmelweis.hu\/emk\/wp-json\/wp\/v2\/pages\/14559"}],"wp:attachment":[{"href":"https:\/\/semmelweis.hu\/emk\/wp-json\/wp\/v2\/media?parent=21546"}],"wp:term":[{"taxonomy":"category","embeddable":true,"href":"https:\/\/semmelweis.hu\/emk\/wp-json\/wp\/v2\/categories?post=21546"},{"taxonomy":"post_tag","embeddable":true,"href":"https:\/\/semmelweis.hu\/emk\/wp-json\/wp\/v2\/tags?post=21546"}],"curies":[{"name":"wp","href":"https:\/\/api.w.org\/{rel}","templated":true}]}}

Felvételi információk

<p style="text-align: justify">Ismerje meg mesterképzéseinket és a változatos képzési lehetőségeinket, és legyen részese annak a közösségnek, ahol a jövő egészségügyi és szociális szakemberei az EMK segítségével alakítják karrierjüket!</p>
<div class="keretes w-100">
<h3>Információk felvételizőknek</h3>
<p><strong>Felvételi jelentkezés határideje:</strong> Az általános felvételi eljárásban: minden év <strong>február 15.</strong></p>
<p><strong>Keresztféléves felvételi eljárásban:</strong> minden év <strong>november 15.</strong></p>
<p style="text-align: justify"><strong>Felvételi jelentkezés módja:</strong> Jelentkezni kizárólag az országos felsőoktatási felvételi rendszeren, <a href="https://www.felvi.hu/" target="_blank" rel="noopener">a felvi.hu</a>-n (E-felvételin) keresztül lehet. Az E-felvételi használatához első lépésként regisztrálni kell a felvi.hu oldalon.</p>
</div>
<div class="w-100">
<p><strong>További specifikus információk az adott képzések oldalain találhatók:</strong></p>
<ul style="list-style-type: square">
<li class="page_item page-item-21503 page_item_has_children"><strong><a href="https://semmelweis.hu/emk/oktatas/mesterkepzes/">Mesterképzéseink</a></strong>
<ul class="children" style="list-style-type: square">
<li class="page_item page-item-21489"><strong><a href="https://semmelweis.hu/emk/oktatas/mesterkepzes/egeszsegugyi-adattudomany-msc/">Egészségügyi adattudomány (AMSc)</a></strong></li>
<li class="page_item page-item-14568"><strong><a href="https://semmelweis.hu/emk/oktatas/mesterkepzes/egeszsegugyi-menedzser-msc/">Egészségügyi menedzser (EMSc)</a></strong></li>
<li class="page_item page-item-21553"><strong><a href="https://semmelweis.hu/emk/oktatas/mesterkepzes/egeszsegugyi-minosegugyi-es-betegbiztonsagi-menedzsment-msc/">Egészségügyi-minőségügyi és betegbiztonsági menedzsment (EMBM)</a></strong></li>
<li class="page_item page-item-23083"><strong><a href="https://semmelweis.hu/emk/oktatas/mesterkepzes/integralt-szocialis-szolgaltatasi-menedzsment-iszszm/">Integrált Szociális Szolgáltatási Menedzsment (ISZSZM)</a></strong></li>
</ul>
</li>
<li class="page_item page-item-18760 page_item_has_children"><strong><a href="https://semmelweis.hu/emk/oktatas/szakiranyu-tovabbkepzeseink/">Szakirányú továbbképzéseink</a></strong></li>
<li><strong><a href="https://semmelweis.hu/emk/oktatas/idegen-nyelvu-oktatas-kurzusaink/" target="_blank" rel="noopener">Nemzetközi kihelyezett képzések</a></strong></li>
<li><strong><a href="https://semmelweis.hu/emk/oktatas/kurzusaink-mas-karok-hallgatoi-szamara/">Kurzusaink más karok hallgatói számára</a></strong></li>
<li><strong><a href="https://semmelweis.hu/emk/oktatas/doktori-kepzes/">Doktori képzés</a></strong></li>
<li><strong><a href="https://semmelweis.hu/emk/szocialis-vezetokepzo-tudaskozpont/" target="_blank" rel="noopener">Jogszabály alapján indított képzések</a></strong></li>
<li><strong><a href="https://semmelweis.hu/emk/oktatas/treningek-es-tovabbkepzesek/" target="_blank" rel="noopener">Tréningek és továbbképzések</a></strong></li>
<li><strong><a href="https://semmelweis.hu/emk/oktatas/e-learning/" target="_blank" rel="noopener">E-learning továbbképzések</a></strong></li>
</ul>
</div>

<p>Ismerje meg mesterképzéseinket és a változatos képzési lehetőségeinket, és legyen részese annak a közösségnek, ahol a jövő egészségügyi és szociális szakemberei az EMK segítségével alakítják karrierjüket! Információk felvételizőknek Felvételi jelentkezés határideje: Az általános felvételi eljárásban: minden év február 15. Keresztféléves felvételi eljárásban: minden év november 15. Felvételi jelentkezés módja: Jelentkezni kizárólag az országos felsőoktatási felvételi &hellip;</p>
