{"id":20685,"date":"2023-04-14T14:18:55","date_gmt":"2023-04-14T12:18:55","guid":{"rendered":"https:\/\/semmelweis.hu\/emk\/?page_id=20685"},"modified":"2023-04-14T14:59:08","modified_gmt":"2023-04-14T12:59:08","slug":"europai-polgari-kezdemenyezes","status":"publish","type":"page","link":"https:\/\/semmelweis.hu\/emk\/dohanymentes-europaert-polgari-kezdemenyezes\/europai-polgari-kezdemenyezes\/","title":{"rendered":"Eur\u00f3pai polg\u00e1ri kezdem\u00e9nyez\u00e9s"},"content":{"rendered":"<p style=\"text-align: left\"><b><i>Mi is ez?<\/i><\/b><\/p>\n<p style=\"text-align: left\"><span style=\"font-weight: 400\">Az Eur\u00f3pai Uni\u00f3 polg\u00e1rainak 2012-t\u0151l joguk van k\u00f6zvetlen\u00fcl az Eur\u00f3pai Bizotts\u00e1ghoz fordulni <\/span><span style=\"font-weight: 400\">konkr\u00e9t jogalkot\u00e1si m\u00f3dos\u00edt\u00e1s el\u0151terjeszt\u00e9se \u00e9rdek\u00e9ben. Ezt az <\/span><span style=\"font-weight: 400\">eur\u00f3pai <\/span><span style=\"font-weight: 400\">polg\u00e1ri kezdem\u00e9nyez\u00e9sek \u00e1ltal tehetik meg az EU polg\u00e1rai.<\/span><\/p>\n<p style=\"text-align: left\"><b><i>Vegyen r\u00e9szt az \u00d6n \u00e9let\u00e9re is hat\u00e1ssal l\u00e9v\u0151 jogszab\u00e1lyok \u00e9s k\u00f6z\u00e9rdek\u0171 int\u00e9zked\u00e9sek kialak\u00edt\u00e1s\u00e1ban!\u00a0<\/i><\/b><\/p>\n<p style=\"text-align: left\"><span style=\"font-weight: 400\">Az eur\u00f3pai polg\u00e1ri kezdem\u00e9nyez\u00e9s egyed\u00fcl\u00e1ll\u00f3 m\u00f3dja annak, hogy az uni\u00f3s polg\u00e1rok ir\u00e1nyt szabjanak az EU j\u00f6v\u0151j\u00e9nek az\u00e1ltal, hogy fontos k\u00f6z\u00e9rdek\u0171 \u00fcgyekben az Eur\u00f3pai Bizotts\u00e1got jogszab\u00e1lyjavaslat beny\u00fajt\u00e1s\u00e1ra k\u00e9rik fel. Ha egy kezdem\u00e9nyez\u00e9st legal\u00e1bb egymilli\u00f3an t\u00e1mogatnak EU-szerte, a Bizotts\u00e1g d\u00f6nt arr\u00f3l, hogy milyen l\u00e9p\u00e9seket tegyen.<\/span><\/p>\n<p style=\"text-align: left\"><b><i>Folyamata l\u00e9p\u00e9sr\u0151l l\u00e9p\u00e9sre <a href=\"https:\/\/semmelweis.hu\/emk\/files\/2023\/04\/grafika.png\"><img loading=\"lazy\" decoding=\"async\" class=\"size-medium wp-image-20695 alignright\" src=\"https:\/\/semmelweis.hu\/emk\/files\/2023\/04\/grafika-400x242.png\" alt=\"\" width=\"400\" height=\"242\" srcset=\"https:\/\/semmelweis.hu\/emk\/files\/2023\/04\/grafika-400x242.png 400w, https:\/\/semmelweis.hu\/emk\/files\/2023\/04\/grafika.png 457w\" sizes=\"auto, (max-width: 400px) 100vw, 400px\" \/><\/a><\/i><\/b><\/p>\n<ol style=\"text-align: left\">\n<li><b>El\u0151k\u00e9sz\u00fclet<\/b><span style=\"font-weight: 400\">: L\u00e9tre kell hozni egy szervez\u0151i csoportot, amelynek legal\u00e1bb 7 tagja van, \u00e9s e 7 szem\u00e9ly mindegyike az EU m\u00e1s-m\u00e1s orsz\u00e1g\u00e1ban \u00e9l.\u00a0<\/span><\/li>\n<li style=\"font-weight: 400\"><b>A kezdem\u00e9nyez\u00e9s nyilv\u00e1ntart\u00e1sba v\u00e9tele<\/b><span style=\"font-weight: 400\">: Az al\u00e1\u00edr\u00e1sgy\u0171jt\u00e9s megkezd\u00e9se el\u0151tt k\u00e9rni kell az Eur\u00f3pai Bizotts\u00e1gt\u00f3l a kezdem\u00e9nyez\u00e9s nyilv\u00e1ntart\u00e1sba v\u00e9tel\u00e9t. A Bizotts\u00e1g csak akkor veszi nyilv\u00e1ntart\u00e1sba a kezdem\u00e9nyez\u00e9st, ha az megfelel a Bizotts\u00e1g \u00e1ltal el\u0151\u00edrt k\u00f6vetelm\u00e9nyeknek.\u00a0<\/span><\/li>\n<li style=\"font-weight: 400\"><b>T\u00e1mogat\u00f3 nyilatkozatok gy\u0171jt\u00e9se<\/b><span style=\"font-weight: 400\">: Legal\u00e1bb <\/span><b><i>egymilli\u00f3 t\u00e1mogat\u00f3 nyilatkozatot<\/i><\/b><span style=\"font-weight: 400\"> kell \u00f6sszegy\u0171jteni <\/span><b><i>1 \u00e9v alatt<\/i><\/b><span style=\"font-weight: 400\"> legal\u00e1bb 7 eur\u00f3pai uni\u00f3s orsz\u00e1gb\u00f3l, \u00e9s az egyes orsz\u00e1gokban \u00f6sszegy\u0171jt\u00f6tt t\u00e1mogat\u00f3 nyilatkozatok sz\u00e1m\u00e1nak el kell \u00e9rnie az <\/span><a href=\"https:\/\/europa.eu\/citizens-initiative\/thresholds_hu\"><span style=\"font-weight: 400\">adott orsz\u00e1gra vonatkoz\u00f3 k\u00fcsz\u00f6b\u00e9rt\u00e9ket<\/span><\/a><span style=\"font-weight: 400\"> (<strong>Magyarorsz\u00e1gon 14 805 nyilatkozat<\/strong>). A kezdem\u00e9nyez\u00e9s t\u00e1mogathat\u00f3 pap\u00edr alap\u00fa vagy online <\/span><b><i>formanyomtatv\u00e1ny kit\u00f6lt\u00e9s<\/i><\/b><span style=\"font-weight: 400\">\u00e9vel. A kezdem\u00e9nyez\u00e9st t\u00e1mogathatja, aki eur\u00f3pai uni\u00f3s \u00e1llampolg\u00e1r (az EU valamelyik orsz\u00e1g\u00e1nak \u00e1llampolg\u00e1ra) \u00e9s szavazhat az eur\u00f3pai parlamenti v\u00e1laszt\u00e1sokon (Magyarorsz\u00e1gon bet\u00f6lt\u00f6tte a 18. \u00e9let\u00e9v\u00e9t). A t\u00e1mogat\u00f3 nyilatkozat kit\u00f6lt\u00e9se sor\u00e1n meg kell adni a teljes nevet \u00e9s a szem\u00e9lyazonos\u00edt\u00f3 igazolv\u00e1ny vagy \u00fatlev\u00e9l sz\u00e1m\u00e1t.\u00a0<\/span><\/li>\n<li style=\"font-weight: 400\"><b>Az \u00f6sszegy\u0171jt\u00f6tt t\u00e1mogat\u00f3 nyilatkozatok ellen\u0151rz\u00e9se<\/b><span style=\"font-weight: 400\">: Ha a kezdem\u00e9nyez\u00e9s 1 \u00e9ves id\u0151tartama alatt siker\u00fclt \u00f6sszegy\u0171jteni az 1 milli\u00f3 t\u00e1mogat\u00f3 nyilatkozatot, akkor ezeket &#8211; \u00e1llampolg\u00e1rs\u00e1g szerint csoportos\u00edtva &#8211; <\/span><span style=\"font-weight: 400\">ellen\u0151rz\u00e9s \u00e9s igazol\u00e1s c\u00e9lj\u00e1b\u00f3l <\/span><span style=\"font-weight: 400\">a Szervez\u0151k 3 h\u00f3napon bel\u00fcl <\/span><span style=\"font-weight: 400\">beny\u00fajtj\u00e1k <\/span><span style=\"font-weight: 400\">az egyes EU tagorsz\u00e1gok <\/span><span style=\"font-weight: 400\">hat\u00e1sk\u00f6rrel rendelkez\u0151 nemzeti hat\u00f3s\u00e1gaihoz (Magyarorsz\u00e1gon a Nemzeti V\u00e1laszt\u00e1si Irod\u00e1hoz). A hat\u00f3s\u00e1goknak 3 h\u00f3napjuk van ellen\u0151rizni a t\u00e1mogat\u00f3 nyilatkozatok \u00e9rv\u00e9nyess\u00e9g\u00e9t, majd igazol\u00e1st \u00e1ll\u00edtanak ki az \u00e9rv\u00e9nyes nyilatkozatok sz\u00e1m\u00e1r\u00f3l.<\/span><\/li>\n<li style=\"font-weight: 400\"><b>A kezdem\u00e9nyez\u00e9s beny\u00fajt\u00e1sa<\/b><span style=\"font-weight: 400\">: A nemzeti hat\u00f3s\u00e1gok igazol\u00e1sainak be\u00e9rkez\u00e9s\u00e9t k\u00f6vet\u0151en a Szervez\u0151k 3 h\u00f3napon bel\u00fcl beny\u00fajtj\u00e1k a kezdem\u00e9nyez\u00e9st az Eur\u00f3pai Bizotts\u00e1g fel\u00e9.<\/span><\/li>\n<li style=\"font-weight: 400\"><b>A Bizotts\u00e1g v\u00e1lasza<\/b><span style=\"font-weight: 400\">: Beny\u00fajt\u00e1st k\u00f6vet\u0151en a Bizotts\u00e1g megkezdi a kezdem\u00e9nyez\u00e9s tartalmi vizsg\u00e1lat\u00e1t. Ennek sor\u00e1n a Szervez\u0151k tal\u00e1lkoznak a Bizotts\u00e1g k\u00e9pvisel\u0151ivel, hogy r\u00e9szletesen kifejthess\u00e9k a kezdem\u00e9nyez\u00e9s c\u00e9ljait, majd az Eur\u00f3pai Parlamentben nyilv\u00e1nos meghallgat\u00e1s keret\u00e9ben is bemutatj\u00e1k a kezdem\u00e9nyez\u00e9st. A beny\u00fajt\u00e1st k\u00f6vet\u0151 6 h\u00f3napon bel\u00fcl a Bizotts\u00e1g k\u00f6zli, milyen int\u00e9zked\u00e9st fog javasolni a kezdem\u00e9nyez\u00e9s\u00e9re v\u00e1laszk\u00e9ppen.\u00a0<\/span><\/li>\n<\/ol>\n<p style=\"text-align: left\"><b>Tov\u00e1bbi l\u00e9p\u00e9sek<\/b><span style=\"font-weight: 400\">: Ha a Bizotts\u00e1g \u00fagy \u00edt\u00e9li meg, hogy a kezdem\u00e9nyez\u00e9sre v\u00e1laszk\u00e9ppen indokolt jogszab\u00e1lyt alkotni, megkezdi az el\u0151k\u00e9sz\u00fcleteket a hivatalos<\/span><b><i> jogszab\u00e1lyjavaslat kidolgoz\u00e1s<\/i><\/b><span style=\"font-weight: 400\">\u00e1ra. A Bizotts\u00e1g nem k\u00f6teles minden esetben jogalkot\u00e1si javaslatot tenni. El\u0151fordulhat, hogy olyan <\/span><b><i>v\u00e1laszint\u00e9zked\u00e9sek<\/i><\/b><span style=\"font-weight: 400\">et tart a legink\u00e1bb c\u00e9lravezet\u0151nek, melyek nem j\u00e1rnak jogalkot\u00e1ssal. Sz\u00e1mos egy\u00e9b int\u00e9zked\u00e9s alkalmas lehet a k\u00e9rd\u00e9s kezel\u00e9s\u00e9re.<\/span><\/p>\n<p style=\"text-align: left\"><strong>Forr\u00e1s:<\/strong><\/p>\n<p style=\"text-align: left\"><a href=\"https:\/\/europa.eu\/citizens-initiative\/_hu\"><span style=\"font-weight: 400\">https:\/\/europa.eu\/citizens-initiative\/_hu<\/span><\/a><\/p>\n<p style=\"text-align: left\"><a href=\"https:\/\/europa.eu\/citizens-initiative\/how-it-works_hu#6-lepes-A-Bizottsag-valasza\"><span style=\"font-weight: 400\">https:\/\/europa.eu\/citizens-initiative\/how-it-works_hu#6-lepes-A-Bizottsag-valasza<\/span><\/a><\/p>\n","protected":false},"excerpt":{"rendered":"<p>Mi is ez? Az Eur\u00f3pai Uni\u00f3 polg\u00e1rainak 2012-t\u0151l joguk van k\u00f6zvetlen\u00fcl az Eur\u00f3pai Bizotts\u00e1ghoz fordulni konkr\u00e9t jogalkot\u00e1si m\u00f3dos\u00edt\u00e1s el\u0151terjeszt\u00e9se \u00e9rdek\u00e9ben. Ezt az eur\u00f3pai polg\u00e1ri kezdem\u00e9nyez\u00e9sek \u00e1ltal tehetik meg az EU polg\u00e1rai. Vegyen r\u00e9szt az \u00d6n \u00e9let\u00e9re is hat\u00e1ssal l\u00e9v\u0151 jogszab\u00e1lyok \u00e9s k\u00f6z\u00e9rdek\u0171 int\u00e9zked\u00e9sek kialak\u00edt\u00e1s\u00e1ban!\u00a0 Az eur\u00f3pai polg\u00e1ri kezdem\u00e9nyez\u00e9s egyed\u00fcl\u00e1ll\u00f3 m\u00f3dja annak, hogy az uni\u00f3s polg\u00e1rok &hellip;<\/p>\n","protected":false},"author":101539,"featured_media":0,"parent":20682,"menu_order":0,"comment_status":"closed","ping_status":"closed","template":"","meta":{"_acf_changed":false,"footnotes":""},"categories":[],"tags":[],"class_list":["post-20685","page","type-page","status-publish","hentry"],"acf":[],"_links":{"self":[{"href":"https:\/\/semmelweis.hu\/emk\/wp-json\/wp\/v2\/pages\/20685","targetHints":{"allow":["GET"]}}],"collection":[{"href":"https:\/\/semmelweis.hu\/emk\/wp-json\/wp\/v2\/pages"}],"about":[{"href":"https:\/\/semmelweis.hu\/emk\/wp-json\/wp\/v2\/types\/page"}],"author":[{"embeddable":true,"href":"https:\/\/semmelweis.hu\/emk\/wp-json\/wp\/v2\/users\/101539"}],"replies":[{"embeddable":true,"href":"https:\/\/semmelweis.hu\/emk\/wp-json\/wp\/v2\/comments?post=20685"}],"version-history":[{"count":9,"href":"https:\/\/semmelweis.hu\/emk\/wp-json\/wp\/v2\/pages\/20685\/revisions"}],"predecessor-version":[{"id":20700,"href":"https:\/\/semmelweis.hu\/emk\/wp-json\/wp\/v2\/pages\/20685\/revisions\/20700"}],"up":[{"embeddable":true,"href":"https:\/\/semmelweis.hu\/emk\/wp-json\/wp\/v2\/pages\/20682"}],"wp:attachment":[{"href":"https:\/\/semmelweis.hu\/emk\/wp-json\/wp\/v2\/media?parent=20685"}],"wp:term":[{"taxonomy":"category","embeddable":true,"href":"https:\/\/semmelweis.hu\/emk\/wp-json\/wp\/v2\/categories?post=20685"},{"taxonomy":"post_tag","embeddable":true,"href":"https:\/\/semmelweis.hu\/emk\/wp-json\/wp\/v2\/tags?post=20685"}],"curies":[{"name":"wp","href":"https:\/\/api.w.org\/{rel}","templated":true}]}}