{"id":20630,"date":"2023-03-24T14:35:15","date_gmt":"2023-03-24T13:35:15","guid":{"rendered":"https:\/\/semmelweis.hu\/emk\/?page_id=20630"},"modified":"2025-09-09T16:28:21","modified_gmt":"2025-09-09T14:28:21","slug":"ja-implemental","status":"publish","type":"page","link":"https:\/\/semmelweis.hu\/emk\/en\/projects\/closed-projects\/ja-implemental\/","title":{"rendered":"JA ImpleMental"},"content":{"rendered":"<p><strong>Joint Action to support best practice implementation in the area of mental health<\/strong><\/p>\n<p>JA ImpleMental<\/p>\n<p>2021.10.01 \u2013 2024.09.30<\/p>\n<p><strong>About the project<\/strong><\/p>\n<p style=\"text-align: justify\">The aim of the Joint Action is to support the Member States of the European Union in introducing best practices that develop and promote the mental health and well-being of the population and their care. In addition, a key objective is to ensure the effectiveness of mental health care through innovative solutions. The JA focuses on two best practices, a reform of the Belgian health care system and an Austrian best practice in the field of suicide prevention.<\/p>\n<p style=\"text-align: justify\">The aim of these best practices it to demonstrate to the Member States the development of innovative and sustainable mental health care systems and services, and the importance of multi-level prevention networks.<\/p>\n<p>The primary aspects of the work:<\/p>\n<ul>\n<li>Capacity building in healthcare<\/li>\n<li>Real and effective changes in the system<\/li>\n<li>Implementation of an integrated care model<\/li>\n<li>Cooperation between relevant stakeholders<\/li>\n<li>Increased guidance and cooperation between authorities at international, national and regional levels.<\/li>\n<\/ul>\n<p>The two best practices proposed for implementation are:<\/p>\n<ul>\n<li>Mental health care delivery system reform, Belgium: provision of demand-driven residential care, integrated and patient-centered mental health care.<\/li>\n<li>Suicide Prevention Austria, SUPRA: a multi-level suicide prevention program.<\/li>\n<\/ul>\n<p><strong>Members<\/strong><\/p>\n<p>Consortium leader: Ethnikos Organismos Dimosias Ygeias (National Public Health Organisation, Greece)<\/p>\n<p>Consortium members:<\/p>\n<ul>\n<li>AUSTRIAN FEDERAL MINISTRY OF SOCIAL AFFAIRS, HEALTH, CARE AND CONSUMER PROTECTION<\/li>\n<li>AUSTRIAN NATIONAL PUBLIC HEALTH INSTITUTE \u2013 GESUNDHEIT \u00d6STERREICH GMBH<\/li>\n<li>NATIONAL CENTER FOR PUBLIC HEALTH AND ANALYSIS<\/li>\n<li>CROATIAN INSTITUTE OF PUBLIC HEALTH<\/li>\n<li>MENTAL HEALTH SERVICES DIRECTORATE<\/li>\n<li>MINISTRY OF HEALTH OF THE CZECH REPUBLIC<\/li>\n<li>NATIONAL INSTITUTE FOR MENTAL HEALTH<\/li>\n<li>MINISTRY OF SOCIAL AFFAIRS<\/li>\n<li>NATIONAL INSTITUTE FOR HEALTH DEVELOPMENT<\/li>\n<li>FINNISH INSTITUTE FOR HEALTH AND WELFARE<\/li>\n<li>MINISTRY OF SOLIDARITY AND HEALTH<\/li>\n<li>INSERM<\/li>\n<li>FEDERAL CENTRE FOR HEALTH EDUCATION<\/li>\n<li>NATIONAL HEALTHCARE SERVICE CENTER1<\/li>\n<li>SEMMELWEIS UNIVERSITY \u2013 HEALTH SERVICES MANAGEMENT TRAINING CENTRE<\/li>\n<li>UNIVERSITY OF DEBRECEN \u2013 THE FACULTY OF PUBLIC HEALTH<\/li>\n<li>DIRECTORATE OF HEALTH IN ICELAND<\/li>\n<li>LOMBARDY REGION<\/li>\n<li>LOCAL HEALTH AUTHORITY OF LECCO<\/li>\n<li>MARIO NEGRI INSTITUTE FOR PHARMACOLOGICAL RESEARCH<\/li>\n<li>POLITECNICO DI MILANO UNIVERSITY<\/li>\n<li>FATEBENEFRATELLI CENTER \u201d SAINT JOHN OF GOD\u201d \u2013 BRESCIA<\/li>\n<li>BICOCCA UNIVERSITY, MILAN \u2013 DEPARTMENT OF STATISTICS AND QUANTITATIVE METHODS<\/li>\n<li>MINISTRY OF HEALTH OF THE REPUBLIC OF LITHUANIA<\/li>\n<li>MINISTRY FOR HEALTH \u2013 MENTAL HEALTH SERVICES<\/li>\n<li>TRIMBOS INSTITUTE<\/li>\n<li>MINISTRY OF HEALTH AND CARE SERVICES<\/li>\n<li>NORWEGIAN DIRECTORATE OF HEALTH<\/li>\n<li>NORWEGIAN INSTITUTE OF PUBLIC HEALTH<\/li>\n<li>INSTITUTE OF PUBLIC HEALTH OF SERBIA \u201cDR MILAN JOVANOVIC BATUT\u201d<\/li>\n<li>NACIONALNI IN\u0160TITUT ZA JAVNO ZDRAVJE \u2013 NATIONAL INSTITUTE OF PUBLIC HEALTH<\/li>\n<li>SERVICIO MURCIANO DE SALUD<\/li>\n<li>FUNDACI\u00d3N PARA LA FORMACI\u00d3N E INVESTIGACI\u00d3N SANITARIAS DE LA REGI\u00d3N DE MURCIA<\/li>\n<li>CONSEJER\u00cdA DE MUJER, IGUALDAD, LGTBI, FAMILIAS Y POL\u00cdTICA SOCIAL DE LA REGI\u00d3N DE MURCIA<\/li>\n<li>SERVICIO ANDALUZ DE SALUD<\/li>\n<li>FUNDACI\u00d3N P\u00daBLICA ANDALUZA PROGRESO Y SALUD<\/li>\n<li>SERVICIO NAVARRO DE SALUD-OSASUNBIDEA<\/li>\n<li>SERVICIO CATAL\u00c1N DE SALUD<\/li>\n<li>SERVICIO VASCO DE SALUD \u2013OSAKIDETZA<\/li>\n<li>SERVICIO MADRILE\u00d1O DE SALUD<\/li>\n<li>PUBLIC HEALTH AGENCY OF SWEDEN<\/li>\n<\/ul>\n<p><strong>HSMTC contact<\/strong><\/p>\n<p>Name: Szilvia \u00c1d\u00e1m, assistant professor<br \/>\n<span style=\"font-size: 1rem\">Phone: + 36 1 488 7613<br \/>\n<\/span>e-mail: <a href=\"mailto:adam.szilvia@emk.semmelweis.hu\" target=\"_blank\" rel=\"noopener\">adam.szilvia@emk.semmelweis.hu<\/a><br \/>\n<a href=\"https:\/\/ja-implemental.eu\/\" target=\"_blank\" rel=\"noopener\">https:\/\/ja-implemental.eu\/<\/a><\/p>\n","protected":false},"excerpt":{"rendered":"<p>Joint Action to support best practice implementation in the area of mental health JA ImpleMental 2021.10.01 \u2013 2024.09.30 About the project The aim of the Joint Action is to support the Member States of the European Union in introducing best practices that develop and promote the mental health and well-being of the population and their &hellip;<\/p>\n","protected":false},"author":101539,"featured_media":0,"parent":16038,"menu_order":0,"comment_status":"closed","ping_status":"closed","template":"","meta":{"_acf_changed":false,"footnotes":""},"categories":[],"tags":[988],"class_list":["post-20630","page","type-page","status-publish","hentry","tag-implemental-en"],"acf":[],"_links":{"self":[{"href":"https:\/\/semmelweis.hu\/emk\/wp-json\/wp\/v2\/pages\/20630","targetHints":{"allow":["GET"]}}],"collection":[{"href":"https:\/\/semmelweis.hu\/emk\/wp-json\/wp\/v2\/pages"}],"about":[{"href":"https:\/\/semmelweis.hu\/emk\/wp-json\/wp\/v2\/types\/page"}],"author":[{"embeddable":true,"href":"https:\/\/semmelweis.hu\/emk\/wp-json\/wp\/v2\/users\/101539"}],"replies":[{"embeddable":true,"href":"https:\/\/semmelweis.hu\/emk\/wp-json\/wp\/v2\/comments?post=20630"}],"version-history":[{"count":6,"href":"https:\/\/semmelweis.hu\/emk\/wp-json\/wp\/v2\/pages\/20630\/revisions"}],"predecessor-version":[{"id":25849,"href":"https:\/\/semmelweis.hu\/emk\/wp-json\/wp\/v2\/pages\/20630\/revisions\/25849"}],"up":[{"embeddable":true,"href":"https:\/\/semmelweis.hu\/emk\/wp-json\/wp\/v2\/pages\/16038"}],"wp:attachment":[{"href":"https:\/\/semmelweis.hu\/emk\/wp-json\/wp\/v2\/media?parent=20630"}],"wp:term":[{"taxonomy":"category","embeddable":true,"href":"https:\/\/semmelweis.hu\/emk\/wp-json\/wp\/v2\/categories?post=20630"},{"taxonomy":"post_tag","embeddable":true,"href":"https:\/\/semmelweis.hu\/emk\/wp-json\/wp\/v2\/tags?post=20630"}],"curies":[{"name":"wp","href":"https:\/\/api.w.org\/{rel}","templated":true}]}}