{"id":20543,"date":"2023-03-13T15:25:23","date_gmt":"2023-03-13T14:25:23","guid":{"rendered":"https:\/\/semmelweis.hu\/emk\/?page_id=20543"},"modified":"2026-02-06T12:25:15","modified_gmt":"2026-02-06T11:25:15","slug":"ja-heroes","status":"publish","type":"page","link":"https:\/\/semmelweis.hu\/emk\/szakertoi-tevekenyseg-projektek\/futo-projektek\/ja-heroes\/","title":{"rendered":"JA HEROES"},"content":{"rendered":"<p><strong>JA HEROES &#8211; Joint Action on HEalth woRkfOrce to meet health challEngeS (EU4Health Joint Action)<\/strong><\/p>\n<p>2023.02.01-2026.01.31<\/p>\n<p><strong>Projekt tartalma, c\u00e9lja:<\/strong><\/p>\n<p style=\"text-align: justify\">A HEROES egy\u00fcttes fell\u00e9p\u00e9s keret\u00e9ben a tag\u00e1llamok k\u00f6z\u00f6sen dolgoznak az eg\u00e9szs\u00e9g\u00fcgyi munkaer\u0151 tervez\u00e9s\u00e9nek fejleszt\u00e9s\u00e9n, a megfelel\u0151 sz\u00e1m\u00fa \u00e9s felk\u00e9sz\u00fclts\u00e9g\u0171 eg\u00e9szs\u00e9g\u00fcgyi emberi er\u0151forr\u00e1s biztos\u00edt\u00e1s\u00e1n. A projekt az eur\u00f3pai eg\u00e9szs\u00e9g\u00fcgyi munkaer\u0151-tervez\u00e9ssel \u00e9s -el\u0151rejelz\u00e9ssel kapcsolatos els\u0151 egy\u00fcttes fell\u00e9p\u00e9s folytat\u00e1sa, \u00e9s a <a href=\"http:\/\/healthworkforce.eu\/\">SEPEN &#8222;Az eg\u00e9szs\u00e9g\u00fcgyi munkaer\u0151-tervez\u00e9si \u00e9s -el\u0151rejelz\u00e9si szak\u00e9rt\u0151i h\u00e1l\u00f3zat t\u00e1mogat\u00e1sa&#8221; c\u00edm\u0171 projekt<\/a>\u00a0eredm\u00e9nyeib\u0151l is \u00e9p\u00edtkezik. A HEROES c\u00e9lja, hogy jav\u00edtsa az eur\u00f3pai orsz\u00e1gok eg\u00e9szs\u00e9g\u00fcgyi munkaer\u0151-tervez\u00e9si kapacit\u00e1s\u00e1t, \u00e9s ez\u00e1ltal biztos\u00edtsa az eg\u00e9szs\u00e9g\u00fcgyi szolg\u00e1ltat\u00e1sok hozz\u00e1f\u00e9rhet\u0151s\u00e9g\u00e9t, fenntarthat\u00f3s\u00e1g\u00e1t \u00e9s rugalmass\u00e1g\u00e1t.<\/p>\n<p style=\"text-align: justify\">A JA h\u00e1rom f\u0151 c\u00e9lkit\u0171z\u00e9ssel foglalkozik: 1) a HWF-tervez\u00e9shez haszn\u00e1lt adatok el\u00e9rhet\u0151s\u00e9g\u00e9nek, min\u0151s\u00e9g\u00e9nek jav\u00edt\u00e1sa; 2) hat\u00e9kony tervez\u00e9si modellek kialak\u00edt\u00e1sa 3) a HWF-tervez\u00e9ssel foglalkoz\u00f3 szakemberek felk\u00e9sz\u00edt\u00e9se.\u00a0<\/p>\n<p><strong>Projekt szerepl\u0151k<\/strong>:<\/p>\n<p>Projektvezet\u0151: AGENAS\u00a0(Olaszorsz\u00e1g)<\/p>\n<p style=\"text-align: justify\">Az EMK szerepe a projektben: A projektben Magyarorsz\u00e1got kompetens hat\u00f3s\u00e1gk\u00e9nt az Orsz\u00e1gos K\u00f3rh\u00e1zi F\u0151igazgat\u00f3s\u00e1g (OKF\u0150) k\u00e9pviseli, az EMK t\u00e1rsult partnerk\u00e9nt (affiliated entity) vesz r\u00e9szt, biztos\u00edtja a projekt honlapj\u00e1t \u00e9s ell\u00e1tja az adatok biztos\u00edt\u00e1s\u00e1val kapcsolatos feladat ir\u00e1ny\u00edt\u00f3i szerep\u00e9t (Task Leader).<\/p>\n<p>Tov\u00e1bbi konzorciumi tagok\/partnerek:<\/p>\n<ul>\n<li>Belgium &#8211; Sciensano<\/li>\n<li>Croatia &#8211; Croatian Institute of Public Health<\/li>\n<li>Czech Republic &#8211; The Ministry of Health of the Czech Republic<\/li>\n<li>Estonia &#8211; Ministry of Social Affairs<\/li>\n<li>Greece &#8211; Health Quality Assurance Organization<\/li>\n<li>Hungary &#8211; OKF\u0150<\/li>\n<li>Italy &#8211; Agenzia Nazionale per i Servizi Sanitari Regionali<\/li>\n<li>Lithuania &#8211; Ministry of Health<\/li>\n<li>Malta &#8211; Ministry of Health<\/li>\n<li>Netherlands &#8211; Capaciteitsorgaan<\/li>\n<li>Norway &#8211; The Norwegian Directorate of Health \u00a0<\/li>\n<li>Poland &#8211; Ministry of Health, \u00a0Analyses and Strategies Department<\/li>\n<li>Portugal &#8211; Administra\u00e7\u00e3o Central do Sistema de Sa\u00fade<\/li>\n<li>Romania &#8211; Ministry of Health<\/li>\n<li>Slovakia &#8211; Ministry of Health<\/li>\n<li>Slovenia &#8211; National Institute of Public Health<\/li>\n<li>Spain &#8211; Institut Catal\u00e0 de la Salut<\/li>\n<li>Sweden &#8211; The national board of health and welfare<\/li>\n<\/ul>\n<p><strong>EMK kontakt<\/strong>:<\/p>\n<p>n\u00e9v: <a href=\"https:\/\/semmelweis.hu\/emk\/oktatas\/munkatarsak-oktatoi-csapat\/cserhati-zoltan-dr\/\" target=\"_blank\" rel=\"noopener\">dr. Cserh\u00e1ti Zolt\u00e1n<\/a><\/p>\n<p>e-mail: <a href=\"mailto:cserhati.zoltan@emk.semmelweis.hu\">cserhati.zoltan@emk.semmelweis.hu<\/a><\/p>\n<p><strong>Weboldal<\/strong>: <a href=\"https:\/\/healthworkforce.eu\/\" target=\"_blank\" rel=\"noopener\">https:\/\/healthworkforce.eu\/<\/a><br \/>\n<strong>LinkedIN:<\/strong> h<a href=\"https:\/\/www.linkedin.com\/company\/ja-heroes\/\" target=\"_blank\" rel=\"noopener\">ttps:\/\/www.linkedin.com\/company\/ja-heroes\/<\/a><\/p>\n<p><img loading=\"lazy\" decoding=\"async\" class=\"aligncenter wp-image-25236 size-medium\" src=\"https:\/\/semmelweis.hu\/emk\/files\/2025\/06\/heroes_logo2-400x324.jpg\" alt=\"HEROES\" width=\"400\" height=\"324\" srcset=\"https:\/\/semmelweis.hu\/emk\/files\/2025\/06\/heroes_logo2-400x324.jpg 400w, https:\/\/semmelweis.hu\/emk\/files\/2025\/06\/heroes_logo2-1024x829.jpg 1024w, https:\/\/semmelweis.hu\/emk\/files\/2025\/06\/heroes_logo2-768x622.jpg 768w, https:\/\/semmelweis.hu\/emk\/files\/2025\/06\/heroes_logo2-753x610.jpg 753w, https:\/\/semmelweis.hu\/emk\/files\/2025\/06\/heroes_logo2.jpg 1376w\" sizes=\"auto, (max-width: 400px) 100vw, 400px\" \/><\/p>\n","protected":false},"excerpt":{"rendered":"<p>JA HEROES &#8211; Joint Action on HEalth woRkfOrce to meet health challEngeS (EU4Health Joint Action) 2023.02.01-2026.01.31 Projekt tartalma, c\u00e9lja: A HEROES egy\u00fcttes fell\u00e9p\u00e9s keret\u00e9ben a tag\u00e1llamok k\u00f6z\u00f6sen dolgoznak az eg\u00e9szs\u00e9g\u00fcgyi munkaer\u0151 tervez\u00e9s\u00e9nek fejleszt\u00e9s\u00e9n, a megfelel\u0151 sz\u00e1m\u00fa \u00e9s felk\u00e9sz\u00fclts\u00e9g\u0171 eg\u00e9szs\u00e9g\u00fcgyi emberi er\u0151forr\u00e1s biztos\u00edt\u00e1s\u00e1n. A projekt az eur\u00f3pai eg\u00e9szs\u00e9g\u00fcgyi munkaer\u0151-tervez\u00e9ssel \u00e9s -el\u0151rejelz\u00e9ssel kapcsolatos els\u0151 egy\u00fcttes fell\u00e9p\u00e9s folytat\u00e1sa, &hellip;<\/p>\n","protected":false},"author":101539,"featured_media":25236,"parent":15842,"menu_order":0,"comment_status":"closed","ping_status":"closed","template":"","meta":{"_acf_changed":false,"footnotes":""},"categories":[],"tags":[451],"class_list":["post-20543","page","type-page","status-publish","has-post-thumbnail","hentry","tag-heroes"],"acf":[],"_links":{"self":[{"href":"https:\/\/semmelweis.hu\/emk\/wp-json\/wp\/v2\/pages\/20543","targetHints":{"allow":["GET"]}}],"collection":[{"href":"https:\/\/semmelweis.hu\/emk\/wp-json\/wp\/v2\/pages"}],"about":[{"href":"https:\/\/semmelweis.hu\/emk\/wp-json\/wp\/v2\/types\/page"}],"author":[{"embeddable":true,"href":"https:\/\/semmelweis.hu\/emk\/wp-json\/wp\/v2\/users\/101539"}],"replies":[{"embeddable":true,"href":"https:\/\/semmelweis.hu\/emk\/wp-json\/wp\/v2\/comments?post=20543"}],"version-history":[{"count":7,"href":"https:\/\/semmelweis.hu\/emk\/wp-json\/wp\/v2\/pages\/20543\/revisions"}],"predecessor-version":[{"id":25237,"href":"https:\/\/semmelweis.hu\/emk\/wp-json\/wp\/v2\/pages\/20543\/revisions\/25237"}],"up":[{"embeddable":true,"href":"https:\/\/semmelweis.hu\/emk\/wp-json\/wp\/v2\/pages\/15842"}],"wp:featuredmedia":[{"embeddable":true,"href":"https:\/\/semmelweis.hu\/emk\/wp-json\/wp\/v2\/media\/25236"}],"wp:attachment":[{"href":"https:\/\/semmelweis.hu\/emk\/wp-json\/wp\/v2\/media?parent=20543"}],"wp:term":[{"taxonomy":"category","embeddable":true,"href":"https:\/\/semmelweis.hu\/emk\/wp-json\/wp\/v2\/categories?post=20543"},{"taxonomy":"post_tag","embeddable":true,"href":"https:\/\/semmelweis.hu\/emk\/wp-json\/wp\/v2\/tags?post=20543"}],"curies":[{"name":"wp","href":"https:\/\/api.w.org\/{rel}","templated":true}]}}