{"id":2007,"date":"2024-08-06T13:12:11","date_gmt":"2024-08-06T13:12:11","guid":{"rendered":"https:\/\/test.semmelweis.hu\/barmi\/?page_id=2007"},"modified":"2026-02-06T12:52:15","modified_gmt":"2026-02-06T11:52:15","slug":"frissen-felvett-hallgatoknak","status":"publish","type":"page","link":"https:\/\/semmelweis.hu\/emk\/hallgatoknak\/frissen-felvett-hallgatoknak\/","title":{"rendered":"Frissen felvett hallgat\u00f3knak"},"content":{"rendered":"<h2>Beiratkoz\u00e1s<\/h2>\n<p style=\"text-align: justify\"><span style=\"font-weight: 400\">Az eg\u00e9szs\u00e9g\u00fcgyi menedzser mesterk\u00e9pz\u00e9si szak, az <\/span>eg\u00e9szs\u00e9g\u00fcgyi adattudom\u00e1ny, valamint az integr\u00e1lt szoci\u00e1lis szolg\u00e1ltat\u00e1si menedzsment mesterk\u00e9pz\u00e9s hallgat\u00f3i sz\u00e1m\u00e1ra hamarosan meghirdetj\u00fck a beiratkoz\u00e1s pontos d\u00e1tum\u00e1t.\u00a0<\/p>\n<p style=\"text-align: justify\"><span style=\"font-weight: 400\">Helysz\u00edn: \u00a0Semmelweis Egyetem Eg\u00e9szs\u00e9g\u00fcgyi Menedzserk\u00e9pz\u0151 K\u00f6zpont, 1125 Budapest, K\u00fatv\u00f6lgyi \u00fat 2.<\/span><\/p>\n<p style=\"text-align: justify\"><span style=\"font-weight: 400\">Pontos megjelen\u00e9s\u00e9re felt\u00e9tlen\u00fcl sz\u00e1m\u00edtunk. <\/span><\/p>\n<div class=\"keretes w-100\" style=\"text-align: justify\">\n<p><span style=\"font-weight: 400\">Amennyiben 2024. szeptember 2-ig a 2024\/2025. tan\u00e9vre felv\u00e9telt nyert jelentkez\u0151 a beiratkoz\u00e1s lehet\u0151s\u00e9g\u00e9vel nem \u00e9l, a tanulm\u00e1nyok megkezd\u00e9s\u00e9re val\u00f3 jog\u00e1t elveszti.<\/span><\/p>\n<\/div>\n<p style=\"text-align: justify\"><span style=\"font-weight: 400\">Felh\u00edvjuk sz\u00edves figyelm\u00e9t, hogy a fels\u0151oktat\u00e1si t\u00f6rv\u00e9ny \u00e9rtelm\u00e9ben a hallgat\u00f3i jogviszony a beiratkoz\u00e1ssal j\u00f6n l\u00e9tre, <\/span><span style=\"font-weight: 400\">annak a hallgat\u00f3nak is be kell iratkozni, aki halasztani szeretn\u00e9 tanulm\u00e1nyainak megkezd\u00e9s\u00e9t.<\/span><span style=\"font-weight: 400\">\u00a0<\/span><\/p>\n<div class=\"fontos_div\" style=\"text-align: justify\">\n<p><strong>A beiratkoz\u00e1sra k\u00e9rj\u00fck, hozza mag\u00e1val az al\u00e1bbi dokumentumokat eredetiben \u00e9s 1 darab m\u00e1solati p\u00e9ld\u00e1nyban:<\/strong><\/p>\n<\/div>\n<ul style=\"text-align: justify\">\n<li><b>szem\u00e9lyi igazolv\u00e1ny\u00e1t \u00e9s lakc\u00edmk\u00e1rty\u00e1j\u00e1t<\/b><span style=\"font-weight: 400\"> (annak hi\u00e1ny\u00e1ban \u00fatlevel\u00e9t, k\u00e1rtya t\u00edpus\u00fa jogos\u00edtv\u00e1ny\u00e1t)<\/span><\/li>\n<li><b>ad\u00f3igazolv\u00e1ny\u00e1t \u00e9s TAJ k\u00e1rty\u00e1j\u00e1t<\/b><\/li>\n<li style=\"font-weight: 400\"><span style=\"font-weight: 400\">az e-mailben kik\u00fcld\u00f6tt t\u00e1j\u00e9koztat\u00f3hoz mell\u00e9kelt hallgat\u00f3i <\/span><b>Bizalmi nyilatkozatot<\/b><span style=\"font-weight: 400\"> kit\u00f6ltve \u00e9s al\u00e1\u00edrva<\/span><\/li>\n<li style=\"font-weight: 400\"><span style=\"font-weight: 400\">az e-mailben kik\u00fcld\u00f6tt t\u00e1j\u00e9koztat\u00f3hoz mell\u00e9kelt <\/span><b>adatkezel\u00e9si, adatv\u00e9delmi \u00e9s hozz\u00e1j\u00e1rul\u00f3 nyilatkozatot <\/b><span style=\"font-weight: 400\">kit\u00f6ltve \u00e9s al\u00e1\u00edrva<\/span><\/li>\n<li style=\"font-weight: 400\"><b>Oklevel<\/b><span style=\"font-weight: 400\">\u00e9t\/okleveleit<\/span><b>,<\/b><span style=\"font-weight: 400\"> amivel a jelentkez\u00e9s\u00e9t beadta<\/span><\/li>\n<li style=\"font-weight: 400\"><b>K\u00f6z\u00e9pfok\u00fa\/Fels\u0151fok\u00fa komplex \u00e9s\/vagy sz\u00f3beli \u00e9s\/vagy \u00edr\u00e1sbeli \u00e1llamilag akkredit\u00e1lt nyelvvizsga bizony\u00edtv\u00e1ny<\/b><span style=\"font-weight: 400\">\u00e1t\/bizony\u00edtv\u00e1nyait (amennyiben van)<\/span><\/li>\n<\/ul>\n<div class=\"fontos_div\" style=\"text-align: justify\">\n<p><strong>Az al\u00e1bbi dokumentumokat k\u00e9rj\u00fck, hogy kit\u00f6ltve 1 p\u00e9ld\u00e1nyban hozza mag\u00e1val:<\/strong><\/p>\n<\/div>\n<ul style=\"text-align: justify\">\n<li style=\"font-weight: 400\"><span style=\"font-weight: 400\">amennyiben sz\u00e1nd\u00e9k\u00e1ban \u00e1ll <\/span><b>kreditbefogad\u00e1st<\/b><span style=\"font-weight: 400\"> k\u00e9rni, \u00fagy az azzal kapcsolatos dokumentumokat (<\/span><span style=\"font-weight: 400\">hiteles\u00edtett<\/span><span style=\"font-weight: 400\"> oklev\u00e9lmell\u00e9klet- vagy index m\u00e1solat, <\/span><span style=\"font-weight: 400\">hiteles\u00edtett<\/span><span style=\"font-weight: 400\"> tant\u00e1rgyi tematika, tant\u00e1rgy befogad\u00e1si k\u00e9relem)<\/span><\/li>\n<li style=\"font-weight: 400\"><span style=\"font-weight: 400\">az e-mailben kik\u00fcld\u00f6tt t\u00e1j\u00e9koztat\u00f3hoz mell\u00e9kelt<\/span><b> fogadalom al\u00e1\u00edrva<\/b><\/li>\n<li style=\"font-weight: 400\"><span style=\"font-weight: 400\">az e-mailben kik\u00fcld\u00f6tt t\u00e1j\u00e9koztat\u00f3hoz mell\u00e9kelt<\/span><b> Alumni regisztr\u00e1ci\u00f3s lap <\/b><span style=\"font-weight: 400\">kit\u00f6ltve al\u00e1\u00edrva<\/span><\/li>\n<li style=\"font-weight: 400\"><b>beiratkoz\u00e1si<\/b> <b>lap<\/b><span style=\"font-weight: 400\"> A beiratkoz\u00e1s a BEIRATKOZ\u00c1SI LAP NEPTUN rendszerb\u0151l val\u00f3 kinyomtat\u00e1s\u00e1val (NEPTUN\/INFORM\u00c1CI\u00d3\/\u00c1LTAL\u00c1NOS NYOMTATV\u00c1NYOK) \u00e9s al\u00e1\u00edr\u00e1s\u00e1val kezdem\u00e9nyezhet\u0151.<\/span><\/li>\n<\/ul>\n<p style=\"text-align: justify\"><span style=\"font-weight: 400\">Amennyiben a beiratkoz\u00e1si lapon szerepl\u0151 adataiban a jelentkez\u00e9se \u00f3ta v\u00e1ltoz\u00e1s t\u00f6rt\u00e9nt, ezt a v\u00e1ltoz\u00e1s k\u00e9z\u00edr\u00e1ssal vezesse \u00e1t a beiratkoz\u00e1s el\u0151tt!<\/span><\/p>\n<hr \/>\n<p style=\"text-align: justify\"><strong>Tov\u00e1bbi hasznos oldalak:<\/strong><\/p>\n<ul style=\"list-style-type: square\">\n<li class=\"page_item page-item-14620\"><strong><a href=\"https:\/\/semmelweis.hu\/emk\/hallgatoknak\/neptun-2\/\" target=\"_blank\" rel=\"noopener\">Neptun<\/a><\/strong><\/li>\n<li class=\"page_item page-item-14623\"><strong><a href=\"https:\/\/semmelweis.hu\/emk\/hallgatoknak\/ettr-moodle\/\" target=\"_blank\" rel=\"noopener\">Moodle<\/a><\/strong><\/li>\n<li class=\"page_item page-item-15362\"><strong><a href=\"https:\/\/semmelweis.hu\/emk\/hallgatoknak\/letoltheto-dokumentumok\/\">Dokumentumok<\/a><\/strong><\/li>\n<li class=\"page_item page-item-14627\"><strong><a href=\"https:\/\/semmelweis.hu\/emk\/hallgatoknak\/kari-szabalyzatok\/\" target=\"_blank\" rel=\"noopener\">Kari szab\u00e1lyzatok<\/a><\/strong><\/li>\n<li class=\"page_item page-item-13800\"><strong><a href=\"https:\/\/semmelweis.hu\/emk\/hallgatoknak\/kepzesi-informaciok-konyvtar\/\">K\u00f6nyvt\u00e1r<\/a><\/strong><\/li>\n<li class=\"page_item page-item-23102\"><strong><a href=\"https:\/\/semmelweis.hu\/emk\/hallgatoknak\/tanev-rendje\/\" target=\"_blank\" rel=\"noopener\">Tan\u00e9v rendje<\/a><\/strong><\/li>\n<li class=\"page_item page-item-23104\"><strong><a href=\"https:\/\/semmelweis.hu\/emk\/hallgatoknak\/tanevkonyv\/\" target=\"_blank\" rel=\"noopener\">Tan\u00e9vk\u00f6nyv<\/a><\/strong><\/li>\n<li class=\"page_item page-item-19906\"><strong><a href=\"https:\/\/semmelweis.hu\/emk\/hallgatoknak\/tdk-temak\/\">Tehets\u00e9ggondoz\u00e1s \u2013 TDK t\u00e9m\u00e1k<\/a><\/strong><\/li>\n<li class=\"page_item page-item-17666\"><strong><a href=\"https:\/\/semmelweis.hu\/emk\/hallgatoknak\/oktatoi-munka-hallgatoi-velemenyezese\/\">Oktat\u00f3i munka hallgat\u00f3i v\u00e9lem\u00e9nyez\u00e9se<\/a><\/strong><\/li>\n<li class=\"page_item page-item-2025\"><strong><a href=\"https:\/\/semmelweis.hu\/emk\/hallgatoknak\/nemzetkozi-mobilitas\/\">Nemzetk\u00f6zi mobilit\u00e1s<\/a><\/strong><\/li>\n<li class=\"page_item page-item-14629\"><strong><a href=\"https:\/\/semmelweis.hu\/emk\/hallgatoknak\/diakhitel\/\" target=\"_blank\" rel=\"noopener\">Di\u00e1khitel<\/a><\/strong><\/li>\n<li class=\"page_item page-item-14625\"><strong><a href=\"https:\/\/semmelweis.hu\/emk\/hallgatoknak\/egeszsegugyi-kozszolgalati-kar\/\" target=\"_blank\" rel=\"noopener\">Eg\u00e9szs\u00e9g\u00fcgyi K\u00f6zszolg\u00e1lati Kar<\/a><\/strong><\/li>\n<li class=\"page_item page-item-2011\"><strong><a href=\"https:\/\/semmelweis.hu\/\">Egyetem<\/a><\/strong><\/li>\n<\/ul>\n","protected":false},"excerpt":{"rendered":"<p>Beiratkoz\u00e1s Az eg\u00e9szs\u00e9g\u00fcgyi menedzser mesterk\u00e9pz\u00e9si szak, az eg\u00e9szs\u00e9g\u00fcgyi adattudom\u00e1ny, valamint az integr\u00e1lt szoci\u00e1lis szolg\u00e1ltat\u00e1si menedzsment mesterk\u00e9pz\u00e9s hallgat\u00f3i sz\u00e1m\u00e1ra hamarosan meghirdetj\u00fck a beiratkoz\u00e1s pontos d\u00e1tum\u00e1t.\u00a0 Helysz\u00edn: \u00a0Semmelweis Egyetem Eg\u00e9szs\u00e9g\u00fcgyi Menedzserk\u00e9pz\u0151 K\u00f6zpont, 1125 Budapest, K\u00fatv\u00f6lgyi \u00fat 2. Pontos megjelen\u00e9s\u00e9re felt\u00e9tlen\u00fcl sz\u00e1m\u00edtunk. Amennyiben 2024. szeptember 2-ig a 2024\/2025. tan\u00e9vre felv\u00e9telt nyert jelentkez\u0151 a beiratkoz\u00e1s lehet\u0151s\u00e9g\u00e9vel nem \u00e9l, a &hellip;<\/p>\n","protected":false},"author":102350,"featured_media":0,"parent":1966,"menu_order":0,"comment_status":"closed","ping_status":"closed","template":"","meta":{"_acf_changed":false,"footnotes":""},"categories":[],"tags":[],"class_list":["post-2007","page","type-page","status-publish","hentry"],"acf":[],"_links":{"self":[{"href":"https:\/\/semmelweis.hu\/emk\/wp-json\/wp\/v2\/pages\/2007","targetHints":{"allow":["GET"]}}],"collection":[{"href":"https:\/\/semmelweis.hu\/emk\/wp-json\/wp\/v2\/pages"}],"about":[{"href":"https:\/\/semmelweis.hu\/emk\/wp-json\/wp\/v2\/types\/page"}],"author":[{"embeddable":true,"href":"https:\/\/semmelweis.hu\/emk\/wp-json\/wp\/v2\/users\/102350"}],"replies":[{"embeddable":true,"href":"https:\/\/semmelweis.hu\/emk\/wp-json\/wp\/v2\/comments?post=2007"}],"version-history":[{"count":3,"href":"https:\/\/semmelweis.hu\/emk\/wp-json\/wp\/v2\/pages\/2007\/revisions"}],"predecessor-version":[{"id":26762,"href":"https:\/\/semmelweis.hu\/emk\/wp-json\/wp\/v2\/pages\/2007\/revisions\/26762"}],"up":[{"embeddable":true,"href":"https:\/\/semmelweis.hu\/emk\/wp-json\/wp\/v2\/pages\/1966"}],"wp:attachment":[{"href":"https:\/\/semmelweis.hu\/emk\/wp-json\/wp\/v2\/media?parent=2007"}],"wp:term":[{"taxonomy":"category","embeddable":true,"href":"https:\/\/semmelweis.hu\/emk\/wp-json\/wp\/v2\/categories?post=2007"},{"taxonomy":"post_tag","embeddable":true,"href":"https:\/\/semmelweis.hu\/emk\/wp-json\/wp\/v2\/tags?post=2007"}],"curies":[{"name":"wp","href":"https:\/\/api.w.org\/{rel}","templated":true}]}}