{"id":18586,"date":"2021-02-24T17:09:53","date_gmt":"2021-02-24T16:09:53","guid":{"rendered":"https:\/\/semmelweis.hu\/emk\/?page_id=18586"},"modified":"2025-06-13T14:58:06","modified_gmt":"2025-06-13T12:58:06","slug":"x-ehealth","status":"publish","type":"page","link":"https:\/\/semmelweis.hu\/emk\/szakertoi-tevekenyseg-projektek\/lezart-projektek\/x-ehealth\/","title":{"rendered":"X-eHealth"},"content":{"rendered":"<p style=\"text-align: justify\"><strong>X-eHealth &#8211; eXchanging electronic Health Records in a commom framework<\/strong><\/p>\n<p style=\"text-align: justify\">H2020<\/p>\n<p style=\"text-align: justify\">2020.09.01. &#8211; 2022.08.31.<\/p>\n<p style=\"text-align: justify\"><strong>Projekt tartalma, c\u00e9lja:<\/strong><\/p>\n<p style=\"text-align: justify\">A projekt \u00e1tfog\u00f3 elk\u00e9pzel\u00e9se egy olyan integr\u00e1lt eg\u00e9szs\u00e9g\u00fcgyi folyamatokkal rendelkez\u0151 Eur\u00f3p\u00e1r\u00f3l sz\u00f3l, amelyben b\u00e1rmely eur\u00f3pai polg\u00e1r eg\u00e9szs\u00e9g\u00fcgyi nyilv\u00e1ntart\u00e1sa azonnal hozz\u00e1f\u00e9rhet\u0151 b\u00e1rmely tag\u00e1llamban, f\u00fcggetlen\u00fcl att\u00f3l, hogy Eur\u00f3p\u00e1ban hol kapja a beteg eg\u00e9szs\u00e9g\u00fcgyi ell\u00e1t\u00e1st, ahol minden eg\u00e9szs\u00e9g\u00fcgyi szakember teljes m\u00e9rt\u00e9kben meg\u00e9rti a beteg adatait az elektronikus eg\u00e9szs\u00e9g\u00fcgyi nyilv\u00e1ntart\u00e1s csere-form\u00e1tummal (EHRxF).<\/p>\n<p style=\"text-align: justify\">A konzorcium a k\u00e9t\u00e9ves projekt sor\u00e1n a jelenleg m\u0171k\u00f6d\u0151 eHDSI-t (Beteg-\u00f6sszefoglal\u00f3 \u00e9s e-recept \/ e-diszpenz\u00e1ci\u00f3s szolg\u00e1ltat\u00e1sok) k\u00edv\u00e1nja kiterjeszteni az EHRxF k\u00fcl\u00f6nf\u00e9le eml\u00edtett szolg\u00e1ltat\u00e1saira.<\/p>\n<p style=\"text-align: justify\">Ily m\u00f3don a projekt c\u00e9lja a nemzeti digit\u00e1lis eg\u00e9szs\u00e9g\u00fcgyi rendszerek interoper\u00e1bilit\u00e1s\u00e1nak \u00e9s biztons\u00e1g\u00e1nak fokoz\u00e1sa, valamint az eg\u00e9szs\u00e9g\u00fcgyi adatok hat\u00e1rokon \u00e1tny\u00fal\u00f3 biztons\u00e1gos cser\u00e9j\u00e9nek t\u00e1mogat\u00e1sa.<\/p>\n<p style=\"text-align: justify\"><strong>Projekt szerepl\u0151k<\/strong>:<\/p>\n<p style=\"text-align: justify\"><strong>Konzorciumvezet\u0151:<\/strong> SPMS \u2013 Servi\u00e7os Partilhados do Minist\u00e9rio da Sa\u00fade, EPE (Portugal)<\/p>\n<p style=\"text-align: justify\"><strong>EMK szerepv\u00e1llal\u00e1sa: <\/strong>konzorciumi tag<\/p>\n<p style=\"text-align: justify\"><strong>Tov\u00e1bbi konzorciumi tagok\/partnerek:<\/strong><\/p>\n<ul style=\"text-align: justify\">\n<li>ATNA &#8211; Bundesministerium f\u00fcr Arbeit, Soziales, Gesundheit und Konsumentenschutz (Austria)<\/li>\n<li>G\u00d6G &#8211; Austrian National Public Health Institute\u00a0 in German; Gesundheit \u00d6sterreich GmbH (Austria)<\/li>\n<li>FPS Health Be<strong> &#8211; <\/strong>FPS Health Belgium\u00a0(Belgium)<\/li>\n<li>IHE \u2013 EUR &#8211;<strong>\u00a0<\/strong>IHE-Europe (Belgium)<\/li>\n<li>HL7 Europe- HL7 International Foundation Europe (Belgium)<\/li>\n<li>NEN &#8211; Stichting Nederlands Normalisatie Instituut (The Netherlands)<\/li>\n<li>HZZO &#8211; Hrvatski zavod za zdravstveno osiguranje\u00a0 (Croatia)<\/li>\n<li>UCY &#8211; University of Cyprus\u00a0(Cyprus)<\/li>\n<li>MZCR\/NCEZ &#8211; National eHealth Centre, Ministry of Health of the Czech Republic (Czech Republic)<\/li>\n<li>Kraj Vyso\u010dina &#8211; Vyso\u010dina Region (Czech Republic)<\/li>\n<li>MSAE\/MoSA &#8211; Ministry of Social Affairs\/Health and Welfare Information Systems\u2018 Centre (Estonia)<\/li>\n<li>ANS &#8211; Agence du Num\u00e9rique en Sant\u00e9 (France)<\/li>\n<li>MoH-FR &#8211; Ministry of Solidarity and health\u00a0(France)<\/li>\n<li>DIMDI<strong> &#8211; <\/strong>German Institute of Medical Documentation and Information (Germany)<\/li>\n<li>GEMATIK &#8211; gematik GmbH\u00a0(Germany)<\/li>\n<li>TMF &#8211; Technology, Methods, and Infrastructure for Networked Medical Research (Germany)<\/li>\n<li>MoH-GR<strong> &#8211; <\/strong>Hellenic Ministry of Health (Greece)\u00a0<\/li>\n<li>AEEK\/NHSC<strong> &#8211; <\/strong>\u00c1llami Eg\u00e9szs\u00e9g\u00fcgyi Ell\u00e1t\u00f3 K\u00f6zpont\u00a0(Hungary)<\/li>\n<li>SE\/SU<strong> &#8211; <\/strong>SEMMELWEIS UNIVERSITY (Hungary)<\/li>\n<li>DoH-IE<strong> &#8211; <\/strong>Department of Health\u00a0(Ireland)<\/li>\n<li>AgID <strong>&#8211; <\/strong>Agenzia per l\u2019Italia Digitale\u00a0(Italy)<\/li>\n<li>ARIA<strong> &#8211; <\/strong>ARIA S.p.A. \u2013 Azienda Regionale per l\u2019Innovazione e gli Acquisti\u00a0(Italy)<\/li>\n<li>MIN SAL\/MoH IT<strong> &#8211; <\/strong>MINISTERO DELLA SALUTE (Italy)<\/li>\n<li>REGLOMB<strong> &#8211; <\/strong>Regione Lombardia (Italy)<\/li>\n<li>INT &#8211; Fondazione IRCCS Istituto Nazionale Tumori (Italy)<\/li>\n<li>NVD &#8211; National Health Service of the Republic of Latvia (Latvia)<\/li>\n<li>SAM\/MoH-LT &#8211; Ministry of Health of The Republic of Lithuania (Lithuania)<\/li>\n<li>NICTIZ\u00a0&#8211; Nationaal ICT Instituut in de Zorg (The Netherlands)<\/li>\n<li>NCZI &#8211; National Health Information Centre (Slovakia)<\/li>\n<li>NIJZ &#8211; Nacionalni in\u0161titut za javno zdravje (Slovenia)<\/li>\n<li>TICSALUT &#8211; FUNDACI\u00d3 TICSALUT\u00a0(Spain)<\/li>\n<li>Equalis AB &#8211; Equalis AB\u00a0(Sweden)<\/li>\n<li>SEHA\/eH. Ag. &#8211; Swedish eHealth Agency (E-h\u00e4lsomyndigheten), Sweden<\/li>\n<li>INSERM &#8211; French National Institute of Health and Medical Research (France)<\/li>\n<\/ul>\n<p style=\"text-align: justify\"><strong>EMK kontakt<\/strong>:<\/p>\n<p style=\"text-align: justify\">n\u00e9v: Kis M\u00e1rton<br \/>\ntelefon: 06\/1-488-7635<br \/>\ne-mail: kis.marton@emk.semmelweis.hu<\/p>\n","protected":false},"excerpt":{"rendered":"<p>X-eHealth &#8211; eXchanging electronic Health Records in a commom framework H2020 2020.09.01. &#8211; 2022.08.31. Projekt tartalma, c\u00e9lja: A projekt \u00e1tfog\u00f3 elk\u00e9pzel\u00e9se egy olyan integr\u00e1lt eg\u00e9szs\u00e9g\u00fcgyi folyamatokkal rendelkez\u0151 Eur\u00f3p\u00e1r\u00f3l sz\u00f3l, amelyben b\u00e1rmely eur\u00f3pai polg\u00e1r eg\u00e9szs\u00e9g\u00fcgyi nyilv\u00e1ntart\u00e1sa azonnal hozz\u00e1f\u00e9rhet\u0151 b\u00e1rmely tag\u00e1llamban, f\u00fcggetlen\u00fcl att\u00f3l, hogy Eur\u00f3p\u00e1ban hol kapja a beteg eg\u00e9szs\u00e9g\u00fcgyi ell\u00e1t\u00e1st, ahol minden eg\u00e9szs\u00e9g\u00fcgyi szakember teljes m\u00e9rt\u00e9kben &hellip;<\/p>\n","protected":false},"author":101539,"featured_media":0,"parent":15855,"menu_order":33,"comment_status":"closed","ping_status":"closed","template":"","meta":{"_acf_changed":false,"footnotes":""},"categories":[],"tags":[865],"class_list":["post-18586","page","type-page","status-publish","hentry","tag-x-ehealth"],"acf":[],"_links":{"self":[{"href":"https:\/\/semmelweis.hu\/emk\/wp-json\/wp\/v2\/pages\/18586","targetHints":{"allow":["GET"]}}],"collection":[{"href":"https:\/\/semmelweis.hu\/emk\/wp-json\/wp\/v2\/pages"}],"about":[{"href":"https:\/\/semmelweis.hu\/emk\/wp-json\/wp\/v2\/types\/page"}],"author":[{"embeddable":true,"href":"https:\/\/semmelweis.hu\/emk\/wp-json\/wp\/v2\/users\/101539"}],"replies":[{"embeddable":true,"href":"https:\/\/semmelweis.hu\/emk\/wp-json\/wp\/v2\/comments?post=18586"}],"version-history":[{"count":6,"href":"https:\/\/semmelweis.hu\/emk\/wp-json\/wp\/v2\/pages\/18586\/revisions"}],"predecessor-version":[{"id":25354,"href":"https:\/\/semmelweis.hu\/emk\/wp-json\/wp\/v2\/pages\/18586\/revisions\/25354"}],"up":[{"embeddable":true,"href":"https:\/\/semmelweis.hu\/emk\/wp-json\/wp\/v2\/pages\/15855"}],"wp:attachment":[{"href":"https:\/\/semmelweis.hu\/emk\/wp-json\/wp\/v2\/media?parent=18586"}],"wp:term":[{"taxonomy":"category","embeddable":true,"href":"https:\/\/semmelweis.hu\/emk\/wp-json\/wp\/v2\/categories?post=18586"},{"taxonomy":"post_tag","embeddable":true,"href":"https:\/\/semmelweis.hu\/emk\/wp-json\/wp\/v2\/tags?post=18586"}],"curies":[{"name":"wp","href":"https:\/\/api.w.org\/{rel}","templated":true}]}}

<p style="text-align: justify"><strong>X-eHealth &#8211; eXchanging electronic Health Records in a commom framework</strong></p>
<p style="text-align: justify">H2020</p>
<p style="text-align: justify">2020.09.01. &#8211; 2022.08.31.</p>
<p style="text-align: justify"><strong>Projekt tartalma, célja:</strong></p>
<p style="text-align: justify">A projekt átfogó elképzelése egy olyan integrált egészségügyi folyamatokkal rendelkező Európáról szól, amelyben bármely európai polgár egészségügyi nyilvántartása azonnal hozzáférhető bármely tagállamban, függetlenül attól, hogy Európában hol kapja a beteg egészségügyi ellátást, ahol minden egészségügyi szakember teljes mértékben megérti a beteg adatait az elektronikus egészségügyi nyilvántartás csere-formátummal (EHRxF).</p>
<p style="text-align: justify">A konzorcium a kétéves projekt során a jelenleg működő eHDSI-t (Beteg-összefoglaló és e-recept / e-diszpenzációs szolgáltatások) kívánja kiterjeszteni az EHRxF különféle említett szolgáltatásaira.</p>
<p style="text-align: justify">Ily módon a projekt célja a nemzeti digitális egészségügyi rendszerek interoperábilitásának és biztonságának fokozása, valamint az egészségügyi adatok határokon átnyúló biztonságos cseréjének támogatása.</p>
<p style="text-align: justify"><strong>Projekt szereplők</strong>:</p>
<p style="text-align: justify"><strong>Konzorciumvezető:</strong> SPMS – Serviços Partilhados do Ministério da Saúde, EPE (Portugal)</p>
<p style="text-align: justify"><strong>EMK szerepvállalása: </strong>konzorciumi tag</p>
<p style="text-align: justify"><strong>További konzorciumi tagok/partnerek:</strong></p>
<ul style="text-align: justify">
<li>ATNA &#8211; Bundesministerium für Arbeit, Soziales, Gesundheit und Konsumentenschutz (Austria)</li>
<li>GÖG &#8211; Austrian National Public Health Institute  in German; Gesundheit Österreich GmbH (Austria)</li>
<li>FPS Health Be<strong> &#8211; </strong>FPS Health Belgium (Belgium)</li>
<li>IHE – EUR &#8211;<strong> </strong>IHE-Europe (Belgium)</li>
<li>HL7 Europe- HL7 International Foundation Europe (Belgium)</li>
<li>NEN &#8211; Stichting Nederlands Normalisatie Instituut (The Netherlands)</li>
<li>HZZO &#8211; Hrvatski zavod za zdravstveno osiguranje  (Croatia)</li>
<li>UCY &#8211; University of Cyprus (Cyprus)</li>
<li>MZCR/NCEZ &#8211; National eHealth Centre, Ministry of Health of the Czech Republic (Czech Republic)</li>
<li>Kraj Vysočina &#8211; Vysočina Region (Czech Republic)</li>
<li>MSAE/MoSA &#8211; Ministry of Social Affairs/Health and Welfare Information Systems‘ Centre (Estonia)</li>
<li>ANS &#8211; Agence du Numérique en Santé (France)</li>
<li>MoH-FR &#8211; Ministry of Solidarity and health (France)</li>
<li>DIMDI<strong> &#8211; </strong>German Institute of Medical Documentation and Information (Germany)</li>
<li>GEMATIK &#8211; gematik GmbH (Germany)</li>
<li>TMF &#8211; Technology, Methods, and Infrastructure for Networked Medical Research (Germany)</li>
<li>MoH-GR<strong> &#8211; </strong>Hellenic Ministry of Health (Greece) </li>
<li>AEEK/NHSC<strong> &#8211; </strong>Állami Egészségügyi Ellátó Központ (Hungary)</li>
<li>SE/SU<strong> &#8211; </strong>SEMMELWEIS UNIVERSITY (Hungary)</li>
<li>DoH-IE<strong> &#8211; </strong>Department of Health (Ireland)</li>
<li>AgID <strong>&#8211; </strong>Agenzia per l’Italia Digitale (Italy)</li>
<li>ARIA<strong> &#8211; </strong>ARIA S.p.A. – Azienda Regionale per l’Innovazione e gli Acquisti (Italy)</li>
<li>MIN SAL/MoH IT<strong> &#8211; </strong>MINISTERO DELLA SALUTE (Italy)</li>
<li>REGLOMB<strong> &#8211; </strong>Regione Lombardia (Italy)</li>
<li>INT &#8211; Fondazione IRCCS Istituto Nazionale Tumori (Italy)</li>
<li>NVD &#8211; National Health Service of the Republic of Latvia (Latvia)</li>
<li>SAM/MoH-LT &#8211; Ministry of Health of The Republic of Lithuania (Lithuania)</li>
<li>NICTIZ &#8211; Nationaal ICT Instituut in de Zorg (The Netherlands)</li>
<li>NCZI &#8211; National Health Information Centre (Slovakia)</li>
<li>NIJZ &#8211; Nacionalni inštitut za javno zdravje (Slovenia)</li>
<li>TICSALUT &#8211; FUNDACIÓ TICSALUT (Spain)</li>
<li>Equalis AB &#8211; Equalis AB (Sweden)</li>
<li>SEHA/eH. Ag. &#8211; Swedish eHealth Agency (E-hälsomyndigheten), Sweden</li>
<li>INSERM &#8211; French National Institute of Health and Medical Research (France)</li>
</ul>
<p style="text-align: justify"><strong>EMK kontakt</strong>:</p>
<p style="text-align: justify">név: Kis Márton<br />
telefon: 06/1-488-7635<br />
e-mail: kis.marton@emk.semmelweis.hu</p>

<p>X-eHealth &#8211; eXchanging electronic Health Records in a commom framework H2020 2020.09.01. &#8211; 2022.08.31. Projekt tartalma, célja: A projekt átfogó elképzelése egy olyan integrált egészségügyi folyamatokkal rendelkező Európáról szól, amelyben bármely európai polgár egészségügyi nyilvántartása azonnal hozzáférhető bármely tagállamban, függetlenül attól, hogy Európában hol kapja a beteg egészségügyi ellátást, ahol minden egészségügyi szakember teljes mértékben &hellip;</p>
