{"id":18567,"date":"2021-02-24T16:43:30","date_gmt":"2021-02-24T15:43:30","guid":{"rendered":"https:\/\/semmelweis.hu\/emk\/?page_id=18567"},"modified":"2025-06-05T14:22:33","modified_gmt":"2025-06-05T12:22:33","slug":"jade-care","status":"publish","type":"page","link":"https:\/\/semmelweis.hu\/emk\/szakertoi-tevekenyseg-projektek\/lezart-projektek\/jade-care\/","title":{"rendered":"JADE Care"},"content":{"rendered":"<p style=\"text-align: justify\"><strong>JADE Care &#8211; Joint Action on the implementation of digitally enabled integrated person-centred care<\/strong><\/p>\n<p style=\"text-align: justify\">JA-03-2019<\/p>\n<p style=\"text-align: justify\">2020.10.01.- 2023.09.30.<\/p>\n<p style=\"text-align: justify\"><strong>Projekt tartalma, c\u00e9lja:<\/strong><\/p>\n<p style=\"text-align: justify\">A projekt c\u00e9lja a kr\u00f3nikus \u00e1pol\u00e1s, integr\u00e1lt, betegk\u00f6zpont\u00fa ell\u00e1t\u00e1s er\u0151s\u00edt\u00e9se, amit az egy\u00fcttes fell\u00e9p\u00e9s (tov\u00e1bbiakban: JADECARE) az al\u00e1bbi ter\u00fcleteken megval\u00f3sul\u00f3 fejleszt\u00e9seken kereszt\u00fcl hivatott el\u00e9rni \u2013az Eg\u00e9szs\u00e9g\u00fcgyi Programban kor\u00e1bban erre a c\u00e9lra kiv\u00e1lasztott \u2013 4 j\u00f3 gyakorlat megismer\u00e9s\u00e9vel \u00e9s alkalmaz\u00e1s\u00e1val:<\/p>\n<ul style=\"text-align: justify\">\n<li>A megl\u00e9v\u0151 ell\u00e1t\u00e1si form\u00e1k \u00e1tszervez\u00e9se, v\u00e1ltoz\u00e1skezel\u00e9s;<\/li>\n<li>A digit\u00e1lis technol\u00f3gi\u00e1k \u00e9s eszk\u00f6z\u00f6k be\u00e9p\u00edt\u00e9se az ell\u00e1t\u00e1si szolg\u00e1ltat\u00e1sokba;<\/li>\n<li>A betegutak \u00fajraszervez\u00e9se;<\/li>\n<li>Az eg\u00e9szs\u00e9g\u00fcgyi munkaer\u0151 szerep\u00e9nek \u00e9s sz\u00fcks\u00e9ges k\u00e9szs\u00e9geinek \u00fajragondol\u00e1sa a digit\u00e1lis technol\u00f3gi\u00e1k \u00e9s adatok t\u00fckr\u00e9ben;<\/li>\n<li>Kapacit\u00e1steremt\u00e9s az ell\u00e1t\u00e1si folyamatban val\u00f3 egy\u00e9ni \u00e9s k\u00f6z\u00f6ss\u00e9gi szint\u0171 fokozott r\u00e9szv\u00e9tel \u00e9rdek\u00e9ben;<\/li>\n<li>A lakoss\u00e1g \u00e9rz\u00e9keny\u00edt\u00e9se ;<\/li>\n<li>A beteg \u00e1ltal jelentett adatok felhaszn\u00e1l\u00e1sa;<\/li>\n<li>\u00daj finansz\u00edroz\u00e1si, fizet\u00e9si m\u00f3dok;<\/li>\n<li>Az \u00faj ell\u00e1t\u00e1si modellek teljes\u00edtm\u00e9ny\u00e9rt\u00e9kel\u00e9se.<\/li>\n<\/ul>\n<p style=\"text-align: justify\">Mindezek el\u00e9r\u00e9s\u00e9hez a tag\u00e1llamok 1-1 nemzeti pilotot is megval\u00f3s\u00edtanak a nemzetk\u00f6zi legjobb gyakorlatok (egyes elemeinek) \u00e1tv\u00e9tel\u00e9vel, majd f\u0151 eredm\u00e9nyterm\u00e9kk\u00e9nt \u2013 a nemzeti saj\u00e1toss\u00e1gok \u00e9s a pilotok tapasztatainak figyelembe v\u00e9tele mellett \u2013 k\u00f6z\u00f6s, uni\u00f3s szint\u0171 szakpolitikai aj\u00e1nl\u00e1st fogalmaznak meg a kiterjeszt\u00e9sre. (Ennek jelent\u0151s\u00e9ge, hogy, elfogad\u00e1st k\u00f6vet\u0151en hivatkoz\u00e1si alapp\u00e1 v\u00e1lnak finansz\u00edroz\u00e1si forr\u00e1sok felhaszn\u00e1l\u00e1s\u00e1hoz, pl. operat\u00edv program tervez\u00e9s\u00e9hez, p\u00e1ly\u00e1zati konstrukci\u00f3k megnyit\u00e1s\u00e1hoz illetve p\u00e1ly\u00e1zatok (t\u00e1mogat\u00e1si k\u00e9relmek) megalapoz\u00e1s\u00e1hoz.<\/p>\n<p style=\"text-align: justify\">Az EMK a projekt eredm\u00e9nyeinek k\u00f6zz\u00e9t\u00e9tel\u00e9\u00e9rt, fenntarthat\u00f3s\u00e1g\u00e1nak megalapoz\u00e1s\u00e1\u00e9rt felel\u0151s t\u00f6bb tag\u00e1llammal k\u00f6z\u00f6sen a WP2 t\u00e1rsvezet\u0151jek\u00e9nt.<\/p>\n<p style=\"text-align: justify\"><strong>Projekt szerepl\u0151k<\/strong>:<\/p>\n<p style=\"text-align: justify\"><strong>Konzorciumvezet\u0151:<\/strong> ASOCIACI\u00d3N INSTITUTO DE INVESTIGACI\u00d3N EN SERVICIOS DE SALUD-KRONIKGUNE<\/p>\n<p style=\"text-align: justify\"><strong>EMK szerepv\u00e1llal\u00e1sa: <\/strong>konzorciumi tag<\/p>\n<p style=\"text-align: justify\"><strong>Tov\u00e1bbi konzorciumi tagok\/partnerek:<\/strong><\/p>\n<ul style=\"text-align: justify\">\n<li>ASOCIACI\u00d3N INSTITUTO DE INVESTIGACI\u00d3N EN SERVICIOS DE SALUD-KRONIKGUNE<\/li>\n<li>MINISTRY OF CIVIL AFFAIRS<\/li>\n<li>HRVATSKI ZAVOD ZA JAVNO ZDRAVSTVO<\/li>\n<li>MINISTERSTVO ZDRAVOTNICTVI CESKE REPUBLIKY<\/li>\n<li>REGION NORDJYLLAND (NORTH DENMARK REGION)<\/li>\n<li>SOTSIAALMINISTEERIUM<\/li>\n<li>EUROMETROPOLE DE STRASBOURG<\/li>\n<li>BEHORDE FUR GESUNDHEIT UND VERBRAUCHERSCHUTZ HAMBURG<\/li>\n<li>4I DIOIKISI YGEIONOMIKIS PERIFEREIAS MAKEDONIAS KAI THRAKIS<\/li>\n<li>\u00c1LLAMI EG\u00c9SZS\u00c9G\u00dcGYI ELL\u00c1T\u00d3 K\u00d6ZPONT<\/li>\n<li>AGENZIA NAZIONALE PER I SERVIZI SANITARI REGIONALI<\/li>\n<li>BERNU KLINISKA UNIVERSITATES SLIMNICA VALSTS SIA<\/li>\n<li>LIETUVOS RESPUBLIKOS SVEIKATOS APSAUGOS MINISTERIJA<\/li>\n<li>INSTYTUT MEDYCYNY WSI IM WITOLDA CHODZKI<\/li>\n<li>ADMINISTRACAO CENTRAL DO SISTEMA DESAUDE IP<\/li>\n<li>NATIONAL HEALTH INSURANCE HOUSE<\/li>\n<li>MINISTRY OF HEALTH OF REPUBLIC OF SERBIA<\/li>\n<li>NACIONALNI INSTITUT ZA JAVNO ZDRAVJE<\/li>\n<li>REGIONAL HEALTH AND SOCIAL CARE BOARD<\/li>\n<\/ul>\n<p style=\"text-align: justify\"><strong>EMK kontakt<\/strong>:<\/p>\n<p style=\"text-align: justify\">n\u00e9v: Kis M\u00e1rton<br \/>\ntelefon: 06\/1-488-7635<br \/>\ne-mail: <a href=\"kis.marton@emk.semmelweis.hu\">kis.marton@emk.semmelweis.hu<\/a><\/p>\n","protected":false},"excerpt":{"rendered":"<p>JADE Care &#8211; Joint Action on the implementation of digitally enabled integrated person-centred care JA-03-2019 2020.10.01.- 2023.09.30. Projekt tartalma, c\u00e9lja: A projekt c\u00e9lja a kr\u00f3nikus \u00e1pol\u00e1s, integr\u00e1lt, betegk\u00f6zpont\u00fa ell\u00e1t\u00e1s er\u0151s\u00edt\u00e9se, amit az egy\u00fcttes fell\u00e9p\u00e9s (tov\u00e1bbiakban: JADECARE) az al\u00e1bbi ter\u00fcleteken megval\u00f3sul\u00f3 fejleszt\u00e9seken kereszt\u00fcl hivatott el\u00e9rni \u2013az Eg\u00e9szs\u00e9g\u00fcgyi Programban kor\u00e1bban erre a c\u00e9lra kiv\u00e1lasztott \u2013 4 j\u00f3 &hellip;<\/p>\n","protected":false},"author":101539,"featured_media":0,"parent":15855,"menu_order":5,"comment_status":"closed","ping_status":"closed","template":"","meta":{"_acf_changed":false,"footnotes":""},"categories":[],"tags":[805],"class_list":["post-18567","page","type-page","status-publish","hentry","tag-jade-care"],"acf":[],"_links":{"self":[{"href":"https:\/\/semmelweis.hu\/emk\/wp-json\/wp\/v2\/pages\/18567","targetHints":{"allow":["GET"]}}],"collection":[{"href":"https:\/\/semmelweis.hu\/emk\/wp-json\/wp\/v2\/pages"}],"about":[{"href":"https:\/\/semmelweis.hu\/emk\/wp-json\/wp\/v2\/types\/page"}],"author":[{"embeddable":true,"href":"https:\/\/semmelweis.hu\/emk\/wp-json\/wp\/v2\/users\/101539"}],"replies":[{"embeddable":true,"href":"https:\/\/semmelweis.hu\/emk\/wp-json\/wp\/v2\/comments?post=18567"}],"version-history":[{"count":4,"href":"https:\/\/semmelweis.hu\/emk\/wp-json\/wp\/v2\/pages\/18567\/revisions"}],"predecessor-version":[{"id":25252,"href":"https:\/\/semmelweis.hu\/emk\/wp-json\/wp\/v2\/pages\/18567\/revisions\/25252"}],"up":[{"embeddable":true,"href":"https:\/\/semmelweis.hu\/emk\/wp-json\/wp\/v2\/pages\/15855"}],"wp:attachment":[{"href":"https:\/\/semmelweis.hu\/emk\/wp-json\/wp\/v2\/media?parent=18567"}],"wp:term":[{"taxonomy":"category","embeddable":true,"href":"https:\/\/semmelweis.hu\/emk\/wp-json\/wp\/v2\/categories?post=18567"},{"taxonomy":"post_tag","embeddable":true,"href":"https:\/\/semmelweis.hu\/emk\/wp-json\/wp\/v2\/tags?post=18567"}],"curies":[{"name":"wp","href":"https:\/\/api.w.org\/{rel}","templated":true}]}}