{"id":18460,"date":"2021-02-03T09:48:38","date_gmt":"2021-02-03T08:48:38","guid":{"rendered":"https:\/\/semmelweis.hu\/emk\/?page_id=18460"},"modified":"2023-11-06T11:27:25","modified_gmt":"2023-11-06T10:27:25","slug":"alapvezetokepzes","status":"publish","type":"page","link":"https:\/\/semmelweis.hu\/emk\/alapvezetokepzes\/","title":{"rendered":"Alapvezet\u0151k\u00e9pz\u00e9s"},"content":{"rendered":"<p style=\"font-weight: 400\"><strong>Alap: <\/strong><\/p>\n<p style=\"font-weight: 400\"><strong style=\"font-size: 1rem\">45. csoport<\/strong><\/p>\n<p>1. K\u00c9PZ\u00c9SI NAP: 2021.03.11. &#8211; 10:00<\/p>\n<p>2. K\u00c9PZ\u00c9SI NAP: 2021.03.25. &#8211; 10:00<\/p>\n<p>3. K\u00c9PZ\u00c9SI NAP: 2021.04.08. &#8211; 10:00<\/p>\n<p>4. K\u00c9PZ\u00c9SI NAP: 2021.04.22. &#8211; 10:00<\/p>\n<p>5. K\u00c9PZ\u00c9SI NAP: 2021.05.06. &#8211; 10:00<\/p>\n<p>&nbsp;<\/p>\n<p><strong>46. csoport<\/strong><\/p>\n<p><span style=\"color: #ff0000\">1. K\u00c9PZ\u00c9SI NAP: 2021.03.16. &#8211; 10:00 \u2013 (m\u00e1rcius 15. h\u00e9tf\u0151 helyett)<\/span><\/p>\n<p>2. K\u00c9PZ\u00c9SI NAP: 2021.03.29. &#8211; 10:00<\/p>\n<p>3. K\u00c9PZ\u00c9SI NAP: 2021.04.12. &#8211; 10:00<\/p>\n<p>4. K\u00c9PZ\u00c9SI NAP: 2021.04.26. &#8211; 10:00<\/p>\n<p>5. K\u00c9PZ\u00c9SI NAP: 2021.05.10. &#8211; 10:00<\/p>\n<p>&nbsp;<\/p>\n<p>&nbsp;<\/p>\n","protected":false},"excerpt":{"rendered":"<p>Alap: 45. csoport 1. K\u00c9PZ\u00c9SI NAP: 2021.03.11. &#8211; 10:00 2. K\u00c9PZ\u00c9SI NAP: 2021.03.25. &#8211; 10:00 3. K\u00c9PZ\u00c9SI NAP: 2021.04.08. &#8211; 10:00 4. K\u00c9PZ\u00c9SI NAP: 2021.04.22. &#8211; 10:00 5. K\u00c9PZ\u00c9SI NAP: 2021.05.06. &#8211; 10:00 &nbsp; 46. csoport 1. K\u00c9PZ\u00c9SI NAP: 2021.03.16. &#8211; 10:00 \u2013 (m\u00e1rcius 15. h\u00e9tf\u0151 helyett) 2. K\u00c9PZ\u00c9SI NAP: 2021.03.29. &#8211; 10:00 3. K\u00c9PZ\u00c9SI &hellip;<\/p>\n","protected":false},"author":101742,"featured_media":0,"parent":0,"menu_order":0,"comment_status":"closed","ping_status":"closed","template":"","meta":{"_acf_changed":false,"footnotes":""},"categories":[],"tags":[],"class_list":["post-18460","page","type-page","status-publish","hentry"],"acf":[],"_links":{"self":[{"href":"https:\/\/semmelweis.hu\/emk\/wp-json\/wp\/v2\/pages\/18460","targetHints":{"allow":["GET"]}}],"collection":[{"href":"https:\/\/semmelweis.hu\/emk\/wp-json\/wp\/v2\/pages"}],"about":[{"href":"https:\/\/semmelweis.hu\/emk\/wp-json\/wp\/v2\/types\/page"}],"author":[{"embeddable":true,"href":"https:\/\/semmelweis.hu\/emk\/wp-json\/wp\/v2\/users\/101742"}],"replies":[{"embeddable":true,"href":"https:\/\/semmelweis.hu\/emk\/wp-json\/wp\/v2\/comments?post=18460"}],"version-history":[{"count":2,"href":"https:\/\/semmelweis.hu\/emk\/wp-json\/wp\/v2\/pages\/18460\/revisions"}],"predecessor-version":[{"id":18706,"href":"https:\/\/semmelweis.hu\/emk\/wp-json\/wp\/v2\/pages\/18460\/revisions\/18706"}],"wp:attachment":[{"href":"https:\/\/semmelweis.hu\/emk\/wp-json\/wp\/v2\/media?parent=18460"}],"wp:term":[{"taxonomy":"category","embeddable":true,"href":"https:\/\/semmelweis.hu\/emk\/wp-json\/wp\/v2\/categories?post=18460"},{"taxonomy":"post_tag","embeddable":true,"href":"https:\/\/semmelweis.hu\/emk\/wp-json\/wp\/v2\/tags?post=18460"}],"curies":[{"name":"wp","href":"https:\/\/api.w.org\/{rel}","templated":true}]}}