{"id":18256,"date":"2020-12-17T11:04:50","date_gmt":"2020-12-17T10:04:50","guid":{"rendered":"https:\/\/semmelweis.hu\/emk\/?page_id=18256"},"modified":"2021-01-18T14:32:50","modified_gmt":"2021-01-18T13:32:50","slug":"az-entermode-gyakornoki-program-bevezetese","status":"publish","type":"page","link":"https:\/\/semmelweis.hu\/emk\/szakertoi-tevekenyseg-projektek\/lezart-projektek\/entermode\/az-entermode-gyakornoki-program-bevezetese\/","title":{"rendered":"Az EnterMode gyakornoki program bevezet\u00e9se"},"content":{"rendered":"<p>A gyakornoki program bevezet\u00e9se \u00e9s el\u0151k\u00e9sz\u00fcletei a projekt sor\u00e1n a fels\u0151oktat\u00e1si int\u00e9zm\u00e9nyek felel\u0151ss\u00e9ge, jelen esetben a Semmelweis Egyetem Eg\u00e9szs\u00e9g\u00fcgyi Menedzserk\u00e9pz\u0151 K\u00f6zpont koordin\u00e1lja.<\/p>\n<p>A gyakornokokat fogad\u00f3 v\u00e1llalatok felk\u00e9r\u00e9s alapj\u00e1n ker\u00fcltek kiv\u00e1laszt\u00e1sra. A felh\u00edv\u00e1s ut\u00e1n \u00f6ssze\u00e1llt azon v\u00e1llalatok list\u00e1ja, akik sz\u00edvesen alkalmazz\u00e1k a javasolt EnterMode m\u00f3dszertant annak \u00e9rdek\u00e9ben, hogy nyissanak egy \u00fajfajta szeml\u00e9letm\u00f3d ir\u00e1ny\u00e1ba \u00e9s fejlessz\u00e9k gyakornokaik v\u00e1llalkoz\u00f3i kompetenci\u00e1it. A fogad\u00f3helyek &#8211; b\u00e1r mindegyik az eg\u00e9szs\u00e9g\u00fcgyh\u00f6z kapcsol\u00f3dik &#8211; elt\u00e9r\u0151 szervezeti form\u00e1val rendelkeznek, van k\u00f6z\u00f6tt\u00fck start-up, mag\u00e1nklinika \u00e9s alap\u00edtv\u00e1ny is.<\/p>\n<p>A c\u00e9gek felk\u00e9r\u00e9s\u00e9vel p\u00e1rhuzamosan az EnterMode programban r\u00e9sztvev\u0151 hallgat\u00f3k toborz\u00e1sa is megkezd\u0151d\u00f6tt. A hallgat\u00f3k a v\u00e1llalatokkal egyeztetett specifikus krit\u00e9riumok alapj\u00e1n, online interj\u00fak sor\u00e1n ker\u00fcltek kiv\u00e1laszt\u00e1sra.<\/p>\n<p>A h\u00e1rom fogad\u00f3helyre k\u00f6zel h\u00fasz Semmelweis Egyetemen tanul\u00f3 di\u00e1k jelentkezett, k\u00f6z\u00fcl\u00fck h\u00e1rom hallgat\u00f3t v\u00e1lasztottak ki, akik 2020 \u0151sz\u00e9n meg is kezdhett\u00e9k gyakornoki munk\u00e1jukat.<\/p>\n<p>Az EnterMode szakmai gyakorlatba t\u00f6rt\u00e9n\u0151 r\u00e9szv\u00e9tel minden \u00e9rintett f\u00e9l sz\u00e1m\u00e1ra \u00f6nk\u00e9ntes alapon val\u00f3sult meg.<\/p>\n<p><a href=\"https:\/\/semmelweis.hu\/emk\/files\/2021\/01\/e_m_k\u00e9p-scaled.jpg\"><img loading=\"lazy\" decoding=\"async\" class=\"alignnone wp-image-18390 size-full\" src=\"https:\/\/semmelweis.hu\/emk\/files\/2021\/01\/e_m_k\u00e9p-scaled.jpg\" alt=\"\" width=\"1813\" height=\"2560\" srcset=\"https:\/\/semmelweis.hu\/emk\/files\/2021\/01\/e_m_k\u00e9p-scaled.jpg 1813w, https:\/\/semmelweis.hu\/emk\/files\/2021\/01\/e_m_k\u00e9p-283x400.jpg 283w, https:\/\/semmelweis.hu\/emk\/files\/2021\/01\/e_m_k\u00e9p-725x1024.jpg 725w, https:\/\/semmelweis.hu\/emk\/files\/2021\/01\/e_m_k\u00e9p-768x1084.jpg 768w, https:\/\/semmelweis.hu\/emk\/files\/2021\/01\/e_m_k\u00e9p-1088x1536.jpg 1088w, https:\/\/semmelweis.hu\/emk\/files\/2021\/01\/e_m_k\u00e9p-1450x2048.jpg 1450w, https:\/\/semmelweis.hu\/emk\/files\/2021\/01\/e_m_k\u00e9p-753x1063.jpg 753w\" sizes=\"auto, (max-width: 1813px) 100vw, 1813px\" \/><\/a><\/p>\n<p>&nbsp;<\/p>\n<p>&nbsp;<\/p>\n","protected":false},"excerpt":{"rendered":"<p>A gyakornoki program bevezet\u00e9se \u00e9s el\u0151k\u00e9sz\u00fcletei a projekt sor\u00e1n a fels\u0151oktat\u00e1si int\u00e9zm\u00e9nyek felel\u0151ss\u00e9ge, jelen esetben a Semmelweis Egyetem Eg\u00e9szs\u00e9g\u00fcgyi Menedzserk\u00e9pz\u0151 K\u00f6zpont koordin\u00e1lja. A gyakornokokat fogad\u00f3 v\u00e1llalatok felk\u00e9r\u00e9s alapj\u00e1n ker\u00fcltek kiv\u00e1laszt\u00e1sra. A felh\u00edv\u00e1s ut\u00e1n \u00f6ssze\u00e1llt azon v\u00e1llalatok list\u00e1ja, akik sz\u00edvesen alkalmazz\u00e1k a javasolt EnterMode m\u00f3dszertant annak \u00e9rdek\u00e9ben, hogy nyissanak egy \u00fajfajta szeml\u00e9letm\u00f3d ir\u00e1ny\u00e1ba \u00e9s fejlessz\u00e9k gyakornokaik &hellip;<\/p>\n","protected":false},"author":101539,"featured_media":0,"parent":15696,"menu_order":1,"comment_status":"closed","ping_status":"closed","template":"","meta":{"_acf_changed":false,"footnotes":""},"categories":[],"tags":[],"class_list":["post-18256","page","type-page","status-publish","hentry"],"acf":[],"_links":{"self":[{"href":"https:\/\/semmelweis.hu\/emk\/wp-json\/wp\/v2\/pages\/18256","targetHints":{"allow":["GET"]}}],"collection":[{"href":"https:\/\/semmelweis.hu\/emk\/wp-json\/wp\/v2\/pages"}],"about":[{"href":"https:\/\/semmelweis.hu\/emk\/wp-json\/wp\/v2\/types\/page"}],"author":[{"embeddable":true,"href":"https:\/\/semmelweis.hu\/emk\/wp-json\/wp\/v2\/users\/101539"}],"replies":[{"embeddable":true,"href":"https:\/\/semmelweis.hu\/emk\/wp-json\/wp\/v2\/comments?post=18256"}],"version-history":[{"count":9,"href":"https:\/\/semmelweis.hu\/emk\/wp-json\/wp\/v2\/pages\/18256\/revisions"}],"predecessor-version":[{"id":18392,"href":"https:\/\/semmelweis.hu\/emk\/wp-json\/wp\/v2\/pages\/18256\/revisions\/18392"}],"up":[{"embeddable":true,"href":"https:\/\/semmelweis.hu\/emk\/wp-json\/wp\/v2\/pages\/15696"}],"wp:attachment":[{"href":"https:\/\/semmelweis.hu\/emk\/wp-json\/wp\/v2\/media?parent=18256"}],"wp:term":[{"taxonomy":"category","embeddable":true,"href":"https:\/\/semmelweis.hu\/emk\/wp-json\/wp\/v2\/categories?post=18256"},{"taxonomy":"post_tag","embeddable":true,"href":"https:\/\/semmelweis.hu\/emk\/wp-json\/wp\/v2\/tags?post=18256"}],"curies":[{"name":"wp","href":"https:\/\/api.w.org\/{rel}","templated":true}]}}

Az EnterMode gyakornoki program bevezetése

<p>A gyakornoki program bevezetése és előkészületei a projekt során a felsőoktatási intézmények felelőssége, jelen esetben a Semmelweis Egyetem Egészségügyi Menedzserképző Központ koordinálja.</p>
<p>A gyakornokokat fogadó vállalatok felkérés alapján kerültek kiválasztásra. A felhívás után összeállt azon vállalatok listája, akik szívesen alkalmazzák a javasolt EnterMode módszertant annak érdekében, hogy nyissanak egy újfajta szemléletmód irányába és fejlesszék gyakornokaik vállalkozói kompetenciáit. A fogadóhelyek &#8211; bár mindegyik az egészségügyhöz kapcsolódik &#8211; eltérő szervezeti formával rendelkeznek, van közöttük start-up, magánklinika és alapítvány is.</p>
<p>A cégek felkérésével párhuzamosan az EnterMode programban résztvevő hallgatók toborzása is megkezdődött. A hallgatók a vállalatokkal egyeztetett specifikus kritériumok alapján, online interjúk során kerültek kiválasztásra.</p>
<p>A három fogadóhelyre közel húsz Semmelweis Egyetemen tanuló diák jelentkezett, közülük három hallgatót választottak ki, akik 2020 őszén meg is kezdhették gyakornoki munkájukat.</p>
<p>Az EnterMode szakmai gyakorlatba történő részvétel minden érintett fél számára önkéntes alapon valósult meg.</p>
<p><a href="https://semmelweis.hu/emk/files/2021/01/e_m_kép-scaled.jpg"><img loading="lazy" decoding="async" class="alignnone wp-image-18390 size-full" src="https://semmelweis.hu/emk/files/2021/01/e_m_kép-scaled.jpg" alt="" width="1813" height="2560" srcset="https://semmelweis.hu/emk/files/2021/01/e_m_kép-scaled.jpg 1813w, https://semmelweis.hu/emk/files/2021/01/e_m_kép-283x400.jpg 283w, https://semmelweis.hu/emk/files/2021/01/e_m_kép-725x1024.jpg 725w, https://semmelweis.hu/emk/files/2021/01/e_m_kép-768x1084.jpg 768w, https://semmelweis.hu/emk/files/2021/01/e_m_kép-1088x1536.jpg 1088w, https://semmelweis.hu/emk/files/2021/01/e_m_kép-1450x2048.jpg 1450w, https://semmelweis.hu/emk/files/2021/01/e_m_kép-753x1063.jpg 753w" sizes="auto, (max-width: 1813px) 100vw, 1813px" /></a></p>
<p>&nbsp;</p>
<p>&nbsp;</p>

<p>A gyakornoki program bevezetése és előkészületei a projekt során a felsőoktatási intézmények felelőssége, jelen esetben a Semmelweis Egyetem Egészségügyi Menedzserképző Központ koordinálja. A gyakornokokat fogadó vállalatok felkérés alapján kerültek kiválasztásra. A felhívás után összeállt azon vállalatok listája, akik szívesen alkalmazzák a javasolt EnterMode módszertant annak érdekében, hogy nyissanak egy újfajta szemléletmód irányába és fejlesszék gyakornokaik &hellip;</p>
