{"id":17666,"date":"2020-09-14T14:14:44","date_gmt":"2020-09-14T12:14:44","guid":{"rendered":"https:\/\/semmelweis.hu\/emk\/?page_id=17666"},"modified":"2025-08-22T11:52:52","modified_gmt":"2025-08-22T09:52:52","slug":"oktatoi-munka-hallgatoi-velemenyezese","status":"publish","type":"page","link":"https:\/\/semmelweis.hu\/emk\/hallgatoknak\/oktatoi-munka-hallgatoi-velemenyezese\/","title":{"rendered":"Oktat\u00f3i munka hallgat\u00f3i v\u00e9lem\u00e9nyez\u00e9se"},"content":{"rendered":"<div class=\"keretes w-100\">\n<p style=\"text-align: justify\">Az <strong>oktat\u00f3i munka hallgat\u00f3i v\u00e9lem\u00e9nyez\u00e9s\u00e9nek (OMHV)<\/strong> c\u00e9lja t\u00f6bbek k\u00f6z\u00f6tt, hogy a hallgat\u00f3k v\u00e9lem\u00e9ny\u00e9nek megismer\u00e9s\u00e9vel hozz\u00e1j\u00e1ruljon az oktat\u00e1s sz\u00ednvonal\u00e1nak emel\u00e9s\u00e9hez, n\u00f6velje a k\u00e9pz\u00e9s hat\u00e9konys\u00e1g\u00e1t \u00e9s seg\u00edtse a fejlesztend\u0151 ter\u00fcletek azonos\u00edt\u00e1s\u00e1t.<\/p>\n<\/div>\n<p style=\"text-align: justify\">Az <a href=\"https:\/\/semmelweis.hu\/oktatasmodszertan\/\" target=\"_blank\" rel=\"noopener\">Oktat\u00e1sfejleszt\u00e9si, -m\u00f3dszertani \u00e9s -szervez\u00e9si K\u00f6zpont<\/a> \u00e1ltal m\u0171k\u00f6dtetett rendszer a<strong> <a href=\"https:\/\/semmelweis.hu\/hok\/szolj-bele\/omhv\/\" target=\"_blank\" rel=\"noopener\">feedback-kult\u00fara<\/a><\/strong> ki\u00e9p\u00edt\u00e9s\u00e9t, meger\u0151s\u00edt\u00e9s\u00e9t szolg\u00e1lja, ami az oktat\u00e1si, \u00e9s ez\u00e1ltal a tanul\u00e1si tev\u00e9kenys\u00e9g min\u0151s\u00e9g\u00e9t jav\u00edthatja. A <strong>Semmelweis Feedback Rendszer<\/strong> az\u00a0al\u00e1bbi gombra kattintva \u00e9rhet\u0151 el:\u00a0<\/p>\n<p style=\"text-align: center\"><a class=\"button\" href=\"https:\/\/feedback.semmelweis.hu\/feedback\/index.php\" target=\"_blank\" rel=\"noopener\">BEJELENTKEZ\u00c9S<\/a><\/p>\n<p><span style=\"background-color: #ffffff;font-size: 1rem\">Az OMHV rendj\u00e9t a Semmelweis Egyetem Szervezeti \u00e9s M\u0171k\u00f6d\u00e9si Szab\u00e1lyzata hat\u00e1rozza meg, amely az al\u00e1bbi linkre kattintva olvashat\u00f3:<\/span><\/p>\n<p><strong><a href=\"https:\/\/semmelweis.hu\/jogigfoig\/files\/2021\/04\/SZMSZ_HKR_III_KONYV_III_8_RESZ_Az_OMHV_rendje_hatalyos_2021_04_15-tol.pdf\" target=\"_blank\" rel=\"noopener\">AZ OKTAT\u00d3I MUNKA HALLGAT\u00d3I V\u00c9LEM\u00c9NYEZ\u00c9S\u00c9NEK RENDJE<\/a><\/strong><\/p>\n<hr \/>\n<h4><strong>A kor\u00e1bbi tan\u00e9vek OMVH \u00f6sszes\u00edt\u0151i:<\/strong><\/h4>\n<h5>2023\/24 tan\u00e9v \u0151szi szemeszter<\/h5>\n<p><strong>Eg\u00e9szs\u00e9g\u00fcgyi menedzser mesterk\u00e9pz\u00e9s (MSc):<\/strong><\/p>\n<ul style=\"list-style-type: square\">\n<li><a href=\"https:\/\/semmelweis.hu\/emk\/files\/2024\/02\/OMHV_intezkedesi_terv_EMK_EMSc_2023_osz_alairt.pdf\" target=\"_blank\" rel=\"noopener\">Int\u00e9zked\u00e9si terv<\/a> (Csak bels\u0151 h\u00e1l\u00f3zatr\u00f3l \u00e9rhet\u0151 el!)<\/li>\n<li><a href=\"https:\/\/semmelweis.hu\/emk\/files\/2024\/02\/OMHV_MSC22L_23_24_1_-anonimizalt.pdf\" target=\"_blank\" rel=\"noopener\">Hallgat\u00f3i \u00e9rt\u00e9kel\u00e9sek &#8211; MSc22L<\/a> (Csak bels\u0151 h\u00e1l\u00f3zatr\u00f3l \u00e9rhet\u0151 el!)<\/li>\n<li><a href=\"https:\/\/semmelweis.hu\/emk\/files\/2024\/02\/OMHV_MSC22N_23_24_1-anonimizalt-1.pdf\" target=\"_blank\" rel=\"noopener\">Hallgat\u00f3i \u00e9rt\u00e9kel\u00e9sek &#8211; MSc22N<\/a> (Csak bels\u0151 h\u00e1l\u00f3zatr\u00f3l \u00e9rhet\u0151 el!)<\/li>\n<li><a href=\"https:\/\/semmelweis.hu\/emk\/files\/2024\/02\/OMHV_MSc23L_23_24_1_anonimizalt-1.pdf\" target=\"_blank\" rel=\"noopener\">Hallgat\u00f3i \u00e9rt\u00e9kel\u00e9sek &#8211; MSc23L<\/a> (Csak bels\u0151 h\u00e1l\u00f3zatr\u00f3l \u00e9rhet\u0151 el!)<\/li>\n<li><a href=\"https:\/\/semmelweis.hu\/emk\/files\/2024\/02\/OMHV_MSc23N_23_24_1_anonimizalt.pdf\" target=\"_blank\" rel=\"noopener\">Hallgat\u00f3i \u00e9rt\u00e9kel\u00e9sek &#8211; MSc23N<\/a> (Csak bels\u0151 h\u00e1l\u00f3zatr\u00f3l \u00e9rhet\u0151 el!)<\/li>\n<\/ul>\n<p><strong>Min\u0151s\u00e9g\u00fcgyi \u00e9s Betegbiztons\u00e1gi Menedzser (MBM) szakir\u00e1ny\u00fa tov\u00e1bbk\u00e9pz\u00e9s:<\/strong><\/p>\n<ul style=\"list-style-type: square\">\n<li><a href=\"https:\/\/semmelweis.hu\/emk\/files\/2024\/02\/OMHV_intezkedesi_terv_EMK_MBM_2023_osz_alairt.pdf\" target=\"_blank\" rel=\"noopener\">Int\u00e9zked\u00e9si terv<\/a> (Csak bels\u0151 h\u00e1l\u00f3zatr\u00f3l \u00e9rhet\u0151 el!)<\/li>\n<li><a href=\"https:\/\/semmelweis.hu\/emk\/files\/2024\/02\/OMHV_MBM22_23_24_1_anonimizalt.pdf\" target=\"_blank\" rel=\"noopener\">Hallgat\u00f3i \u00e9rt\u00e9kel\u00e9sek<\/a> (Csak bels\u0151 h\u00e1l\u00f3zatr\u00f3l \u00e9rhet\u0151 el!)<\/li>\n<\/ul>\n<p><strong>Szoci\u00e1lis szolg\u00e1ltat\u00e1smenedzsment (SZSZM) szakir\u00e1ny\u00fa tov\u00e1bbk\u00e9pz\u00e9s:<\/strong><\/p>\n<div>\n<ul style=\"list-style-type: square\">\n<li><a href=\"https:\/\/semmelweis.hu\/emk\/files\/2024\/02\/OMHV_intezkedesi_terv_EMK_SZSZM_2023_osz_alairt.pdf\" target=\"_blank\" rel=\"noopener\">Int\u00e9zked\u00e9si terv<\/a> (Csak bels\u0151 h\u00e1l\u00f3zatr\u00f3l \u00e9rhet\u0151 el!)<\/li>\n<li><a href=\"https:\/\/semmelweis.hu\/emk\/files\/2024\/02\/OMHV_SZSZM22_23_24_1_anonimizalt.pdf\" target=\"_blank\" rel=\"noopener\">Hallgat\u00f3i \u00e9rt\u00e9kel\u00e9sek<\/a> (Csak bels\u0151 h\u00e1l\u00f3zatr\u00f3l \u00e9rhet\u0151 el)<\/li>\n<\/ul>\n<hr \/>\n<\/div>\n<h5>2022\/23 tan\u00e9v tavaszi szemeszter<\/h5>\n<p><strong>Eg\u00e9szs\u00e9g\u00fcgyi menedzser mesterk\u00e9pz\u00e9s (MSc):<\/strong><\/p>\n<ul style=\"list-style-type: square\">\n<li><a href=\"https:\/\/semmelweis.hu\/emk\/files\/2023\/11\/OMHV_intezkedesi_terv_EMK_MSc_2023_tavasz_alairt.pdf\" target=\"_blank\" rel=\"noopener\">Int\u00e9zked\u00e9si terv<\/a> (Csak bels\u0151 h\u00e1l\u00f3zatr\u00f3l \u00e9rhet\u0151 el!)<\/li>\n<li><a href=\"https:\/\/semmelweis.hu\/emk\/files\/2023\/11\/OMHV_2023_tavasz_MSc_anonimizalt.pdf\" target=\"_blank\" rel=\"noopener\">Hallgat\u00f3i \u00e9rt\u00e9kel\u00e9sek<\/a> (Csak bels\u0151 h\u00e1l\u00f3zatr\u00f3l \u00e9rhet\u0151 el!)<\/li>\n<\/ul>\n<p><strong>Min\u0151s\u00e9g\u00fcgyi \u00e9s Betegbiztons\u00e1gi Menedzser (MBM) szakir\u00e1ny\u00fa tov\u00e1bbk\u00e9pz\u00e9s:<\/strong><\/p>\n<ul style=\"list-style-type: square\">\n<li><a href=\"https:\/\/semmelweis.hu\/emk\/files\/2023\/11\/OMHV_intezkedesi_terv_EMK_MBM_2023_tavasz_alairt.pdf\" target=\"_blank\" rel=\"noopener\">Int\u00e9zked\u00e9si terv<\/a> (Csak bels\u0151 h\u00e1l\u00f3zatr\u00f3l \u00e9rhet\u0151 el!)<\/li>\n<li><a href=\"https:\/\/semmelweis.hu\/emk\/files\/2023\/11\/OMHV_2023_tavasz_MBM_anonimizalt.pdf\" target=\"_blank\" rel=\"noopener\">Hallgat\u00f3i \u00e9rt\u00e9kel\u00e9sek<\/a>\u00a0(Csak bels\u0151 h\u00e1l\u00f3zatr\u00f3l \u00e9rhet\u0151 el!)<\/li>\n<\/ul>\n<p><strong>Szoci\u00e1lis szolg\u00e1ltat\u00e1smenedzsment (SZSZM) szakir\u00e1ny\u00fa tov\u00e1bbk\u00e9pz\u00e9s:<\/strong><\/p>\n<div>\n<ul style=\"list-style-type: square\">\n<li><a href=\"https:\/\/semmelweis.hu\/emk\/files\/2023\/11\/OMHV_intezkedesi_terv_EMK_SZSZM_2023_tavasz_alairt.pdf\" target=\"_blank\" rel=\"noopener\">Int\u00e9zked\u00e9si terv<\/a> (Csak bels\u0151 h\u00e1l\u00f3zatr\u00f3l \u00e9rhet\u0151 el!)<\/li>\n<li><a href=\"https:\/\/semmelweis.hu\/emk\/files\/2023\/11\/OMHV_2023_tavaszi_SZSZM_anonimizalt.pdf\" target=\"_blank\" rel=\"noopener\">Hallgat\u00f3i \u00e9rt\u00e9kel\u00e9sek<\/a> (Csak bels\u0151 h\u00e1l\u00f3zatr\u00f3l \u00e9rhet\u0151 el!)<\/li>\n<\/ul>\n<\/div>\n<div>\n<hr \/>\n<\/div>\n<h5>2022\/23 tan\u00e9v \u0151szi szemeszter<\/h5>\n<p><strong>Eg\u00e9szs\u00e9g\u00fcgyi menedzser mesterk\u00e9pz\u00e9s (MSc):<\/strong><\/p>\n<ul style=\"list-style-type: square\">\n<li><a href=\"https:\/\/semmelweis.hu\/emk\/files\/2023\/02\/OMHV_intezkedesi_terv_EMK_MSc_2022_osz.pdf\" target=\"_blank\" rel=\"noopener\">Int\u00e9zked\u00e9si terv<\/a> (Csak bels\u0151 h\u00e1l\u00f3zatr\u00f3l \u00e9rhet\u0151 el!)<\/li>\n<li><a href=\"https:\/\/semmelweis.hu\/emk\/files\/2023\/02\/MSc_OMHV_egysegesitett-anonimizalt_2022_osz_Keri-Dia.pdf\" target=\"_blank\" rel=\"noopener\">Hallgat\u00f3i \u00e9rt\u00e9kel\u00e9sek<\/a> (Csak bels\u0151 h\u00e1l\u00f3zatr\u00f3l \u00e9rhet\u0151 el!)<\/li>\n<\/ul>\n<p><strong>Min\u0151s\u00e9g\u00fcgyi \u00e9s Betegbiztons\u00e1gi Menedzser (MBM) szakir\u00e1ny\u00fa tov\u00e1bbk\u00e9pz\u00e9s:<\/strong><\/p>\n<ul style=\"list-style-type: square\">\n<li><a href=\"https:\/\/semmelweis.hu\/emk\/files\/2023\/02\/OMHV_intezkedesi_terv_EMK_MBM_2022_osz-1.pdf\" target=\"_blank\" rel=\"noopener\">Int\u00e9zked\u00e9si terv<\/a> (Csak bels\u0151 h\u00e1l\u00f3zatr\u00f3l \u00e9rhet\u0151 el!)<\/li>\n<li><a href=\"https:\/\/semmelweis.hu\/emk\/files\/2023\/02\/MBM_OMHV_targyak_-osszegzo_anonimizalt_2022_osz_Keri-Dia.pdf\" target=\"_blank\" rel=\"noopener\">Hallgat\u00f3i \u00e9rt\u00e9kel\u00e9sek &#8211; tant\u00e1rgyak<\/a> (Csak bels\u0151 h\u00e1l\u00f3zatr\u00f3l \u00e9rhet\u0151 el!)<\/li>\n<li><a href=\"https:\/\/semmelweis.hu\/emk\/files\/2023\/02\/MBM_OMHV_oktatok_-osszegzo_anonimzalt_2022_osz_Keri-Dia.pdf\" target=\"_blank\" rel=\"noopener\">Hallgat\u00f3i \u00e9rt\u00e9kel\u00e9sek &#8211; oktat\u00f3k<\/a> (Csak bels\u0151 h\u00e1l\u00f3zatr\u00f3l \u00e9rhet\u0151 el!)<\/li>\n<\/ul>\n<p><strong>Szoci\u00e1lis szolg\u00e1ltat\u00e1smenedzsment (SZSZM) szakir\u00e1ny\u00fa tov\u00e1bbk\u00e9pz\u00e9s:<\/strong><\/p>\n<div>\n<ul style=\"list-style-type: square\">\n<li><a href=\"https:\/\/semmelweis.hu\/emk\/files\/2023\/02\/OMHV_intezkedesi_terv_EMK_SZSZM_2022_osz-1.pdf\" target=\"_blank\" rel=\"noopener\">Int\u00e9zked\u00e9si terv<\/a> (Csak bels\u0151 h\u00e1l\u00f3zatr\u00f3l \u00e9rhet\u0151 el!)<\/li>\n<li><a href=\"https:\/\/semmelweis.hu\/emk\/files\/2023\/02\/SZSZM_OMHV_egysegesitett-anonimizalt_2022_osz_Keri-Dia.pdf\" target=\"_blank\" rel=\"noopener\">Hallgat\u00f3i \u00e9rt\u00e9kel\u00e9sek<\/a> (Csak bels\u0151 h\u00e1l\u00f3zatr\u00f3l \u00e9rhet\u0151 el!)<\/li>\n<\/ul>\n<\/div>\n<hr \/>\n<h5>2021\/22 tan\u00e9v tavaszi szemeszter<\/h5>\n<ul style=\"list-style-type: square\">\n<li><a href=\"https:\/\/semmelweis.hu\/emk\/files\/2023\/02\/OMHV_2022_tavasz_teljes_anonim-3.pdf\" target=\"_blank\" rel=\"noopener\">Hallgat\u00f3i \u00e9rt\u00e9kel\u00e9sek<\/a> (Csak bels\u0151 h\u00e1l\u00f3zatr\u00f3l \u00e9rhet\u0151 el!)<\/li>\n<li><a href=\"https:\/\/semmelweis.hu\/emk\/files\/2023\/02\/Intezkedesi-terv-2021_22_2.pdf\" target=\"_blank\" rel=\"noopener\">Int\u00e9zked\u00e9si terv<\/a> (Csak bels\u0151 h\u00e1l\u00f3zatr\u00f3l \u00e9rhet\u0151 el!)<\/li>\n<\/ul>\n<div>\n<hr \/>\n<\/div>\n<h5>2021\/2022 tan\u00e9v \u0151szi szemeszter<\/h5>\n<ul style=\"list-style-type: square\">\n<li><a href=\"https:\/\/semmelweis.hu\/emk\/files\/2022\/05\/OMHV_2021_osz_anonimizalt.pdf\" target=\"_blank\" rel=\"noopener\">Hallgat\u00f3i \u00e9rt\u00e9kel\u00e9sek<\/a> (Csak bels\u0151 h\u00e1l\u00f3zatr\u00f3l \u00e9rhet\u0151 el!)<\/li>\n<li><a href=\"https:\/\/semmelweis.hu\/emk\/files\/2022\/05\/Intezkedesi-terv-2021-osz.pdf\" target=\"_blank\" rel=\"noopener\">Int\u00e9zked\u00e9si terv<\/a> (Csak bels\u0151 h\u00e1l\u00f3zatr\u00f3l \u00e9rhet\u0151 el!)<\/li>\n<\/ul>\n<hr \/>\n<h5>2020\/2021 tan\u00e9v tavaszi szemeszter<\/h5>\n<ul style=\"list-style-type: square\">\n<li><a href=\"https:\/\/semmelweis.hu\/emk\/files\/2021\/11\/OMHV_2021_tavasz_fin_k\u00f3dolt.pdf\" target=\"_blank\" rel=\"noopener\">Hallgat\u00f3i \u00e9rt\u00e9kel\u00e9sek<\/a> (Csak bels\u0151 h\u00e1l\u00f3zatr\u00f3l \u00e9rhet\u0151 el!)<\/li>\n<li><a href=\"https:\/\/semmelweis.hu\/emk\/files\/2021\/11\/Int\u00e9zked\u00e9si-terv-al\u00e1\u00edrt_1104.pdf\" target=\"_blank\" rel=\"noopener\">Int\u00e9zked\u00e9si terv<\/a> (Csak bels\u0151 h\u00e1l\u00f3zatr\u00f3l \u00e9rhet\u0151 el!)<\/li>\n<\/ul>\n<hr \/>\n<h5>2020\/2021 tan\u00e9v \u0151szi szemeszter<\/h5>\n<ul style=\"list-style-type: square\">\n<li><a href=\"https:\/\/semmelweis.hu\/emk\/files\/2021\/03\/OMHV_2020_21_osz_anonimizalt.pdf\" target=\"_blank\" rel=\"noopener\">Hallgat\u00f3i \u00e9rt\u00e9kel\u00e9sek<\/a> (Csak bels\u0151 h\u00e1l\u00f3zatr\u00f3l \u00e9rhet\u0151 el!)<\/li>\n<li>\n<p><a href=\"https:\/\/semmelweis.hu\/emk\/files\/2021\/03\/Int\u00e9zked\u00e9si-terv_al\u00e1\u00edrt.pdf\" target=\"_blank\" rel=\"noopener\">Int\u00e9zked\u00e9si terv<\/a> (Csak bels\u0151 h\u00e1l\u00f3zatr\u00f3l \u00e9rhet\u0151 el!)<\/p>\n<\/li>\n<\/ul>\n<hr \/>\n<h5>2019\/2020 tavaszi szemeszter<\/h5>\n<ul style=\"list-style-type: square\">\n<li><a href=\"https:\/\/semmelweis.hu\/emk\/files\/2020\/09\/OMHV_2020.docx\" target=\"_blank\" rel=\"noopener\">Hallgat\u00f3i \u00e9rt\u00e9kel\u00e9sek<\/a> (Csak bels\u0151 h\u00e1l\u00f3zatr\u00f3l \u00e9rhet\u0151 el!)<\/li>\n<li><a href=\"https:\/\/semmelweis.hu\/emk\/files\/2020\/09\/Int\u00e9zked\u00e9si-terv.pdf\" target=\"_blank\" rel=\"noopener\">Int\u00e9zked\u00e9si terv<\/a> (Csak bels\u0151 h\u00e1l\u00f3zatr\u00f3l \u00e9rhet\u0151 el!)<\/li>\n<\/ul>\n","protected":false},"excerpt":{"rendered":"<p>Az oktat\u00f3i munka hallgat\u00f3i v\u00e9lem\u00e9nyez\u00e9s\u00e9nek (OMHV) c\u00e9lja t\u00f6bbek k\u00f6z\u00f6tt, hogy a hallgat\u00f3k v\u00e9lem\u00e9ny\u00e9nek megismer\u00e9s\u00e9vel hozz\u00e1j\u00e1ruljon az oktat\u00e1s sz\u00ednvonal\u00e1nak emel\u00e9s\u00e9hez, n\u00f6velje a k\u00e9pz\u00e9s hat\u00e9konys\u00e1g\u00e1t \u00e9s seg\u00edtse a fejlesztend\u0151 ter\u00fcletek azonos\u00edt\u00e1s\u00e1t. Az <a href=\"https:\/\/semmelweis.hu\/oktatasmodszertan\/\" target=\"_blank\" rel=\"noopener\">Oktat\u00e1sfejleszt\u00e9si, -m\u00f3dszertani \u00e9s -szervez\u00e9si K\u00f6zpont<\/a> \u00e1ltal m\u0171k\u00f6dtetett rendszer a <a href=\"https:\/\/semmelweis.hu\/hok\/szolj-bele\/omhv\/\" target=\"_blank\" rel=\"noopener\">feedback-kult\u00fara<\/a> ki\u00e9p\u00edt\u00e9s\u00e9t, meger\u0151s\u00edt\u00e9s\u00e9t szolg\u00e1lja, ami az oktat\u00e1si, \u00e9s ez\u00e1ltal a tanul\u00e1si tev\u00e9kenys\u00e9g min\u0151s\u00e9g\u00e9t jav\u00edthatja. A Semmelweis Feedback Rendszer az\u00a0al\u00e1bbi gombra kattintva \u00e9rhet\u0151 &hellip;<\/p>\n","protected":false},"author":101539,"featured_media":0,"parent":1966,"menu_order":10,"comment_status":"closed","ping_status":"closed","template":"","meta":{"_acf_changed":false,"footnotes":""},"categories":[],"tags":[],"class_list":["post-17666","page","type-page","status-publish","hentry"],"acf":[],"_links":{"self":[{"href":"https:\/\/semmelweis.hu\/emk\/wp-json\/wp\/v2\/pages\/17666","targetHints":{"allow":["GET"]}}],"collection":[{"href":"https:\/\/semmelweis.hu\/emk\/wp-json\/wp\/v2\/pages"}],"about":[{"href":"https:\/\/semmelweis.hu\/emk\/wp-json\/wp\/v2\/types\/page"}],"author":[{"embeddable":true,"href":"https:\/\/semmelweis.hu\/emk\/wp-json\/wp\/v2\/users\/101539"}],"replies":[{"embeddable":true,"href":"https:\/\/semmelweis.hu\/emk\/wp-json\/wp\/v2\/comments?post=17666"}],"version-history":[{"count":10,"href":"https:\/\/semmelweis.hu\/emk\/wp-json\/wp\/v2\/pages\/17666\/revisions"}],"predecessor-version":[{"id":25766,"href":"https:\/\/semmelweis.hu\/emk\/wp-json\/wp\/v2\/pages\/17666\/revisions\/25766"}],"up":[{"embeddable":true,"href":"https:\/\/semmelweis.hu\/emk\/wp-json\/wp\/v2\/pages\/1966"}],"wp:attachment":[{"href":"https:\/\/semmelweis.hu\/emk\/wp-json\/wp\/v2\/media?parent=17666"}],"wp:term":[{"taxonomy":"category","embeddable":true,"href":"https:\/\/semmelweis.hu\/emk\/wp-json\/wp\/v2\/categories?post=17666"},{"taxonomy":"post_tag","embeddable":true,"href":"https:\/\/semmelweis.hu\/emk\/wp-json\/wp\/v2\/tags?post=17666"}],"curies":[{"name":"wp","href":"https:\/\/api.w.org\/{rel}","templated":true}]}}