{"id":17641,"date":"2020-09-10T12:22:57","date_gmt":"2020-09-10T10:22:57","guid":{"rendered":"https:\/\/semmelweis.hu\/emk\/?page_id=17641"},"modified":"2026-03-12T11:53:27","modified_gmt":"2026-03-12T10:53:27","slug":"esemenynaptar-2","status":"publish","type":"page","link":"https:\/\/semmelweis.hu\/emk\/szocialis-vezetokepzo-tudaskozpont\/esemenynaptar-2\/","title":{"rendered":"Esem\u00e9nynapt\u00e1r"},"content":{"rendered":"<h2>Aktu\u00e1lis esem\u00e9nyek<\/h2>\n<p>Hamarosan&#8230;<\/p>\n<hr \/>\n<h2>Kor\u00e1bbi esem\u00e9nyeink<\/h2>\n<p>2025.06.26-27. <a href=\"https:\/\/emk.semmelweis.hu\/sociosummit2025\/\" target=\"_blank\" rel=\"noopener\">4. Socio Summit Konferencia 2025<\/a><\/p>\n<ul style=\"list-style-type: square\">\n<li>Megh\u00edv\u00f3: <a href=\"https:\/\/semmelweis.hu\/emk\/2025\/05\/26\/socio-summit-2025-digitalizacio-a-reziliens-szocialis-szolgaltatasokert\/\" target=\"_blank\" rel=\"noopener\">4. Socio Summit Konferencia 2025 &#8211; Digitaliz\u00e1ci\u00f3 a reziliens szoci\u00e1lis szolg\u00e1ltat\u00e1sok\u00e9rt<\/a><\/li>\n<li><a href=\"https:\/\/semmelweis.hu\/emk\/2025\/07\/04\/sikeresen-lezarult-a-iv-socio-summit-nemzetkozi-konferencia\/\" target=\"_blank\" rel=\"noopener\">Besz\u00e1mol\u00f3nk a IV. Socio Summit Nemzetk\u00f6zi Konferenci\u00e1r\u00f3l<\/a><\/li>\n<\/ul>\n<p><a href=\"https:\/\/semmelweis.hu\/emk\/files\/2025\/03\/Meghivo_SZVK_Forum_2025_04_03_fin.pdf\" target=\"_blank\" rel=\"noopener\">2025.04.03. SZVK F\u00f3rum &#8211; a szoci\u00e1lis szakma \u00e9rdekv\u00e9delm\u00e9nek jelene \u00e9s j\u00f6v\u0151je<\/a><\/p>\n<p><a href=\"https:\/\/emk.semmelweis.hu\/sociosummit2024\/\" target=\"_blank\" rel=\"noopener\">Socio Summit 2024 &#8211; 2024. okt\u00f3ber 18.<\/a> &#8211; ELTE Bib\u00f3 Istv\u00e1n Szakkoll\u00e9gium<\/p>\n<p><a href=\"https:\/\/semmelweis.hu\/emk\/files\/2024\/09\/Meghivo_SZVK_Forum_2024_10_03_fin.pdf\" target=\"_blank\" rel=\"noopener\">2024.10.03.<\/a><a href=\"https:\/\/semmelweis.hu\/emk\/files\/2024\/09\/Meghivo_SZVK_Forum_2024_10_03_fin.pdf\" target=\"_blank\" rel=\"noopener\"> &#8211; SZVK F\u00f3rum\u00a0 \u00a0<\/a><\/p>\n<p><a href=\"https:\/\/info.nevesforum.hu\/\" target=\"_blank\" rel=\"noopener\">VI. Betegbiztons\u00e1gi Vil\u00e1gnapi Konferencia <\/a><a href=\"https:\/\/info.nevesforum.hu\/\" target=\"_blank\" rel=\"noopener\">2024.09.17. <\/a><a href=\"https:\/\/info.nevesforum.hu\/\" target=\"_blank\" rel=\"noopener\">\u00a0<\/a><\/p>\n<p><a href=\"https:\/\/semmelweis.hu\/emk\/files\/2022\/04\/SOCIO-SUMMIT.pdf\" target=\"_blank\" rel=\"noopener\">Socio Summit &#8211; K\u0151szeg, 2022. j\u00fanius 9-10.<\/a><\/p>\n<p><a href=\"https:\/\/semmelweis.hu\/emk\/szocialis-szolgaltatasok-ma-es-holnap-az-egyenlo-eselyu-hozzaferes-es-reziliens-mukodes-biztositasa-erdekeben-socio-summit-2022-konferenciakotet\/\">Socio Summit &#8211; Szoci\u00e1lis szolg\u00e1ltat\u00e1sok ma \u00e9s holnap az egyenl\u0151 es\u00e9ly\u0171 hozz\u00e1f\u00e9r\u00e9s \u00e9s reziliens m\u0171k\u00f6d\u00e9s biztos\u00edt\u00e1sa \u00e9rdek\u00e9ben Socio Summit 2022 \u2013 konferenciak\u00f6tet<\/a><\/p>\n<p><a href=\"https:\/\/semmelweis.hu\/emk\/20113-2\/\">Projektbemutat\u00f3 konferencia \u00e9s tan\u00fas\u00edtv\u00e1ny-\u00e1tad\u00f3 \u00fcnneps\u00e9g &#8211; 2022.10.20<\/a><\/p>\n<h3>Szalon:\u00a0<\/h3>\n<ul>\n<li><a href=\"https:\/\/semmelweis.hu\/emk\/szvk-szalon-2019-09-23\/\">2019.09.23. &#8211; SZVK Szalon bemutatkoz\u00e1sa-Sz\u00f3cska Mikl\u00f3s<\/a><\/li>\n<li><a href=\"https:\/\/semmelweis.hu\/emk\/szalon-amigos-a-gyerekekert\/\">2019.11.11. &#8211; &#8222;Amigos a gyerekek\u00e9rt&#8221;-F\u00e1bi\u00e1n S\u00e1ra\u00a0<\/a><\/li>\n<li><a href=\"https:\/\/semmelweis.hu\/emk\/szalon-szemelyi-asszisztencia\/\">2020.02.19. &#8211; Szem\u00e9lyi asszisztencia<\/a><\/li>\n<li><a href=\"https:\/\/semmelweis.hu\/emk\/szalon-vaczy-blanka-2020\/\">2020.03.02. &#8211; A digitaliz\u00e1ci\u00f3 hat\u00e1sa a szoci\u00e1lis szolg\u00e1ltat\u00e1sokra-Dr. Storen-Vaczy Blanka<\/a><\/li>\n<\/ul>\n<h3>F\u00f3rum:<\/h3>\n<ul>\n<li><a href=\"https:\/\/semmelweis.hu\/emk\/2020-oktober-9-szvk-forum\/\">2020.10.09. &#8211; SZVK F\u00f3rum<\/a><\/li>\n<li><a href=\"http:\/\/semmelweis.hu\/emk\/szvk-forum-2022-junius-1-a-szocialis-szolgaltatasok-erdekkepviselete-erdekvedelme\">2022.06.01. &#8211; SZVK <\/a><a href=\"http:\/\/semmelweis.hu\/emk\/szvk-forum-2022-junius-1-a-szocialis-szolgaltatasok-erdekkepviselete-erdekvedelme\">F\u00f3rum<\/a><\/li>\n<li><a href=\"https:\/\/semmelweis.hu\/emk\/szvk-forum-2022-marcius-16\/\" target=\"_blank\" rel=\"noopener\">2022.03.16. &#8211; SZVK F\u00f3rum &#8211; Szoci\u00e1lis szolg\u00e1ltat\u00e1sok enged\u00e9lyez\u00e9se \u00e9s ellen\u0151rz\u00e9se<\/a><\/li>\n<li><a href=\"https:\/\/semmelweis.hu\/emk\/files\/2023\/02\/Meghivo_SZVK-Forum_2023_03_02-1.pdf\" target=\"_blank\" rel=\"noopener\">2023.03.02. &#8211; SZVK F\u00f3rum<\/a><\/li>\n<li>2024.04.11. &#8211; <a href=\"https:\/\/info.nevesforum.hu\/2024\/04\/64-neves-forum\/\" target=\"_blank\" rel=\"noopener\">64. NEVES F\u00f3rum<\/a><\/li>\n<\/ul>\n<hr \/>\n<p><strong>A Szoci\u00e1lis Vezet\u0151k\u00e9pz\u0151 Tud\u00e1sk\u00f6zpont inform\u00e1ci\u00f3i:<\/strong><\/p>\n<ul>\n<li><strong><a href=\"https:\/\/semmelweis.hu\/emk\/szocialis-vezetokepzo-tudaskozpont\/oktatas-2-2\/\" target=\"_blank\" rel=\"noopener\">Oktat\u00e1s<\/a><\/strong><\/li>\n<li><strong><a href=\"https:\/\/semmelweis.hu\/emk\/szocialis-vezetokepzo-tudaskozpont\/intezmenymenedzsment-2\/\" target=\"_blank\" rel=\"noopener\">Int\u00e9zm\u00e9nymenedzsment<\/a><\/strong><\/li>\n<li><strong><a href=\"https:\/\/semmelweis.hu\/emk\/szocialis-vezetokepzo-tudaskozpont\/kiadvanyok-publikaciok\/\" target=\"_blank\" rel=\"noopener\">Kiadv\u00e1nyok\/Publik\u00e1ci\u00f3k<\/a><\/strong><\/li>\n<li><strong><a href=\"https:\/\/semmelweis.hu\/emk\/szocialis-vezetokepzo-tudaskozpont\/szocialis-valsagmenedzsment-eszkoztar\/\" target=\"_blank\" rel=\"noopener\">Szoci\u00e1lis V\u00e1ls\u00e1gmenedzsment Eszk\u00f6zt\u00e1r<\/a><\/strong><\/li>\n<li><strong><a href=\"https:\/\/semmelweis.hu\/emk\/szocialis-vezetokepzo-tudaskozpont\/hirlevel\/\" target=\"_blank\" rel=\"noopener\">H\u00edrlev\u00e9l<\/a><\/strong><\/li>\n<li><strong><a href=\"https:\/\/semmelweis.hu\/emk\/szocialis-vezetokepzo-tudaskozpont\/elerhetosegek-2-2\/\" target=\"_blank\" rel=\"noopener\">El\u00e9rhet\u0151s\u00e9gek<\/a><\/strong><\/li>\n<li><strong><a href=\"https:\/\/semmelweis.hu\/emk\/szocialis-vezetokepzo-tudaskozpont\/gyik-2\/\" target=\"_blank\" rel=\"noopener\">GYIK<\/a><\/strong><\/li>\n<li><strong><a href=\"https:\/\/semmelweis.hu\/emk\/szocialis-vezetokepzo-tudaskozpont\/rolunk-mondtak-2\/\" target=\"_blank\" rel=\"noopener\">R\u00f3lunk mondt\u00e1k<\/a><\/strong><\/li>\n<\/ul>\n<div class=\"keretes w-100\">\n<p style=\"text-align: justify\"><strong>A Semmelweis Egyetem Eg\u00e9szs\u00e9g\u00fcgyi K\u00f6zszolg\u00e1lati Kar Eg\u00e9szs\u00e9g\u00fcgyi Menedzserk\u00e9pz\u0151 K\u00f6zpont \u2013 Szoci\u00e1lis Vezet\u0151k\u00e9pz\u0151 Tud\u00e1sk\u00f6zpontot\u00a0 (SZVK)\u00a0<\/strong>\u00e9rint\u0151 k\u00e9rd\u00e9seivel forduljon hozz\u00e1nk bizalommal a\u00a0<a href=\"mailto:szocialisvezetokepzes@emk.semmelweis.hu\" target=\"_blank\" rel=\"noopener\">szocialisvezetokepzes@emk.semmelweis.hu<\/a>\u00a0e-mail-c\u00edmen!<\/p>\n<\/div>\n","protected":false},"excerpt":{"rendered":"<p>Aktu\u00e1lis esem\u00e9nyek Hamarosan&#8230; Kor\u00e1bbi esem\u00e9nyeink 2025.06.26-27. <a href=\"https:\/\/emk.semmelweis.hu\/sociosummit2025\/\" target=\"_blank\" rel=\"noopener\">4. Socio Summit Konferencia 2025<\/a> Megh\u00edv\u00f3: <a href=\"https:\/\/semmelweis.hu\/emk\/2025\/05\/26\/socio-summit-2025-digitalizacio-a-reziliens-szocialis-szolgaltatasokert\/\" target=\"_blank\" rel=\"noopener\">4. Socio Summit Konferencia 2025 &#8211; Digitaliz\u00e1ci\u00f3 a reziliens szoci\u00e1lis szolg\u00e1ltat\u00e1sok\u00e9rt<\/a> <a href=\"https:\/\/semmelweis.hu\/emk\/2025\/07\/04\/sikeresen-lezarult-a-iv-socio-summit-nemzetkozi-konferencia\/\" target=\"_blank\" rel=\"noopener\">Besz\u00e1mol\u00f3nk a IV. Socio Summit Nemzetk\u00f6zi Konferenci\u00e1r\u00f3l<\/a> <a href=\"https:\/\/semmelweis.hu\/emk\/files\/2025\/03\/Meghivo_SZVK_Forum_2025_04_03_fin.pdf\" target=\"_blank\" rel=\"noopener\">2025.04.03. SZVK F\u00f3rum &#8211; a szoci\u00e1lis szakma \u00e9rdekv\u00e9delm\u00e9nek jelene \u00e9s j\u00f6v\u0151je<\/a> <a href=\"https:\/\/emk.semmelweis.hu\/sociosummit2024\/\" target=\"_blank\" rel=\"noopener\">Socio Summit 2024 &#8211; 2024. okt\u00f3ber 18.<\/a> &#8211; ELTE Bib\u00f3 Istv\u00e1n Szakkoll\u00e9gium <a href=\"https:\/\/semmelweis.hu\/emk\/files\/2024\/09\/Meghivo_SZVK_Forum_2024_10_03_fin.pdf\" target=\"_blank\" rel=\"noopener\">2024.10.03.<\/a> <a href=\"https:\/\/semmelweis.hu\/emk\/files\/2024\/09\/Meghivo_SZVK_Forum_2024_10_03_fin.pdf\" target=\"_blank\" rel=\"noopener\"> &#8211; SZVK F\u00f3rum\u00a0 \u00a0<\/a> <a href=\"https:\/\/info.nevesforum.hu\/\" target=\"_blank\" rel=\"noopener\">VI. Betegbiztons\u00e1gi Vil\u00e1gnapi Konferencia <\/a> <a href=\"https:\/\/info.nevesforum.hu\/\" target=\"_blank\" rel=\"noopener\">2024.09.17. <\/a> <a href=\"https:\/\/info.nevesforum.hu\/\" target=\"_blank\" rel=\"noopener\">\u00a0<\/a> <a href=\"https:\/\/semmelweis.hu\/emk\/files\/2022\/04\/SOCIO-SUMMIT.pdf\" target=\"_blank\" rel=\"noopener\">Socio Summit &#8211; K\u0151szeg, 2022. j\u00fanius 9-10.<\/a> <a href=\"https:\/\/semmelweis.hu\/emk\/szocialis-szolgaltatasok-ma-es-holnap-az-egyenlo-eselyu-hozzaferes-es-reziliens-mukodes-biztositasa-erdekeben-socio-summit-2022-konferenciakotet\/\">Socio Summit &#8211; Szoci\u00e1lis szolg\u00e1ltat\u00e1sok ma \u00e9s holnap az egyenl\u0151 es\u00e9ly\u0171 hozz\u00e1f\u00e9r\u00e9s \u00e9s reziliens m\u0171k\u00f6d\u00e9s biztos\u00edt\u00e1sa \u00e9rdek\u00e9ben Socio Summit 2022 \u2013 konferenciak\u00f6tet<\/a> <a href=\"https:\/\/semmelweis.hu\/emk\/20113-2\/\">Projektbemutat\u00f3 konferencia \u00e9s tan\u00fas\u00edtv\u00e1ny-\u00e1tad\u00f3 \u00fcnneps\u00e9g &#8211; 2022.10.20<\/a> Szalon:\u00a0 <a href=\"https:\/\/semmelweis.hu\/emk\/szvk-szalon-2019-09-23\/\">2019.09.23. &#8211; SZVK Szalon bemutatkoz\u00e1sa-Sz\u00f3cska Mikl\u00f3s<\/a> <a href=\"https:\/\/semmelweis.hu\/emk\/szalon-amigos-a-gyerekekert\/\">2019.11.11. &#8211; &#8222;Amigos a gyerekek\u00e9rt&#8221;-F\u00e1bi\u00e1n S\u00e1ra\u00a0<\/a> <a href=\"https:\/\/semmelweis.hu\/emk\/szalon-szemelyi-asszisztencia\/\">2020.02.19. &#8211; Szem\u00e9lyi asszisztencia<\/a> <a href=\"https:\/\/semmelweis.hu\/emk\/szalon-vaczy-blanka-2020\/\">2020.03.02. &#8211; A digitaliz\u00e1ci\u00f3 hat\u00e1sa a szoci\u00e1lis szolg\u00e1ltat\u00e1sokra-Dr. Storen-Vaczy Blanka<\/a> F\u00f3rum: <a href=\"https:\/\/semmelweis.hu\/emk\/2020-oktober-9-szvk-forum\/\">2020.10.09. &#8211; SZVK F\u00f3rum<\/a> <a href=\"http:\/\/semmelweis.hu\/emk\/szvk-forum-2022-junius-1-a-szocialis-szolgaltatasok-erdekkepviselete-erdekvedelme\">2022.06.01. &#8211; SZVK <\/a> <a href=\"http:\/\/semmelweis.hu\/emk\/szvk-forum-2022-junius-1-a-szocialis-szolgaltatasok-erdekkepviselete-erdekvedelme\">F\u00f3rum<\/a> <a href=\"https:\/\/semmelweis.hu\/emk\/szvk-forum-2022-marcius-16\/\" target=\"_blank\" rel=\"noopener\">2022.03.16. &#8211; SZVK F\u00f3rum &#8211; Szoci\u00e1lis szolg\u00e1ltat\u00e1sok enged\u00e9lyez\u00e9se \u00e9s ellen\u0151rz\u00e9se<\/a> <a href=\"https:\/\/semmelweis.hu\/emk\/files\/2023\/02\/Meghivo_SZVK-Forum_2023_03_02-1.pdf\" target=\"_blank\" rel=\"noopener\">2023.03.02. &#8211; SZVK F\u00f3rum<\/a> 2024.04.11. &#8211; <a href=\"https:\/\/info.nevesforum.hu\/2024\/04\/64-neves-forum\/\" target=\"_blank\" rel=\"noopener\">64. NEVES F\u00f3rum<\/a> A Szoci\u00e1lis Vezet\u0151k\u00e9pz\u0151 Tud\u00e1sk\u00f6zpont inform\u00e1ci\u00f3i: <a href=\"https:\/\/semmelweis.hu\/emk\/szocialis-vezetokepzo-tudaskozpont\/oktatas-2-2\/\" target=\"_blank\" rel=\"noopener\">Oktat\u00e1s<\/a> <a href=\"https:\/\/semmelweis.hu\/emk\/szocialis-vezetokepzo-tudaskozpont\/intezmenymenedzsment-2\/\" target=\"_blank\" rel=\"noopener\">Int\u00e9zm\u00e9nymenedzsment<\/a> <a href=\"https:\/\/semmelweis.hu\/emk\/szocialis-vezetokepzo-tudaskozpont\/kiadvanyok-publikaciok\/\" target=\"_blank\" rel=\"noopener\">Kiadv\u00e1nyok\/Publik\u00e1ci\u00f3k<\/a> <a href=\"https:\/\/semmelweis.hu\/emk\/szocialis-vezetokepzo-tudaskozpont\/szocialis-valsagmenedzsment-eszkoztar\/\" target=\"_blank\" rel=\"noopener\">Szoci\u00e1lis V\u00e1ls\u00e1gmenedzsment Eszk\u00f6zt\u00e1r<\/a> <a href=\"https:\/\/semmelweis.hu\/emk\/szocialis-vezetokepzo-tudaskozpont\/hirlevel\/\" target=\"_blank\" rel=\"noopener\">H\u00edrlev\u00e9l<\/a> <a href=\"https:\/\/semmelweis.hu\/emk\/szocialis-vezetokepzo-tudaskozpont\/elerhetosegek-2-2\/\" target=\"_blank\" rel=\"noopener\">El\u00e9rhet\u0151s\u00e9gek<\/a> <a href=\"https:\/\/semmelweis.hu\/emk\/szocialis-vezetokepzo-tudaskozpont\/gyik-2\/\" target=\"_blank\" rel=\"noopener\">GYIK<\/a> <a href=\"https:\/\/semmelweis.hu\/emk\/szocialis-vezetokepzo-tudaskozpont\/rolunk-mondtak-2\/\" target=\"_blank\" rel=\"noopener\">R\u00f3lunk mondt\u00e1k<\/a> A Semmelweis Egyetem Eg\u00e9szs\u00e9g\u00fcgyi K\u00f6zszolg\u00e1lati Kar Eg\u00e9szs\u00e9g\u00fcgyi Menedzserk\u00e9pz\u0151 K\u00f6zpont \u2013 Szoci\u00e1lis Vezet\u0151k\u00e9pz\u0151 Tud\u00e1sk\u00f6zpontot\u00a0 (SZVK)\u00a0\u00e9rint\u0151 k\u00e9rd\u00e9seivel forduljon hozz\u00e1nk bizalommal a\u00a0 <a href=\"mailto:szocialisvezetokepzes@emk.semmelweis.hu\" target=\"_blank\" rel=\"noopener\">szocialisvezetokepzes@emk.semmelweis.hu<\/a> &hellip;<\/p>\n","protected":false},"author":101742,"featured_media":0,"parent":17224,"menu_order":4,"comment_status":"closed","ping_status":"closed","template":"","meta":{"_acf_changed":false,"footnotes":""},"categories":[],"tags":[],"class_list":["post-17641","page","type-page","status-publish","hentry"],"acf":[],"_links":{"self":[{"href":"https:\/\/semmelweis.hu\/emk\/wp-json\/wp\/v2\/pages\/17641","targetHints":{"allow":["GET"]}}],"collection":[{"href":"https:\/\/semmelweis.hu\/emk\/wp-json\/wp\/v2\/pages"}],"about":[{"href":"https:\/\/semmelweis.hu\/emk\/wp-json\/wp\/v2\/types\/page"}],"author":[{"embeddable":true,"href":"https:\/\/semmelweis.hu\/emk\/wp-json\/wp\/v2\/users\/101742"}],"replies":[{"embeddable":true,"href":"https:\/\/semmelweis.hu\/emk\/wp-json\/wp\/v2\/comments?post=17641"}],"version-history":[{"count":11,"href":"https:\/\/semmelweis.hu\/emk\/wp-json\/wp\/v2\/pages\/17641\/revisions"}],"predecessor-version":[{"id":26903,"href":"https:\/\/semmelweis.hu\/emk\/wp-json\/wp\/v2\/pages\/17641\/revisions\/26903"}],"up":[{"embeddable":true,"href":"https:\/\/semmelweis.hu\/emk\/wp-json\/wp\/v2\/pages\/17224"}],"wp:attachment":[{"href":"https:\/\/semmelweis.hu\/emk\/wp-json\/wp\/v2\/media?parent=17641"}],"wp:term":[{"taxonomy":"category","embeddable":true,"href":"https:\/\/semmelweis.hu\/emk\/wp-json\/wp\/v2\/categories?post=17641"},{"taxonomy":"post_tag","embeddable":true,"href":"https:\/\/semmelweis.hu\/emk\/wp-json\/wp\/v2\/tags?post=17641"}],"curies":[{"name":"wp","href":"https:\/\/api.w.org\/{rel}","templated":true}]}}