{"id":17475,"date":"2020-09-10T12:13:29","date_gmt":"2020-09-10T10:13:29","guid":{"rendered":"https:\/\/semmelweis.hu\/emk\/?page_id=17475"},"modified":"2026-03-12T11:27:35","modified_gmt":"2026-03-12T10:27:35","slug":"a-projektrol","status":"publish","type":"page","link":"https:\/\/semmelweis.hu\/emk\/szocialis-vezetokepzo-tudaskozpont\/a-projektrol\/","title":{"rendered":"Szoci\u00e1lis hum\u00e1n er\u0151forr\u00e1s fejleszt\u00e9se projekt"},"content":{"rendered":"<p style=\"text-align: justify\">\u00a0<a class=\"fixedlogo\" href=\"https:\/\/semmelweis.hu\/emk\/files\/2016\/08\/infoblokk_kedv_final_CMYK_-ESZA.png\"><img loading=\"lazy\" decoding=\"async\" class=\"alignright wp-image-10635 size-medium\" src=\"https:\/\/semmelweis.hu\/emk\/files\/2020\/04\/infoblokk_kedv_final_CMYK_-ESZA.png\" alt=\"HELIUM\" width=\"400\" height=\"400\" \/><\/a><\/p>\n<table style=\"border-collapse: collapse;width: 100.368%;height: 244px\">\n<tbody>\n<tr>\n<td style=\"width: 48.5405%;text-align: center\" width=\"185\" height=\"19\"><strong>Projekt c\u00edme<\/strong><\/td>\n<td style=\"width: 51.4054%;text-align: center\" width=\"196\"><strong>Szoci\u00e1lis hum\u00e1n er\u0151forr\u00e1s fejleszt\u00e9se<\/strong><\/td>\n<\/tr>\n<tr>\n<td style=\"width: 48.5405%;text-align: center\" width=\"185\" height=\"19\"><strong>Szerz\u0151d\u00e9s sz\u00e1ma<\/strong><\/td>\n<td style=\"width: 51.4054%;text-align: center\" width=\"196\">EFOP-3.8.2-16-2016-00001<\/td>\n<\/tr>\n<tr>\n<td style=\"width: 48.5405%;text-align: center\" width=\"185\" height=\"19\"><strong>T\u00e1mogat\u00e1s \u00f6sszege (Ft)<\/strong><\/td>\n<td style=\"width: 51.4054%;text-align: center\" width=\"196\">11 748 644 499<\/td>\n<\/tr>\n<tr>\n<td style=\"width: 48.5405%;text-align: center\" width=\"185\" height=\"19\"><strong>\u00d6sszk\u00f6lts\u00e9g (Ft)<\/strong><\/td>\n<td style=\"width: 51.4054%;text-align: center\" width=\"196\">11 748 644 499<\/td>\n<\/tr>\n<tr>\n<td style=\"width: 48.5405%;text-align: center\" width=\"185\" height=\"19\"><strong>A projekt megval\u00f3s\u00edt\u00e1s\u00e1nak kezdete<\/strong><\/td>\n<td style=\"width: 51.4054%;text-align: center\" width=\"196\">2016.10.01<\/td>\n<\/tr>\n<tr>\n<td style=\"width: 48.5405%;text-align: center\" width=\"185\" height=\"24\"><strong>A projekt fizikai befejez\u00e9s\u00e9nek hat\u00e1rideje<\/strong><\/td>\n<td style=\"width: 51.4054%;text-align: center\" width=\"196\">2023.06.30<\/td>\n<\/tr>\n<tr>\n<td style=\"width: 48.5405%;text-align: center\" width=\"185\" height=\"25\"><strong>Konzorciumi megval\u00f3s\u00edt\u00e1s<\/strong><\/td>\n<td style=\"width: 51.4054%;text-align: center\" width=\"196\">SLACHTA MARGIT NEMZETI SZOCI\u00c1LPOLITIKAI INT\u00c9ZET<\/td>\n<\/tr>\n<\/tbody>\n<\/table>\n<table style=\"border-collapse: collapse;width: 100.64%;height: 246px\">\n<tbody>\n<tr>\n<td style=\"width: 35.3076%;text-align: center\" width=\"185\" height=\"19\"><strong>Projekt c\u00edme<\/strong><\/td>\n<td style=\"width: 37.1298%;text-align: center\" width=\"196\"><strong>Szoci\u00e1lis hum\u00e1n er\u0151forr\u00e1s fejleszt\u00e9se<\/strong><\/td>\n<\/tr>\n<tr>\n<td style=\"width: 35.3076%;text-align: center\" width=\"185\" height=\"19\"><strong>Szerz\u0151d\u00e9s sz\u00e1ma<\/strong><\/td>\n<td style=\"width: 37.1298%;text-align: center\" width=\"196\">VEKOP-7.5.1-16-2016-00001<\/td>\n<\/tr>\n<tr>\n<td style=\"width: 35.3076%;text-align: center\" width=\"185\" height=\"19\"><strong>T\u00e1mogat\u00e1s \u00f6sszege (Ft)<\/strong><\/td>\n<td style=\"width: 37.1298%;text-align: center\" width=\"196\">2 333 000 000<\/td>\n<\/tr>\n<tr>\n<td style=\"width: 35.3076%;text-align: center\" width=\"185\" height=\"19\"><strong>\u00d6sszk\u00f6lts\u00e9g (Ft)<\/strong><\/td>\n<td style=\"width: 37.1298%;text-align: center\" width=\"196\">2 333 000 000<\/td>\n<\/tr>\n<tr>\n<td style=\"width: 35.3076%;text-align: center\" width=\"185\" height=\"19\"><strong>A projekt megval\u00f3s\u00edt\u00e1s\u00e1nak kezdete<\/strong><\/td>\n<td style=\"width: 37.1298%;text-align: center\" width=\"196\">2017.01.01<\/td>\n<\/tr>\n<tr>\n<td style=\"width: 35.3076%;text-align: center\" width=\"185\" height=\"24\"><strong>A projekt fizikai befejez\u00e9s\u00e9nek hat\u00e1rideje<\/strong><\/td>\n<td style=\"width: 37.1298%;text-align: center\" width=\"196\">2023.09.30<\/td>\n<\/tr>\n<tr>\n<td style=\"width: 35.3076%;text-align: center\" width=\"185\" height=\"25\"><strong>Konzorciumi megval\u00f3s\u00edt\u00e1s<\/strong><\/td>\n<td style=\"width: 37.1298%;text-align: center\" width=\"196\">SLACHTA MARGIT NEMZETI SZOCI\u00c1LPOLITIKAI INT\u00c9ZET<\/td>\n<\/tr>\n<\/tbody>\n<\/table>\n<p style=\"text-align: justify\">Az <em>EFOP-3.8.2-16 \u00e9s VEKOP 7.5.1-16 Szoci\u00e1lis hum\u00e1n er\u0151forr\u00e1s fejleszt\u00e9se <\/em>c\u00edm\u0171 kiemelt projekt keret\u00e9ben, Vezet\u0151k\u00e9pz\u00e9s alprogram alatt a szoci\u00e1lis \u00e1gazat tov\u00e1bbk\u00e9pz\u00e9si rendszer\u00e9nek \u00e1talak\u00edt\u00e1sa r\u00e9szek\u00e9nt megjelent egy olyan kor\u00e1bban nem l\u00e9tez\u0151, innovat\u00edv k\u00e9pz\u00e9s, amely kifejezetten az \u00e1gazatban dolgoz\u00f3 k\u00f6z\u00e9p- \u00e9s fels\u0151vezet\u0151ket k\u00e9sz\u00edti fel feladataik hat\u00e9konyabb v\u00e9gz\u00e9s\u00e9re.\u00a0 A 25\/2017 (X.18) a vezet\u0151i megb\u00edz\u00e1ssal rendelkez\u0151 szoci\u00e1lis szolg\u00e1ltat\u00e1st ny\u00fajt\u00f3 szem\u00e9lyek vezet\u0151k\u00e9pz\u00e9s\u00e9r\u0151l EMMI rendelet els\u0151k\u00e9nt a Semmelweis Egyetemet (SE) neves\u00edtette a hat\u00f3s\u00e1gi jelleg\u0171 k\u00e9pz\u00e9s szervez\u0151jek\u00e9nt.<\/p>\n<p style=\"text-align: justify\">EFOP alprojekt szerz\u0151d\u00f6tt t\u00e1mogat\u00e1si \u00f6sszeg: 1,577 milli\u00e1rd Ft (1.577.278.895 Ft)<\/p>\n<p style=\"text-align: justify\">Projekt megval\u00f3s\u00edt\u00e1si id\u0151szak:\u00a0 2016.10.01- 2022.06.30.\u00a0<br \/>\nEFOP alprojekt megval\u00f3s\u00edt\u00e1si id\u0151szaka: 2018.01.01- 2021.10.31.<\/p>\n<p style=\"text-align: justify\">EFOP projektid\u0151szak: 2018.01.01- 2021.10.31.<br \/>\nVEKOP projektid\u0151szak:\u00a0<\/p>\n<p style=\"text-align: justify\">EFOP mutat\u00f3sz\u00e1m: 2848 f\u0151<br \/>\nVEKOP mutat\u00f3sz\u00e1m: 657 f\u0151<\/p>\n<p style=\"text-align: justify\">Az Alprogram v\u00e9grehajt\u00e1sa az al\u00e1bbi f\u0151 tev\u00e9kenys\u00e9gek r\u00e9v\u00e9n val\u00f3sul meg:<\/p>\n<p style=\"text-align: justify\"><strong>1. Tan\u00e1ri magcsoport l\u00e9trehoz\u00e1sa \u00e9s m\u0171k\u00f6dtet\u00e9se<\/strong><\/p>\n<p style=\"text-align: justify\"><strong>2. K\u00e9pz\u00e9si tev\u00e9kenys\u00e9g<\/strong> (Budapesten \u00e9s vid\u00e9ken): A vezet\u0151k\u00e9pz\u00e9si tev\u00e9kenys\u00e9g jelenti az alprojekt legf\u0151bb tev\u00e9kenys\u00e9g\u00e9t. A tev\u00e9kenys\u00e9g j\u00e1rul legnagyobb m\u00e9rt\u00e9kben hozz\u00e1 a T\u00e1mogat\u00f3 \u00e1ltal elv\u00e1rt indik\u00e1torok teljes\u00fcl\u00e9s\u00e9hez.<\/p>\n<p style=\"text-align: justify\"><strong>3. Disszemin\u00e1ci\u00f3 \u00e9s int\u00e9zm\u00e9nyi implement\u00e1ci\u00f3<\/strong><\/p>\n<p style=\"text-align: justify\">Disszemin\u00e1ci\u00f3: A tev\u00e9kenys\u00e9g c\u00e9lja a k\u00e9pz\u00e9s kimeneteinek, eredm\u00e9nyeinek, a k\u00e9pz\u00e9s hat\u00e1s\u00e1ra l\u00e9trej\u00f6tt j\u00f3gyakorlatoknak \u00e9s fejleszt\u00e9seknek sz\u00e9les k\u00f6rben t\u00f6rt\u00e9n\u0151 megoszt\u00e1sa, \u00e1gazati szint\u0171 n\u00e9pszer\u0171s\u00edt\u00e9se, a k\u00e9pz\u00e9s \u00e9rt\u00e9keinek \u00e9s eredm\u00e9nyeinek megismertet\u00e9se a sz\u00e9lesebb k\u00f6zv\u00e9lem\u00e9nnyel valamint az int\u00e9zm\u00e9nyi szint\u0171 implement\u00e1ci\u00f3.<\/p>\n<ul style=\"text-align: justify\">\n<li>Benchmark: a k\u00e9pz\u00e9s sor\u00e1n a rendszerben megl\u00e9v\u0151 j\u00f3gyakorlatok azonos\u00edt\u00e1sa \u00e9s azok terjeszt\u00e9se, oktat\u00e1sa, a tapasztalatok \u00f6sszegz\u00e9se \u00e1gazati \u00e9s int\u00e9zm\u00e9nyt\u00edpus szinten, ezek alapj\u00e1n esettanulm\u00e1nyok k\u00e9sz\u00edt\u00e9se sz\u00fcks\u00e9ges.<\/li>\n<li>Twinning: Azonos int\u00e9zm\u00e9nyt\u00edpusokhoz tartoz\u00f3 szervezetek szinergi\u00e1j\u00e1nak t\u00e1mogat\u00e1sa.<\/li>\n<li>H\u00e1l\u00f3zatok kialakul\u00e1s\u00e1nak t\u00e1mogat\u00e1sa, h\u00e1l\u00f3zati tanul\u00e1s.<\/li>\n<li>Int\u00e9zm\u00e9nyi menedzsment fejleszt\u0151 programok: a projektben a vezet\u0151k\u00e9pz\u00e9sbe bekapcsol\u00f3d\u00f3 szerepl\u0151k (emelt \u00e9s alapszint\u0171 k\u00e9pz\u00e9s) tud\u00e1s\u00e1nak t\u00e9nyleges gyakorlati haszna abban az esetben jelentkezik, ha az int\u00e9zm\u00e9nyi probl\u00e9m\u00e1k megold\u00e1s\u00e1ban tudj\u00e1k alkalmazni a megszerzett tud\u00e1st \u00e9s az az ell\u00e1t\u00e1s min\u0151s\u00e9g\u00e9ben is jelentkezik.<\/li>\n<\/ul>\n<p style=\"text-align: justify\"><strong>4. Kutat\u00e1s-elemz\u00e9s <\/strong><\/p>\n<p style=\"text-align: justify\">Kutat\u00e1s &#8211; elemz\u00e9si tev\u00e9kenys\u00e9g: a tev\u00e9kenys\u00e9g c\u00e9lja az \u00e1gazatot \u00e9rint\u0151 -els\u0151sorban nemzetk\u00f6zi- tudom\u00e1nyos vizsg\u00e1latok eredm\u00e9nyeinek \u00e1ttekint\u00e9se, saj\u00e1t adatfelv\u00e9telek megszervez\u00e9se, kutat\u00e1si diz\u00e1jn tervez\u00e9se, a kutat\u00e1sok lebonyol\u00edt\u00e1sa. A kutat\u00e1si tev\u00e9kenys\u00e9g hozz\u00e1j\u00e1rul a vezet\u0151k\u00e9pz\u00e9st \u00e9rint\u0151 strat\u00e9giai d\u00f6nt\u00e9sek hat\u00e9kony meghozatal\u00e1hoz, az \u00e1gazatban megl\u00e9v\u0151 probl\u00e9m\u00e1k azonos\u00edt\u00e1s\u00e1hoz.<\/p>\n<p style=\"text-align: justify\"><strong>5. Szakmai konzult\u00e1ci\u00f3, Szakmai Konzult\u00e1ci\u00f3s Test\u00fclet<\/strong><\/p>\n<p style=\"text-align: justify\">Szakmai konzult\u00e1ci\u00f3: a tev\u00e9kenys\u00e9g c\u00e9lja, hogy az Alprogramra vonatkoz\u00f3an folyamatos lehet\u0151s\u00e9g \u00e9s szakmai monitoring \u00e1lljon rendelkez\u00e9sre a szakmai el\u0151rehalad\u00e1s nyomonk\u00f6vet\u00e9s\u00e9re, szakmai \u00e9rt\u00e9kel\u00e9sre, v\u00e9lem\u00e9nyek kik\u00e9r\u00e9s\u00e9re<\/p>\n<ul style=\"text-align: justify\">\n<li>Szakmai Konzult\u00e1ci\u00f3s Test\u00fclet (SZKT) l\u00e9trehoz\u00e1s\u00e1nak c\u00e9lja, hogy a projekt strat\u00e9gia szint\u0171 el\u0151rehalad\u00e1sa folyamatosan monitoriz\u00e1l\u00e1sra ker\u00fclj\u00f6n \u00e9s a projekt vezet\u00e9se, els\u0151sorban a strat\u00e9giai szakmai vezet\u0151 a felmer\u00fcl\u0151 k\u00e9rd\u00e9sekkel kapcsolatban konzult\u00e1ci\u00f3s lehet\u0151s\u00e9ggel rendelkezzen a szoci\u00e1lis \u00e9s a kapcsol\u00f3d\u00f3 ter\u00fclet f\u0151bb stakeholdereivel. A Test\u00fcletnek olyan korm\u00e1nyzati, nem-korm\u00e1nyzati (civil) \u00e9s akad\u00e9miai szerepl\u0151k a tagjai (max. 10 f\u0151), akik rendszeresen \u00fcl\u00e9seznek (legal\u00e1bb negyed\u00e9vente).<\/li>\n<li>A konzult\u00e1ci\u00f3 speci\u00e1lis form\u00e1j\u00e1t k\u00e9pezik azok a F\u00f3rumok, amelyeket a l\u00e9trehozott oktat\u00e1si anyagok szakmai megvitat\u00e1sa \u00e9rdek\u00e9ben sz\u00fcks\u00e9ges megtartani.<\/li>\n<\/ul>\n<div class=\"keretes w-100\">\n<p style=\"text-align: justify\"><strong><a href=\"https:\/\/semmelweis.hu\/emk\/szocialis-vezetokepzo-tudaskozpont\/a-projektrol\/befejezett-kepzesek\/\">Befejezett k\u00e9pz\u00e9seink<\/a><\/strong><\/p>\n<p style=\"text-align: justify\"><strong><a href=\"https:\/\/semmelweis.hu\/emk\/szocialis-vezetokepzo-tudaskozpont\/a-projektrol\/lezajlott-esemenyeink\/\">Lezajlott esem\u00e9nyeink<\/a><\/strong><\/p>\n<p style=\"text-align: justify\"><strong><a href=\"https:\/\/semmelweis.hu\/emk\/szocialis-vezetokepzo-tudaskozpont\/a-projektrol\/megvalosult-intezmenymenedzsment-programok\/\">Megval\u00f3sult int\u00e9zm\u00e9nymenedzsment programok<\/a><\/strong><\/p>\n<\/div>\n<h5>Tov\u00e1bbi hasznos inform\u00e1ci\u00f3k<\/h5>\n<ul style=\"list-style-type: square\">\n<li><strong><a href=\"https:\/\/semmelweis.hu\/emk\/szocialis-vezetokepzo-tudaskozpont\/oktatas-2-2\/\" target=\"_blank\" rel=\"noopener\">Oktat\u00e1s<\/a><\/strong><\/li>\n<li><strong><a href=\"https:\/\/semmelweis.hu\/emk\/szocialis-vezetokepzo-tudaskozpont\/intezmenymenedzsment-2\/\" target=\"_blank\" rel=\"noopener\">Int\u00e9zm\u00e9nymenedzsment<\/a><\/strong><\/li>\n<li><strong><a href=\"https:\/\/semmelweis.hu\/emk\/szocialis-vezetokepzo-tudaskozpont\/kiadvanyok-publikaciok\/\" target=\"_blank\" rel=\"noopener\">Kiadv\u00e1nyok\/Publik\u00e1ci\u00f3k<\/a><\/strong><\/li>\n<li><strong><a href=\"https:\/\/semmelweis.hu\/emk\/szocialis-vezetokepzo-tudaskozpont\/esemenynaptar-2\/\" target=\"_blank\" rel=\"noopener\">Esem\u00e9nynapt\u00e1r<\/a><\/strong><\/li>\n<li><strong><a href=\"https:\/\/semmelweis.hu\/emk\/szocialis-vezetokepzo-tudaskozpont\/szocialis-valsagmenedzsment-eszkoztar\/\" target=\"_blank\" rel=\"noopener\">Szoci\u00e1lis V\u00e1ls\u00e1gmenedzsment Eszk\u00f6zt\u00e1r<\/a><\/strong><\/li>\n<li><strong><a href=\"https:\/\/semmelweis.hu\/emk\/szocialis-vezetokepzo-tudaskozpont\/hirlevel\/\" target=\"_blank\" rel=\"noopener\">H\u00edrlev\u00e9l<\/a><\/strong><\/li>\n<li><strong><a href=\"https:\/\/semmelweis.hu\/emk\/szocialis-vezetokepzo-tudaskozpont\/elerhetosegek-2-2\/\" target=\"_blank\" rel=\"noopener\">El\u00e9rhet\u0151s\u00e9gek<\/a><\/strong><\/li>\n<li><strong><a href=\"https:\/\/semmelweis.hu\/emk\/szocialis-vezetokepzo-tudaskozpont\/gyik-2\/\" target=\"_blank\" rel=\"noopener\">GYIK<\/a><\/strong><\/li>\n<li><strong><a href=\"https:\/\/semmelweis.hu\/emk\/szocialis-vezetokepzo-tudaskozpont\/rolunk-mondtak-2\/\" target=\"_blank\" rel=\"noopener\">R\u00f3lunk mondt\u00e1k<\/a><\/strong><\/li>\n<\/ul>\n<div class=\"keretes w-100\">\n<p><strong>A Semmelweis Egyetem Eg\u00e9szs\u00e9g\u00fcgyi K\u00f6zszolg\u00e1lati Kar Eg\u00e9szs\u00e9g\u00fcgyi Menedzserk\u00e9pz\u0151 K\u00f6zpont \u2013 Szoci\u00e1lis Vezet\u0151k\u00e9pz\u0151 Tud\u00e1sk\u00f6zpontot\u00a0 (SZVK)\u00a0<\/strong>\u00e9rint\u0151 k\u00e9rd\u00e9seivel forduljon hozz\u00e1nk bizalommal a\u00a0<a href=\"mailto:szocialisvezetokepzes@emk.semmelweis.hu\" target=\"_blank\" rel=\"noopener\">szocialisvezetokepzes@emk.semmelweis.hu<\/a>\u00a0e-mail-c\u00edmen!<\/p>\n<\/div>\n","protected":false},"excerpt":{"rendered":"<p>\u00a0 <a class=\"fixedlogo\" href=\"https:\/\/semmelweis.hu\/emk\/files\/2016\/08\/infoblokk_kedv_final_CMYK_-ESZA.png\"><\/a> Projekt c\u00edme Szoci\u00e1lis hum\u00e1n er\u0151forr\u00e1s fejleszt\u00e9se Szerz\u0151d\u00e9s sz\u00e1ma EFOP-3.8.2-16-2016-00001 T\u00e1mogat\u00e1s \u00f6sszege (Ft) 11 748 644 499 \u00d6sszk\u00f6lts\u00e9g (Ft) 11 748 644 499 A projekt megval\u00f3s\u00edt\u00e1s\u00e1nak kezdete 2016.10.01 A projekt fizikai befejez\u00e9s\u00e9nek hat\u00e1rideje 2023.06.30 Konzorciumi megval\u00f3s\u00edt\u00e1s SLACHTA MARGIT NEMZETI SZOCI\u00c1LPOLITIKAI INT\u00c9ZET Projekt c\u00edme Szoci\u00e1lis hum\u00e1n er\u0151forr\u00e1s fejleszt\u00e9se Szerz\u0151d\u00e9s sz\u00e1ma VEKOP-7.5.1-16-2016-00001 T\u00e1mogat\u00e1s \u00f6sszege (Ft) 2 333 &hellip;<\/p>\n","protected":false},"author":101742,"featured_media":0,"parent":17224,"menu_order":3,"comment_status":"closed","ping_status":"closed","template":"","meta":{"_acf_changed":false,"footnotes":""},"categories":[],"tags":[],"class_list":["post-17475","page","type-page","status-publish","hentry"],"acf":[],"_links":{"self":[{"href":"https:\/\/semmelweis.hu\/emk\/wp-json\/wp\/v2\/pages\/17475","targetHints":{"allow":["GET"]}}],"collection":[{"href":"https:\/\/semmelweis.hu\/emk\/wp-json\/wp\/v2\/pages"}],"about":[{"href":"https:\/\/semmelweis.hu\/emk\/wp-json\/wp\/v2\/types\/page"}],"author":[{"embeddable":true,"href":"https:\/\/semmelweis.hu\/emk\/wp-json\/wp\/v2\/users\/101742"}],"replies":[{"embeddable":true,"href":"https:\/\/semmelweis.hu\/emk\/wp-json\/wp\/v2\/comments?post=17475"}],"version-history":[{"count":12,"href":"https:\/\/semmelweis.hu\/emk\/wp-json\/wp\/v2\/pages\/17475\/revisions"}],"predecessor-version":[{"id":26891,"href":"https:\/\/semmelweis.hu\/emk\/wp-json\/wp\/v2\/pages\/17475\/revisions\/26891"}],"up":[{"embeddable":true,"href":"https:\/\/semmelweis.hu\/emk\/wp-json\/wp\/v2\/pages\/17224"}],"wp:attachment":[{"href":"https:\/\/semmelweis.hu\/emk\/wp-json\/wp\/v2\/media?parent=17475"}],"wp:term":[{"taxonomy":"category","embeddable":true,"href":"https:\/\/semmelweis.hu\/emk\/wp-json\/wp\/v2\/categories?post=17475"},{"taxonomy":"post_tag","embeddable":true,"href":"https:\/\/semmelweis.hu\/emk\/wp-json\/wp\/v2\/tags?post=17475"}],"curies":[{"name":"wp","href":"https:\/\/api.w.org\/{rel}","templated":true}]}}