{"id":17207,"date":"2020-07-02T11:20:32","date_gmt":"2020-07-02T09:20:32","guid":{"rendered":"https:\/\/semmelweis.hu\/emk\/?page_id=17207"},"modified":"2025-06-03T14:48:44","modified_gmt":"2025-06-03T12:48:44","slug":"karolina-korhaz-rendelointezet","status":"publish","type":"page","link":"https:\/\/semmelweis.hu\/emk\/szakertoi-tevekenyseg-projektek\/lezart-projektek\/egeszsegugyi-ellatorendszer-szakmai-modszertani-fejlesztese\/jogyakorlatok-gyujtese-fejlesztese-oktatasa\/rovid-osszefoglalok\/karolina-korhaz-rendelointezet\/","title":{"rendered":"Karolina K\u00f3rh\u00e1z-Rendel\u0151int\u00e9zet"},"content":{"rendered":"<p style=\"text-align: justify\"><strong>Karolina K\u00f3rh\u00e1z-Rendel\u0151int\u00e9zet: hossz\u00fa \u00e1pol\u00e1st, gondoz\u00e1st ig\u00e9nyl\u0151 betegek beteg\u00fat-menedzsel\u00e9se <\/strong><\/p>\n<p style=\"text-align: justify\">Magyarorsz\u00e1gon egyre t\u00f6bb a tart\u00f3s \u00e1pol\u00e1sra, gondoz\u00e1sra szorul\u00f3 beteg. Ennek oka r\u00e9szben az id\u0151s\u00f6d\u0151 t\u00e1rsadalom, a kr\u00f3nikus-polimorbid \u00e9s a szoci\u00e1lisan h\u00e1tr\u00e1nyos helyzet\u0171 betegek n\u00f6vekv\u0151 sz\u00e1ma. A hossz\u00fa \u00e1pol\u00e1si vagy gondoz\u00e1si ig\u00e9ny\u0171 betegek indokolatlanul sok \u00e1pol\u00e1si napot t\u00f6ltenek k\u00f3rh\u00e1zi akt\u00edv \u00e1gyon, ami a v\u00e1r\u00f3list\u00e1k \u00e9s az ell\u00e1t\u00e1si k\u00f6lts\u00e9gek n\u00f6veked\u00e9s\u00e9t is jelenti. Szoci\u00e1lis ell\u00e1t\u00e1shoz azonban a f\u00e9r\u0151helyek korl\u00e1tozott sz\u00e1ma, valamint a szab\u00e1lyoz\u00e1s miatt neh\u00e9z hozz\u00e1jutni, az int\u00e9zm\u00e9nyi keretek k\u00f6z\u00f6tti \u00e1pol\u00e1s (\u00e1pol\u00e1si int\u00e9zm\u00e9nyek\/oszt\u00e1lyok, id\u0151sotthonok) ig\u00e9nybev\u00e9tele jellemz\u0151en t\u00f6bb h\u00f3napos el\u0151jegyz\u00e9s alapj\u00e1n t\u00f6rt\u00e9nik. Viszont az ell\u00e1t\u00e1si sz\u00fcks\u00e9glet kialakul\u00e1sa \u00e9s a szoci\u00e1lis ell\u00e1t\u00e1sba val\u00f3 beker\u00fcl\u00e9s k\u00f6z\u00f6tti id\u0151 alatt is gondoskodni kell a beteg megfelel\u0151 \u00e9s biztons\u00e1gos \u00e1pol\u00e1s\u00e1r\u00f3l. Ez\u00e9rt 2013-ban a Karolina K\u00f3rh\u00e1zban t\u00f6bb, egym\u00e1sra \u00e9p\u00fcl\u0151 ell\u00e1t\u00e1si form\u00e1t ig\u00e9nybe v\u00e9ve kialak\u00edtott\u00e1k a hossz\u00fa idej\u0171 \u00e1pol\u00e1sra szorul\u00f3 betegek beteg\u00fatj\u00e1t. Ennek k\u00f6sz\u00f6nhet\u0151en az \u00e9rintett betegek kevesebb id\u0151t t\u00f6ltenek k\u00f3rh\u00e1zi akt\u00edv\/akut \u00e1gyon \u00e9s a finansz\u00edroz\u00e1s szempontj\u00e1b\u00f3l kedvez\u0151bb \u201ehossz\u00fa \u00e1pol\u00e1st\u201d ell\u00e1t\u00f3 oszt\u00e1lyok fel\u00e9 ir\u00e1ny\u00edthat\u00f3k. Ezzel a v\u00e1r\u00f3list\u00e1k cs\u00f6kken\u00e9s\u00e9t is el\u00e9rt\u00e9k, valamint kisz\u00e1m\u00edthat\u00f3bb lett a betegek \u00e1thelyez\u00e9s\u00e9nek \u00fctemez\u00e9se. A beteg\u00fatszervez\u00e9s t\u00f6bbletk\u00f6lts\u00e9ggel nem j\u00e1rt, mert a beteg\u00fat szervez\u00e9s\u00e9t be\u00e9p\u00edtett\u00e9k az \u00e9rintett munkat\u00e1rsak napi munkav\u00e9gz\u00e9s\u00e9be.\u00a0<\/p>\n<p style=\"text-align: justify\"><strong>A j\u00f3gyakorlat bemutat\u00e1sa<\/strong><\/p>\n<p style=\"text-align: justify\">A betegek k\u00f3rh\u00e1zba ker\u00fcl\u00e9s\u00e9t k\u00f6vet\u0151en az \u00e1llapotfelm\u00e9r\u00e9s, anamn\u00e9zis felv\u00e9tele sor\u00e1n, valamint a beteg ell\u00e1t\u00e1sakor felm\u00e9rik a hossz\u00fa t\u00e1v\u00fa \u00e1pol\u00e1si sz\u00fcks\u00e9gletet. Amennyiben ez el\u00e9ri, illetve meghaladja a napi 4 \u00f3r\u00e1t, elind\u00edtj\u00e1k a beteg\u00fatszervez\u00e9st. Az oszt\u00e1lyvezet\u0151 f\u0151orvos \u00e9s f\u0151n\u0151v\u00e9r a lehet\u0151 leghamarabb megbesz\u00e9l\u00e9st tartanak a beteggel, a hozz\u00e1tartoz\u00f3kkal \u00e9s a k\u00f3rh\u00e1zi szoci\u00e1lis munk\u00e1ssal a beteg jelenlegi \u00e9s k\u00e9s\u0151bb v\u00e1rhat\u00f3 eg\u00e9szs\u00e9gi \u00e1llapot\u00e1r\u00f3l, illetve az \u00e1pol\u00e1si sz\u00fcks\u00e9gleteir\u0151l. \u00c1ttekintik a beteg \u00e1llapot\u00e1nak megfelel\u0151 elhelyez\u00e9si \u2013 otthoni \u00e9s int\u00e9zm\u00e9nyi \u2013 lehet\u0151s\u00e9geket, a szoci\u00e1lis \u00e9s anyagi h\u00e1tteret (az int\u00e9zm\u00e9nyi keretek k\u00f6z\u00f6tti ell\u00e1t\u00e1st tudja-e fizetni, anyagi kieg\u00e9sz\u00edt\u00e9si lehet\u0151s\u00e9gek a hozz\u00e1tartoz\u00f3 r\u00e9sz\u00e9r\u0151l vagy seg\u00e9lyig\u00e9nyl\u00e9s form\u00e1j\u00e1ban). Sok esetben (pl. hozz\u00e1tartoz\u00f3 hi\u00e1nya) a gondnoks\u00e1g al\u00e1 helyez\u00e9st is el kell ind\u00edtani, amely t\u00f6bb h\u00f3napos elj\u00e1r\u00e1st jelent. A k\u00f3rh\u00e1zi szoci\u00e1lis munk\u00e1s v\u00e9gig seg\u00edti a beteget \u00e9s a hozz\u00e1tartoz\u00f3t a szoci\u00e1lis \u00e9s jogi \u00fcgyek int\u00e9z\u00e9s\u00e9ben, mint p\u00e9ld\u00e1ul int\u00e9zm\u00e9nyek, id\u0151sotthonok keres\u00e9se, seg\u00e9lyek, szoci\u00e1lis \u00fcgyek, vagy a gondnoks\u00e1g al\u00e1 helyez\u00e9s int\u00e9z\u00e9se. A szoci\u00e1lis munk\u00e1s \u00e1ltal int\u00e9zett esetek sz\u00e1m\u00e1nak n\u00f6veked\u00e9se a rendszer hat\u00e9konys\u00e1g\u00e1t jelzi.<\/p>\n<p style=\"text-align: justify\">Ha a hozz\u00e1tartoz\u00f3 v\u00e1llalja \u00e9s az \u00e1pol\u00e1si sz\u00fcks\u00e9gleteknek megfelel\u0151en el tudja l\u00e1tni otthon\u00e1ban a beteget, akkor a beteget \u00e9s a hozz\u00e1tartoz\u00f3t eduk\u00e1ci\u00f3ban r\u00e9szes\u00edtik. Megtan\u00edtj\u00e1k sz\u00e1mukra a beteg \u00e1pol\u00e1s\u00e1val kapcsolatos gyakorlati teend\u0151ket (pelenk\u00e1z\u00e1s, sebk\u00f6t\u00f6z\u00e9s, antidecubitus-technik\u00e1k, mobiliz\u00e1l\u00e1s stb.). Megszervezik az otthoni \u00e1pol\u00e1shoz sz\u00fcks\u00e9ges eszk\u00f6z\u00f6kkel val\u00f3 ell\u00e1t\u00e1st (beteg\u00e1gyb\u00e9rl\u00e9s, pelenka, k\u00f6tszer, t\u00e1pszer, seg\u00e9deszk\u00f6z\u00f6k fel\u00edr\u00e1sa). Ig\u00e9ny szerint felveszik a kapcsolatot a h\u00e1ziorvossal, h\u00e1zi beteg\u00e1pol\u00f3kkal, \u00f6nkorm\u00e1nyzattal. Megszervezik a beteg otthon\u00e1ba sz\u00e1ll\u00edt\u00e1s\u00e1t. A z\u00e1r\u00f3jelent\u00e9sen bel\u00fcl \u00e1pol\u00e1si z\u00e1r\u00f3jelent\u00e9sben \u00edr\u00e1sban is r\u00f6gz\u00edtik az \u00e1pol\u00e1si sz\u00fcks\u00e9gletet. Amennyiben a beteg otthon\u00e1ban nem megoldhat\u00f3 a hossz\u00fa t\u00e1v\u00fa biztons\u00e1gos ell\u00e1t\u00e1sa, akkor meg kell kezdeni az \u00e1pol\u00e1si sz\u00fcks\u00e9gleteinek megfelel\u0151 ell\u00e1t\u00e1si lehet\u0151s\u00e9g megszervez\u00e9s\u00e9t. A c\u00e9l ez esetben, hogy a beteg ell\u00e1t\u00e1sa a lehet\u0151 legr\u00f6videbb id\u0151n bel\u00fcl az akut oszt\u00e1lyokr\u00f3l a kr\u00f3nikus vagy rehabilit\u00e1ci\u00f3s vagy \u00e1pol\u00e1si oszt\u00e1lyokra helyez\u0151dj\u00f6n \u00e1t, illetve onnan a beteg, amennyiben \u00e1llapota ezt lehet\u0151v\u00e9 teszi, min\u00e9l hamarabb hossz\u00fa t\u00e1v\u00fa, szoci\u00e1lis int\u00e9zm\u00e9nyi ell\u00e1t\u00e1sba ker\u00fclhessen. Ennek gyors kivitelez\u00e9s\u00e9hez m\u00e1r a hossz\u00fa \u00e1pol\u00e1si sz\u00fcks\u00e9glet megjelen\u00e9sekor elind\u00edtjuk a kr\u00f3nikus \u00e9s rehabilit\u00e1ci\u00f3s oszt\u00e1lyokkal val\u00f3 kapcsolatfelv\u00e9telt, \u00e9s a lehet\u0151 legkor\u00e1bban be\u00fctemezz\u00fck az \u00e1thelyez\u00e9s lehets\u00e9ges idej\u00e9t figyelembe v\u00e9ve az esetleges szabad f\u00e9r\u0151helyek rendelkez\u00e9sre \u00e1ll\u00e1s\u00e1t, illetve a v\u00e1rhat\u00f3 \u00fcresed\u00e9sek idej\u00e9t \u00e9s a v\u00e1rakoz\u00f3k sz\u00e1m\u00e1t.\u00a0 Ezzel p\u00e1rhuzamosan a k\u00f3rh\u00e1zi szoci\u00e1lis munk\u00e1s t\u00e1mogat\u00e1s\u00e1val a hozz\u00e1tartoz\u00f3 (beteg) elind\u00edtja a hossz\u00fa t\u00e1v\u00fa, szoci\u00e1lis int\u00e9zm\u00e9nyi ell\u00e1t\u00e1s ig\u00e9nyl\u00e9s\u00e9t, a beteg v\u00e1r\u00f3list\u00e1ra ker\u00fcl, amelyr\u0151l igazol\u00e1st k\u00e9rnek, \u00e9s ez az oszt\u00e1lyok sz\u00e1m\u00e1ra a betegforgalom tov\u00e1bbi tervez\u00e9se \u00e9rdek\u00e9ben mihamarabb visszacsatol\u00e1sra is ker\u00fcl. \u00a0<\/p>\n<p style=\"text-align: justify\">Fontos, hogy a beteg\u00fatszervez\u00e9s folyamat\u00e1ban minden \u00e9rintett vegyen r\u00e9szt \u00e9s megfelel\u0151en legyen t\u00e1j\u00e9koztatva. Aj\u00e1nlott a folyamat l\u00e9p\u00e9seir\u0151l ellen\u0151rz\u0151 list\u00e1t is k\u00e9sz\u00edteni.<\/p>\n<div class=\"fontos_div w-100\">\n<p style=\"text-align: justify\"><strong>Hol \u00e9rdekl\u0151dhet?<\/strong><\/p>\n<p style=\"text-align: justify\">Garai Csilla diplom\u00e1s \u00e1pol\u00f3, oszt\u00e1lyvezet\u0151 f\u0151n\u0151v\u00e9r<\/p>\n<p style=\"text-align: justify\"><a href=\"mailto:garaics@mail.karolinakorhaz.hu\">garaics@mail.karolinakorhaz.hu<\/a><\/p>\n<p style=\"text-align: justify\"><a href=\"mailto:garai.cs@gmail.com\">garai.cs@gmail.com<\/a><\/p>\n<\/div>\n","protected":false},"excerpt":{"rendered":"<p>Karolina K\u00f3rh\u00e1z-Rendel\u0151int\u00e9zet: hossz\u00fa \u00e1pol\u00e1st, gondoz\u00e1st ig\u00e9nyl\u0151 betegek beteg\u00fat-menedzsel\u00e9se Magyarorsz\u00e1gon egyre t\u00f6bb a tart\u00f3s \u00e1pol\u00e1sra, gondoz\u00e1sra szorul\u00f3 beteg. Ennek oka r\u00e9szben az id\u0151s\u00f6d\u0151 t\u00e1rsadalom, a kr\u00f3nikus-polimorbid \u00e9s a szoci\u00e1lisan h\u00e1tr\u00e1nyos helyzet\u0171 betegek n\u00f6vekv\u0151 sz\u00e1ma. A hossz\u00fa \u00e1pol\u00e1si vagy gondoz\u00e1si ig\u00e9ny\u0171 betegek indokolatlanul sok \u00e1pol\u00e1si napot t\u00f6ltenek k\u00f3rh\u00e1zi akt\u00edv \u00e1gyon, ami a v\u00e1r\u00f3list\u00e1k \u00e9s az ell\u00e1t\u00e1si k\u00f6lts\u00e9gek &hellip;<\/p>\n","protected":false},"author":101539,"featured_media":0,"parent":17196,"menu_order":0,"comment_status":"closed","ping_status":"closed","template":"","meta":{"_acf_changed":false,"footnotes":""},"categories":[],"tags":[],"class_list":["post-17207","page","type-page","status-publish","hentry"],"acf":[],"_links":{"self":[{"href":"https:\/\/semmelweis.hu\/emk\/wp-json\/wp\/v2\/pages\/17207","targetHints":{"allow":["GET"]}}],"collection":[{"href":"https:\/\/semmelweis.hu\/emk\/wp-json\/wp\/v2\/pages"}],"about":[{"href":"https:\/\/semmelweis.hu\/emk\/wp-json\/wp\/v2\/types\/page"}],"author":[{"embeddable":true,"href":"https:\/\/semmelweis.hu\/emk\/wp-json\/wp\/v2\/users\/101539"}],"replies":[{"embeddable":true,"href":"https:\/\/semmelweis.hu\/emk\/wp-json\/wp\/v2\/comments?post=17207"}],"version-history":[{"count":2,"href":"https:\/\/semmelweis.hu\/emk\/wp-json\/wp\/v2\/pages\/17207\/revisions"}],"predecessor-version":[{"id":25163,"href":"https:\/\/semmelweis.hu\/emk\/wp-json\/wp\/v2\/pages\/17207\/revisions\/25163"}],"up":[{"embeddable":true,"href":"https:\/\/semmelweis.hu\/emk\/wp-json\/wp\/v2\/pages\/17196"}],"wp:attachment":[{"href":"https:\/\/semmelweis.hu\/emk\/wp-json\/wp\/v2\/media?parent=17207"}],"wp:term":[{"taxonomy":"category","embeddable":true,"href":"https:\/\/semmelweis.hu\/emk\/wp-json\/wp\/v2\/categories?post=17207"},{"taxonomy":"post_tag","embeddable":true,"href":"https:\/\/semmelweis.hu\/emk\/wp-json\/wp\/v2\/tags?post=17207"}],"curies":[{"name":"wp","href":"https:\/\/api.w.org\/{rel}","templated":true}]}}