{"id":17118,"date":"2020-06-30T13:47:45","date_gmt":"2020-06-30T11:47:45","guid":{"rendered":"https:\/\/semmelweis.hu\/emk\/?page_id=17118"},"modified":"2020-06-30T15:02:50","modified_gmt":"2020-06-30T13:02:50","slug":"media-megjelenesek","status":"publish","type":"page","link":"https:\/\/semmelweis.hu\/emk\/szakertoi-tevekenyseg-projektek\/lezart-projektek\/egeszsegugyi-ellatorendszer-szakmai-modszertani-fejlesztese\/lakossagi-forum\/media-megjelenesek\/","title":{"rendered":"M\u00e9diamegjelen\u00e9sek"},"content":{"rendered":"<p><strong>Megjelen\u00e9sek a m\u00e9di\u00e1ban:<\/strong><\/p>\n<p><a href=\"http:\/\/komaromtv.hu\/2019\/07\/26\/te-is-tehetsz-erte-lakossagi-forum-a-betegbiztonsagrol\/\">http:\/\/komaromtv.hu\/2019\/07\/26\/te-is-tehetsz-erte-lakossagi-forum-a-betegbiztonsagrol\/<\/a><\/p>\n<p><a href=\"https:\/\/forrasradio.hu\/szorakozas\/programajanlo\/egeszsegmegorzo-program-erkezik-komaromba.html\">https:\/\/forrasradio.hu\/szorakozas\/programajanlo\/egeszsegmegorzo-program-erkezik-komaromba.html<\/a><\/p>\n<p><a href=\"http:\/\/www.szolnoktv.hu\/hirek\/?article_hid=55243\">http:\/\/www.szolnoktv.hu\/hirek\/?article_hid=55243<\/a><\/p>\n<p><a href=\"https:\/\/radio7.hu\/betegbiztonsagi-forumot-tartottak-vasarhelyen\">https:\/\/radio7.hu\/betegbiztonsagi-forumot-tartottak-vasarhelyen<\/a><\/p>\n<p><a href=\"http:\/\/www.vasarhely24.com\/egeszsegugy\/te-is-tehetsz-erte-orszagos-lakossagi-kampany-a-betegbiztonsagert-vasarhelyen-is\">http:\/\/www.vasarhely24.com\/egeszsegugy\/te-is-tehetsz-erte-orszagos-lakossagi-kampany-a-betegbiztonsagert-vasarhelyen-is<\/a><\/p>\n<p><a href=\"https:\/\/www.promenad.hu\/2019\/07\/30\/te-is-tehetsz-erte-betegbiztonsagi-forumot-tartottak-vasarhelyen\/\">https:\/\/www.promenad.hu\/2019\/07\/30\/te-is-tehetsz-erte-betegbiztonsagi-forumot-tartottak-vasarhelyen\/<\/a><\/p>\n<p><a href=\"https:\/\/minap.hu\/cikk\/betegbiztonsagi-lakossagi-forum\">https:\/\/minap.hu\/cikk\/betegbiztonsagi-lakossagi-forum<\/a><\/p>\n<p><a href=\"https:\/\/europaradio.hu\/tallozo\/miskolcon-folytatodott-betegbiztonsag-te-tehetsz-erte-elnevezesu-kampany\">https:\/\/europaradio.hu\/tallozo\/miskolcon-folytatodott-betegbiztonsag-te-tehetsz-erte-elnevezesu-kampany<\/a><\/p>\n<p><a href=\"https:\/\/www.youtube.com\/watch?v=dcPh-seNB-s\" target=\"_blank\" rel=\"noopener noreferrer\">https:\/\/www.youtube.com\/watch?v=dcPh-seNB-s<\/a><\/p>\n<p><a href=\"https:\/\/drinfo.aeek.hu\/hirek\/98030\" target=\"_blank\" rel=\"noopener noreferrer\">https:\/\/drinfo.aeek.hu\/hirek\/98030<\/a><\/p>\n<p><a href=\"https:\/\/www.youtube.com\/watch?v=pAGwoLpe_VM&amp;t=335s\">https:\/\/www.youtube.com\/watch?v=pAGwoLpe_VM&amp;t=335s<\/a><\/p>\n","protected":false},"excerpt":{"rendered":"<p>Megjelen\u00e9sek a m\u00e9di\u00e1ban:<br \/>\n<a href=\"http:\/\/komaromtv.hu\/2019\/07\/26\/te-is-tehetsz-erte-lakossagi-forum-a-betegbiztonsagrol\/\">http:\/\/komaromtv.hu\/2019\/07\/26\/te-is-tehetsz-erte-lakossagi-forum-a-betegbiztonsagrol\/<\/a><br \/>\n<a href=\"https:\/\/forrasradio.hu\/szorakozas\/programajanlo\/egeszsegmegorzo-program-erkezik-komaromba.html\">https:\/\/forrasradio.hu\/szorakozas\/programajanlo\/egeszsegmegorzo-program-erkezik-komaromba.html<\/a><br \/>\n<a href=\"http:\/\/www.szolnoktv.hu\/hirek\/?article_hid=55243\">http:\/\/www.szolnoktv.hu\/hirek\/?article_hid=55243<\/a><br \/>\n<a href=\"https:\/\/radio7.hu\/betegbiztonsagi-forumot-tartottak-vasarhelyen\">https:\/\/radio7.hu\/betegbiztonsagi-forumot-tartottak-vasarhelyen<\/a><br \/>\n<a href=\"http:\/\/www.vasarhely24.com\/egeszsegugy\/te-is-tehetsz-erte-orszagos-lakossagi-kampany-a-betegbiztonsagert-vasarhelyen-is\">http:\/\/www.vasarhely24.com\/egeszsegugy\/te-is-tehetsz-erte-orszagos-lakossagi-kampany-a-betegbiztonsagert-vasarhelyen-is<\/a><br \/>\n<a href=\"https:\/\/www.promenad.hu\/2019\/07\/30\/te-is-tehetsz-erte-betegbiztonsagi-forumot-tartottak-vasarhelyen\/\">https:\/\/www.promenad.hu\/2019\/07\/30\/te-is-tehetsz-erte-betegbiztonsagi-forumot-tartottak-vasarhelyen\/<\/a><br \/>\n<a href=\"https:\/\/minap.hu\/cikk\/betegbiztonsagi-lakossagi-forum\">https:\/\/minap.hu\/cikk\/betegbiztonsagi-lakossagi-forum<\/a><br \/>\n<a href=\"https:\/\/europaradio.hu\/tallozo\/miskolcon-folytatodott-betegbiztonsag-te-tehetsz-erte-elnevezesu-kampany\">https:\/\/europaradio.hu\/tallozo\/miskolcon-folytatodott-betegbiztonsag-te-tehetsz-erte-elnevezesu-kampany<\/a><br \/>\n<a href=\"https:\/\/www.youtube.com\/watch?v=dcPh-seNB-s\" target=\"_blank\" rel=\"noopener noreferrer\">https:\/\/www.youtube.com\/watch?v=dcPh-seNB-s<\/a><br \/>\n<a href=\"https:\/\/drinfo.aeek.hu\/hirek\/98030\" target=\"_blank\" rel=\"noopener noreferrer\">https:\/\/drinfo.aeek.hu\/hirek\/98030<\/a><br \/>\n<a href=\"https:\/\/www.youtube.com\/watch?v=pAGwoLpe_VM&amp;t=335s\">https:\/\/www.youtube.com\/watch?v=pAGwoLpe_VM&amp;t=335s<\/a><\/p>\n","protected":false},"author":101539,"featured_media":0,"parent":15135,"menu_order":3,"comment_status":"closed","ping_status":"closed","template":"","meta":{"_acf_changed":false,"footnotes":""},"categories":[],"tags":[],"class_list":["post-17118","page","type-page","status-publish","hentry"],"acf":[],"_links":{"self":[{"href":"https:\/\/semmelweis.hu\/emk\/wp-json\/wp\/v2\/pages\/17118","targetHints":{"allow":["GET"]}}],"collection":[{"href":"https:\/\/semmelweis.hu\/emk\/wp-json\/wp\/v2\/pages"}],"about":[{"href":"https:\/\/semmelweis.hu\/emk\/wp-json\/wp\/v2\/types\/page"}],"author":[{"embeddable":true,"href":"https:\/\/semmelweis.hu\/emk\/wp-json\/wp\/v2\/users\/101539"}],"replies":[{"embeddable":true,"href":"https:\/\/semmelweis.hu\/emk\/wp-json\/wp\/v2\/comments?post=17118"}],"version-history":[{"count":4,"href":"https:\/\/semmelweis.hu\/emk\/wp-json\/wp\/v2\/pages\/17118\/revisions"}],"predecessor-version":[{"id":17125,"href":"https:\/\/semmelweis.hu\/emk\/wp-json\/wp\/v2\/pages\/17118\/revisions\/17125"}],"up":[{"embeddable":true,"href":"https:\/\/semmelweis.hu\/emk\/wp-json\/wp\/v2\/pages\/15135"}],"wp:attachment":[{"href":"https:\/\/semmelweis.hu\/emk\/wp-json\/wp\/v2\/media?parent=17118"}],"wp:term":[{"taxonomy":"category","embeddable":true,"href":"https:\/\/semmelweis.hu\/emk\/wp-json\/wp\/v2\/categories?post=17118"},{"taxonomy":"post_tag","embeddable":true,"href":"https:\/\/semmelweis.hu\/emk\/wp-json\/wp\/v2\/tags?post=17118"}],"curies":[{"name":"wp","href":"https:\/\/api.w.org\/{rel}","templated":true}]}}