{"id":16816,"date":"2020-05-27T12:26:46","date_gmt":"2020-05-27T10:26:46","guid":{"rendered":"https:\/\/semmelweis.hu\/emk\/?page_id=16816"},"modified":"2020-05-28T16:42:24","modified_gmt":"2020-05-28T14:42:24","slug":"covid-19-menedzsment-ajanlas-a-telemedicina-hasznalatarol","status":"publish","type":"page","link":"https:\/\/semmelweis.hu\/emk\/kutatasi-tevekenysegunk\/minosegugy-es-betegbiztonsag\/covid-19-menedzsment-ajanlasaink\/covid-19-menedzsment-ajanlas-a-telemedicina-hasznalatarol\/","title":{"rendered":"COVID-19 menedzsment aj\u00e1nl\u00e1s a telemedicina haszn\u00e1lat\u00e1r\u00f3l"},"content":{"rendered":"<p><strong>Informatika <a href=\"https:\/\/semmelweis.hu\/emk\/files\/2020\/05\/Korhazi_Covid__21.telemedicina.docx.pdf\"><img loading=\"lazy\" decoding=\"async\" class=\"alignnone wp-image-16148\" src=\"https:\/\/semmelweis.hu\/emk\/files\/2020\/04\/nyomtatni-ikon-2-01-1-355x400.png\" alt=\"\" width=\"60\" height=\"68\" \/><\/a><\/strong><\/p>\n<p><strong>COVID-19 menedzsment aj\u00e1nl\u00e1s a telemedicina haszn\u00e1lat\u00e1r\u00f3l<\/strong><\/p>\n<p>A COVID-19 j\u00e1rv\u00e1ny kapcs\u00e1n jelent\u0151s f\u00f3kuszt kapott a telemedicin\u00e1lis \u00faj\u00edt\u00e1sok \u00e1ltal\u00e1nos haszn\u00e1lata. A korm\u00e1nyzat felismerte, hogy sok esetben t\u00fals\u00e1gosan nagy rizik\u00f3val j\u00e1rna a betegek int\u00e9zm\u00e9nyi ell\u00e1t\u00e1sa. A k\u00f3rh\u00e1zi megjelen\u00e9s olyan p\u00e1ciensek eset\u00e9n kifejezetten vesz\u00e9lyes \u00e9s indokolatlan, akik kr\u00f3nikus \u00e1llapotuk miatt a vesz\u00e9lyeztetett csoportba tartoznak, \u00e9s ezen \u00e1llapotuk miatt ismertek m\u00e1r az \u0151ket kezel\u0151 szem\u00e9lyzet sz\u00e1m\u00e1ra.<br \/>\nEgy 2020. \u00e1prilisi korm\u00e1nyrendelet \u00e9rtelm\u00e9ben t\u00f6bb szakter\u00fclet is z\u00f6ld utat kapott telemedicin\u00e1lis platformok haszn\u00e1lat\u00e1ra. Minden int\u00e9zm\u00e9nyvezet\u0151nek k\u00f6teless\u00e9ge a biztons\u00e1gos betegell\u00e1t\u00e1s biztos\u00edt\u00e1sa, \u00e9s jelen helyzetben t\u00f6bb szakter\u00fcleten ez az online gy\u00f3gy\u00edt\u00e1s keretein bel\u00fcl a legk\u00e9zenfekv\u0151bb. Ez\u00e9rt fontos az int\u00e9zm\u00e9nyek jelenkori \u00e9let\u00e9ben a t\u00e1vell\u00e1t\u00e1si platformok ki\u00e9p\u00edt\u00e9se. A j\u00f3l m\u0171k\u00f6d\u0151 rendszer kialak\u00edt\u00e1s\u00e1hoz elengedhetetlen a menedzsment elhivatotts\u00e1ga, valamint a platform fel\u00e1ll\u00edt\u00e1s\u00e1n t\u00fal a megfelel\u0151 kapcsolatok ki\u00e9p\u00edt\u00e9se, a sz\u00fcks\u00e9ges ismeretek \u00e1tad\u00e1sa, illetve az ell\u00e1t\u00e1s felt\u00e9teleit biztos\u00edt\u00f3 munkak\u00f6rnyezet kialak\u00edt\u00e1sa is.<\/p>\n<hr \/>\n<p><strong>Aj\u00e1nl\u00e1sok:<\/strong><\/p>\n<p><em><strong>Biztos\u00edts megfelel\u0151 telemedicin\u00e1lis platformot az erre ig\u00e9nyt tart\u00f3 szakter\u00fcletek sz\u00e1m\u00e1ra! Az \u00faj platform feleljen meg az adatv\u00e9delmi \u00e9s betegbiztons\u00e1gi szempontoknak is!<\/strong><\/em><\/p>\n<p>A t\u00e1vell\u00e1t\u00e1si platformok bevezet\u00e9se el\u0151tt fel kell m\u00e9rni, mely szakter\u00fcleteken val\u00f3s\u00edthat\u00f3k meg a telemedicin\u00e1lis lehet\u0151s\u00e9gek \u00e9s az \u00faj\u00edt\u00e1sra ig\u00e9nyt tart\u00f3 egys\u00e9geknek mik a haszn\u00e1lattal kapcsolatos preferenci\u00e1i. T\u00f6rekedni kell arra, hogy a lehet\u0151 legt\u00f6bb ig\u00e9nyt kiel\u00e9g\u00edteni tud\u00f3 szoftver ker\u00fclj\u00f6n beszerz\u00e9sre. \u00c1ltal\u00e1noss\u00e1gban is elmondhat\u00f3, hogy a telemedicina t\u00e9rnyer\u00e9s\u00e9vel sokan f\u00e9ltik a betegek adatait az online inform\u00e1ci\u00f3\u00e1raml\u00e1s, \u00e9s \u2013t\u00e1rol\u00e1s vesz\u00e9lyeit\u0151l. Mind az ell\u00e1t\u00f3k, mind a p\u00e1ciensek oldal\u00e1r\u00f3l fontos az innov\u00e1ci\u00f3kkal szembeni bizalom, melynek elnyer\u00e9s\u00e9hez egy j\u00f3l m\u0171k\u00f6d\u0151, biztons\u00e1gos rendszer beszerz\u00e9se \u00e9s \u00fczemeltet\u00e9se vezethet. C\u00e9lunk legyen, hogy az ell\u00e1t\u00e1sban mindenki a lehet\u0151 legnagyobb biztons\u00e1gban \u00e9rezze mag\u00e1t.<\/p>\n<p><em><strong>Motiv\u00e1ld dolgoz\u00f3idat az \u00fajonnan bevezetett rendszerek haszn\u00e1lat\u00e1ra!<\/strong><\/em><\/p>\n<p>Az informatikai \u00faj\u00edt\u00e1soknak min\u0151s\u00fcl\u0151 eg\u00e9szs\u00e9g\u00fcgyi eszk\u00f6z\u00f6k \u00e1ltal\u00e1nos bevezet\u00e9s\u00e9nek \u00e9s haszn\u00e1lat\u00e1nak legnagyobb g\u00e1tja, hogy a szem\u00e9lyzet nem felt\u00e9tlen\u00fcl nyitott azokra az \u00faj\u00edt\u00e1sokra, melyek r\u00f6vidt\u00e1von megterhel\u0151k lehetnek sz\u00e1mukra. Ez\u00e9rt vezet\u0151i felel\u0151ss\u00e9g nyomat\u00e9kos\u00edtani a dolgoz\u00f3kban a rendszer alkalmaz\u00e1s\u00e1nak hasznoss\u00e1g\u00e1t, \u00e9s k\u00fcl\u00f6nb\u00f6z\u0151 motiv\u00e1l\u00f3 eszk\u00f6z\u00f6k seg\u00edts\u00e9g\u00e9vel gyors\u00edtani az \u00e1t\u00e1ll\u00e1st.<\/p>\n<p><em><strong>Szervezz a dolgoz\u00f3k sz\u00e1m\u00e1ra k\u00f6telez\u0151, az \u00fajonnan fel\u00e1ll\u00edtott rendszerrel kapcsolatos oktat\u00e1sokat!<\/strong><\/em><\/p>\n<p>A magyarorsz\u00e1gi eg\u00e9szs\u00e9g\u00fcgyi t\u00e1rsadalom informatikai felk\u00e9sz\u00fclts\u00e9ge nem teszi lehet\u0151v\u00e9 az online innov\u00e1ci\u00f3k sz\u00e9lesk\u00f6r\u0171 haszn\u00e1lat\u00e1t. A k\u00fcl\u00f6nb\u00f6z\u0151 szakter\u00fcletek tov\u00e1bbk\u00e9pz\u00e9sein sem jelennek meg az informatikai \u00faj\u00edt\u00e1sokkal kapcsolatos kurzusok, ez\u00e9rt helyben, int\u00e9zm\u00e9nyen bel\u00fcl kell professzion\u00e1lis, az alapokt\u00f3l indul\u00f3 sz\u00e9lesk\u00f6r\u0171 oktat\u00e1sokat szervezni. Ez els\u0151re sok befektetend\u0151 energi\u00e1t jelent, de minden rendszer csak akkor tud megfelel\u0151en m\u0171k\u00f6dni, ha a felhaszn\u00e1l\u00f3k ismerik annak szakszer\u0171 haszn\u00e1lat\u00e1t.<\/p>\n<p><em><strong>Folyamatosan k\u00e9pezd dolgoz\u00f3idat \u00e9s az informatikai szakembereidet inform\u00e1ci\u00f3biztons\u00e1gi szempontb\u00f3l!<\/strong><\/em><\/p>\n<p>Az \u00faj ell\u00e1t\u00e1si forma nemcsak lehet\u0151s\u00e9geket, komoly vesz\u00e9lyeket is rejt mag\u00e1ban. Ez\u00e9rt fontos, hogy a r\u00e9sztvev\u0151 munkat\u00e1rsak rendelkezzenek alapvet\u0151 kiberbiztons\u00e1gi ismeretekkel. K\u00e9rj\u00fck szak\u00e9rt\u0151 k\u00f6zrem\u0171k\u00f6d\u0151t, aki meghat\u00e1rozza azokat az alapvet\u0151 ismereteket \u00e9s k\u00e9szs\u00e9geket, amik a haszn\u00e1latot biztons\u00e1goss\u00e1 teszik (pl. jelszavak haszn\u00e1lata, szem\u00e9lyek azonos\u00edt\u00e1si m\u00f3dja, stb.). A legfontosabb dolgokat foglaljuk szab\u00e1lyzatba, mint pl. saj\u00e1t eszk\u00f6z haszn\u00e1lata, a telemedicina eszk\u00f6z\u00f6n social media korl\u00e1toz\u00e1sa, biztons\u00e1gos email haszn\u00e1lat, stb. Az orvosi konzult\u00e1ci\u00f3 ezen t\u00edpusa eset\u00e9n k\u00fcl\u00f6n\u00f6sen \u00e9rdemes \u00e9rz\u00e9keny\u00edteni az abban r\u00e9sztvev\u0151ket arra, hogy egyre gyakoribbak a kibert\u00e9rben a rossz sz\u00e1nd\u00e9k\u00fa elk\u00f6vet\u0151k, akik a felhaszn\u00e1l\u00f3k hisz\u00e9kenys\u00e9g\u00e9t pr\u00f3b\u00e1lj\u00e1k kihaszn\u00e1lni. Az orvos-beteg kommunik\u00e1ci\u00f3ban haszn\u00e1lt platformok, illetve a ny\u00edlt internet ig\u00e9nybev\u00e9tele sor\u00e1n adat- \u00e9s inform\u00e1ci\u00f3biztons\u00e1gi szempontb\u00f3l a kor\u00e1bbiakhoz k\u00e9pest j\u00f3val nagyobb kock\u00e1zatok jelennek meg, k\u00fcl\u00f6n\u00f6sen a kommunik\u00e1ci\u00f3 jellege, bizalmass\u00e1ga, az adatok s\u00e9rtetlens\u00e9g\u00e9nek sz\u00fcks\u00e9gess\u00e9ge miatt. Egy platform haszn\u00e1latba v\u00e9telekor szakember seg\u00edts\u00e9g\u00e9vel meg kell gy\u0151z\u0151dni arr\u00f3l, hogy az alkalmas az alapvet\u0151 biztons\u00e1gi felt\u00e9telek teljes\u00edt\u00e9s\u00e9re. Amennyiben lehet\u0151s\u00e9g van r\u00e1, olyat kell haszn\u00e1lni, amit az \u00c1llami Eg\u00e9szs\u00e9g\u00fcgyi Ell\u00e1t\u00f3 K\u00f6zpont, vagy inform\u00e1ci\u00f3biztons\u00e1ggal foglalkoz\u00f3 (\u00e1llami vagy mag\u00e1n) szervezet v\u00e9lem\u00e9nyezett \u00e9s annak haszn\u00e1lat\u00e1t t\u00e1mogatja.<\/p>\n<p><em><strong>Gy\u0151z\u0151dj meg arr\u00f3l, hogy minden olyan szakter\u00fcleten dolgoz\u00f3 munkat\u00e1rs hozz\u00e1f\u00e9r\u00e9se biztos\u00edtott, aki r\u00e9szt vehet az adott t\u00e1vell\u00e1t\u00e1sban. \u00c9p\u00edtsd ki a sz\u00e9lesk\u00f6r\u0171 hozz\u00e1f\u00e9r\u00e9s rendszer\u00e9t!<\/strong><\/em><\/p>\n<p>Az orvosokon k\u00edv\u00fcl rengetegen dolgoznak a k\u00f3rh\u00e1zakban, akik fel tudj\u00e1k haszn\u00e1lni a telemedicin\u00e1lis eszk\u00f6z\u00f6ket a munk\u00e1juk sor\u00e1n. A jogosults\u00e1gok kioszt\u00e1s\u00e1n\u00e1l figyelni kell arra, hogy a dolgoz\u00f3k csak az \u00e1ltaluk haszn\u00e1land\u00f3 eszk\u00f6zh\u00f6z kapjanak hozz\u00e1f\u00e9r\u00e9st. Az \u00fajonnan fel\u00e1ll\u00edtott rendszerhez \u00e9rdemes hozz\u00e1f\u00e9r\u00e9st biztos\u00edtani a gy\u00f3gytorn\u00e1szoknak, sz\u00fcl\u00e9szn\u0151knek, \u00e9s az \u00e1pol\u00e1ssal kapcsolatos t\u00f6bbi szakma sz\u00e1m\u00e1ra is. A t\u00e1vfel\u00fcgyelethez, mint eg\u00e9szs\u00e9g\u00fcgyi feladathoz, legt\u00f6bbsz\u00f6r az \u0151 ismereteik \u00e9s kompetenci\u00e1juk elengedhetetlen. Az oktat\u00e1sba be kell vonni \u0151ket is, k\u00fcl\u00f6n figyelemmel arra, hogy sokan egy\u00e1ltal\u00e1n nem haszn\u00e1ltak m\u00e9g hasonl\u00f3 online rendszereket.<\/p>\n<p><em><strong>Biztos\u00edts elegend\u0151 id\u0151t, \u00e9s megfelel\u0151 k\u00f6rnyezetet dolgoz\u00f3id sz\u00e1m\u00e1ra a t\u00e1vell\u00e1t\u00e1ssal kapcsolatos teend\u0151ik v\u00e9gz\u00e9s\u00e9hez!<\/strong><\/em><\/p>\n<p>A k\u00f3rh\u00e1zi napirend megtervez\u00e9sekor figyelembe kell venni, hogy a telemedicin\u00e1lis eszk\u00f6z\u00f6k haszn\u00e1l\u00f3i akkor is felel\u0151ss\u00e9gteljes munk\u00e1t v\u00e9geznek, amikor \u00e9ppen az online betegell\u00e1t\u00e1ssal foglalkoznak. Biztos\u00edtani kell sz\u00e1mukra id\u0151t, \u00e9s megfelel\u0151, nyugodt k\u00f6rnyezetet ahhoz, hogy az ell\u00e1t\u00e1st professzion\u00e1lis m\u00f3don tudj\u00e1k v\u00e9gezni. Amennyiben a k\u00f3rh\u00e1zi mili\u0151 nem alkalmas egyes t\u00e1vell\u00e1t\u00e1si lehet\u0151s\u00e9gek maxim\u00e1lis kihaszn\u00e1l\u00e1s\u00e1ra, fontold meg dolgoz\u00f3id sz\u00e1m\u00e1ra a home office munkav\u00e9gz\u00e9s lehet\u0151s\u00e9g\u00e9t. A nyugodt k\u00f6rnyezet kialak\u00edt\u00e1s\u00e1n\u00e1l vedd figyelembe, hogy az online kommunik\u00e1ci\u00f3 is a p\u00e1ciens mag\u00e1n\u00fcgye, \u00e9s a szem\u00e9lyis\u00e9gi jogainak v\u00e9delm\u00e9ben fontos, hogy az ell\u00e1t\u00f3val t\u00f6rt\u00e9n\u0151 konzult\u00e1ci\u00f3it ne hallja, ne l\u00e1ssa illet\u00e9ktelen, harmadik szerepl\u0151. A rendszerbe vetett bizalom csak \u00fagy \u00e9p\u00fclhet ki, ha mindenki \u00e9rzi, hogy a munkav\u00e9gz\u00e9s hangs\u00falyos online form\u00e1ban is.<\/p>\n<p><strong>H\u00edvd fel dolgoz\u00f3id figyelm\u00e9t a fokozott empatikus hozz\u00e1\u00e1ll\u00e1sra!<\/strong><\/p>\n<p>A p\u00e1ciensek egy r\u00e9sze komolyan tart az eg\u00e9szs\u00e9g\u00fcgy digitaliz\u00e1ci\u00f3j\u00e1t\u00f3l abb\u00f3l a szempontb\u00f3l, hogy elvesznek a szem\u00e9lyes tal\u00e1lkoz\u00e1sok \u00e9s az ezek sor\u00e1n \u00e9rzett emp\u00e1tia. H\u00edvjuk fel a betegell\u00e1t\u00e1st v\u00e9gz\u0151k figyelm\u00e9t arra, hogy az empatikus odafordul\u00e1s jelen helyzetben m\u00e9g fontosabb, \u00e9s a megfelel\u0151 kommunik\u00e1ci\u00f3n ak\u00e1r egy-egy p\u00e1ciens sikeres ell\u00e1t\u00e1sa is m\u00falhat. Az eddig ki\u00e9p\u00edtett t\u00f6r\u00e9keny bizalmi ell\u00e1t\u00f3-beteg viszonyt s\u00falyosan k\u00e1ros\u00edthatja a t\u00e1vell\u00e1t\u00e1s, de megfelel\u0151 kommunik\u00e1ci\u00f3val, \u00e9s j\u00f3l felk\u00e9sz\u00edtett munkat\u00e1rsakkal ez pozit\u00edv ir\u00e1nyba is elmozdulhat.<\/p>\n<p><em><strong>Biztos\u00edtsd a telemedicin\u00e1lis platformok haszn\u00e1lata k\u00f6zben keletkez\u0151 inform\u00e1ci\u00f3k megfelel\u0151 t\u00e1rol\u00e1s\u00e1t!<\/strong><\/em><\/p>\n<p>Betegbiztons\u00e1gi \u00e9s adathaszn\u00e1lati szempontb\u00f3l l\u00e9tfontoss\u00e1g\u00fa, hogy megfelel\u0151en legyenek kezelve a keletkezett anyagok, inform\u00e1ci\u00f3k. Biztos\u00edtani kell az adatt\u00e1rol\u00e1s professzion\u00e1lis m\u00f3dj\u00e1t, tov\u00e1bb\u00e1 azt is, hogy az \u00e1ltal\u00e1nos ell\u00e1t\u00e1shoz haszn\u00e1lt sz\u00e1m\u00edt\u00f3g\u00e9pes rendszerekbe is beker\u00fcljenek az itt keletkezett dokumentumok, illetve azt, hogy az esetleges vissza\u00e9l\u00e9sek elker\u00fcl\u00e9se \u00e9rdek\u00e9ben megfelel\u0151en legyenek dokument\u00e1lva ezek a konzult\u00e1ci\u00f3k. A p\u00e1cienst minden esetben t\u00e1j\u00e9koztatni kell arr\u00f3l, ha a konzult\u00e1ci\u00f3r\u00f3l k\u00e9pi- vagy hangfelv\u00e9tel k\u00e9sz\u00fcl, valamint arr\u00f3l is, ha a konzult\u00e1ci\u00f3n adminisztrat\u00edv munkat\u00e1rs is r\u00e9szt vesz.<\/p>\n<p><em><strong>Ismerd meg a telemedicin\u00e1lis platformok haszn\u00e1lat\u00e1val t\u00f6rt\u00e9n\u0151 munkav\u00e9gz\u00e9s h\u00e1tter\u00e9t munkajogi \u00e9s finansz\u00edroz\u00e1si szempontb\u00f3l is!<\/strong><\/em><\/p>\n<p>Munkajogi szempontb\u00f3l is \u00e9rdemes \u00e1tgondolni az \u00faj\u00edt\u00e1sok h\u00e1tter\u00e9t. Az int\u00e9zm\u00e9nnyel kapcsolatban \u00e1ll\u00f3 c\u00e9gek, illetve munkav\u00e1llal\u00f3k szerz\u0151d\u00e9s\u00e9ben legyen r\u00f6gz\u00edtve a t\u00e1vmunka, vagy a home office lehet\u0151s\u00e9ge. A telemedicin\u00e1lis platformok haszn\u00e1lat\u00e1hoz sok esetben a k\u00f3rh\u00e1zi k\u00f6r\u00fclm\u00e9nyek nem sz\u00fcks\u00e9gesek, s\u0151t a nyugodt otthoni k\u00f6rnyezet ak\u00e1r pozit\u00edv hat\u00e1s\u00fa is lehet. Bevezet\u00e9s\u00e9n\u00e9l \u00e1t kell gondolni azt a t\u00e9nyez\u0151t is, hogy a k\u00fcls\u0151 szerepl\u0151vel t\u00f6rt\u00e9n\u0151 kommunik\u00e1ci\u00f3 folyam\u00e1n a szem\u00e9lyis\u00e9gi jogok biztos\u00edt\u00e1sa rendk\u00edv\u00fcl fontos, az elhangz\u00f3 vagy k\u00e9pi form\u00e1ban megjelen\u0151 inform\u00e1ci\u00f3k csak a r\u00e9sztvev\u0151 k\u00e9t f\u00e9lre tartoznak.<br \/>\nNem elhanyagolhat\u00f3 aspektusa a platformok bevezet\u00e9s\u00e9nek a finansz\u00edroz\u00e1si oldal sem. A k\u00f3rh\u00e1zaknak ut\u00f3lag el kell tudni sz\u00e1molni a t\u00e1vell\u00e1t\u00e1sban v\u00e9gzett tev\u00e9kenys\u00e9geit is a k\u00f6lts\u00e9gek \u00e9s bev\u00e9telek sz\u00e1m\u00edt\u00e1sakor, ez\u00e9rt a bevezet\u00e9s el\u0151tt meg kell ismerni a vonatkoz\u00f3 jogszab\u00e1lyokat, illetve a legfrissebb finansz\u00edroz\u00e1shoz k\u00f6thet\u0151 szab\u00e1lyoz\u00e1sokat is. Fontos, hogy a t\u00e1vell\u00e1t\u00e1s k\u00f6zben keletkez\u0151 inform\u00e1ci\u00f3k kezel\u00e9se \u00e9s t\u00e1rol\u00e1sa szab\u00e1lyszer\u0171en t\u00f6rt\u00e9njen, \u00edgy az ut\u00f3lagos elsz\u00e1mol\u00e1s z\u00f6kken\u0151mentesen tud lezajlani.<\/p>\n<p><em><strong>F\u0171zd szorosabbra az ell\u00e1t\u00e1si ter\u00fcleten dolgoz\u00f3 szakemberekkel ki\u00e9p\u00edtett kapcsolatokat!<\/strong><\/em><\/p>\n<p>A t\u00e1vell\u00e1t\u00e1snak nem elhanyagolhat\u00f3 k\u00f6vetkezm\u00e9nye az, hogy az int\u00e9zm\u00e9nyeknek sok esetben t\u00e1maszkodnia kell az ell\u00e1t\u00e1si ter\u00fcleten dolgoz\u00f3 k\u00f6rzeti orvosokra, v\u00e9d\u0151n\u0151kre, \u00e9s egy\u00e9b eg\u00e9szs\u00e9g\u00fcgy szakdolgoz\u00f3kra. Emiatt is fontos kialak\u00edtani vel\u00fck egy folyamatos inform\u00e1ci\u00f3\u00e1tad\u00e1son alapul\u00f3, j\u00f3l m\u0171k\u00f6d\u0151 rendszert, mely biztons\u00e1got ny\u00fajt mind a ter\u00fcleten, mind az int\u00e9zm\u00e9nyekben dolgoz\u00f3knak. Egy j\u00f3l m\u0171k\u00f6d\u0151 ki\u00e9p\u00edtett rendszer meggyors\u00edthatja p\u00e9ld\u00e1ul a t\u00e1vell\u00e1t\u00e1s sor\u00e1n esetlegesen fell\u00e9p\u0151 komplik\u00e1ci\u00f3 kezel\u00e9s\u00e9t, valamint nagy seg\u00edts\u00e9g lehet a j\u00f6v\u0151ben is a mindennapos, nem j\u00e1rv\u00e1nyhoz k\u00f6thet\u0151 ell\u00e1t\u00e1s folyam\u00e1n.<\/p>\n<p><em><strong>Biztos\u00edtsd a t\u00e1vell\u00e1t\u00e1sba bevont betegek esetleges k\u00f3rh\u00e1zi kezel\u00e9s\u00e9nek lehet\u0151s\u00e9g\u00e9t!<\/strong><\/em><\/p>\n<p>A t\u00e1vfel\u00fcgyeletbe vont p\u00e1ciensek esetleges k\u00f3rh\u00e1zi ell\u00e1t\u00e1sa tov\u00e1bbra is az adott int\u00e9zm\u00e9ny feladata. Ez\u00e9rt kiemelten fontos, hogy az oszt\u00e1lyok fel legyenek k\u00e9sz\u00fclve az otthonukban kezelt \u00e9s k\u00f6vetett betegek fogad\u00e1s\u00e1ra. B\u00e1r a t\u00e1vell\u00e1t\u00e1s kapacit\u00e1sn\u00f6vel\u00e9s es\u00e9ly\u00e9vel kecsegtet, a k\u00f3rh\u00e1zi ell\u00e1t\u00e1s lehet\u0151s\u00e9g\u00e9t biztos\u00edtani kell. J\u00e1rv\u00e1ny\u00fcgyi helyzetben is lennie kell olyan szabad, v\u00edrusmentes int\u00e9zm\u00e9nyi kapacit\u00e1snak, mely k\u00e9pes a betegek esetleges fogad\u00e1s\u00e1ra. Gondolni kell arra, hogy a telemedicin\u00e1lis platformok haszn\u00e1lata k\u00f6zben is el\u0151fordulhat olyan eset, mikor rendk\u00edv\u00fcli int\u00e9zked\u00e9sk\u00e9nt s\u00fcrg\u0151s ell\u00e1t\u00e1sra szorul a beteg. A k\u00f3rh\u00e1zi elhelyez\u00e9st, illetve az int\u00e9zm\u00e9nybe sz\u00e1ll\u00edt\u00e1st ezekben az esetekben is garant\u00e1lni kell.<\/p>\n<p><em><strong>Int\u00e9zm\u00e9nyi vezet\u0151k\u00e9nt h\u00edvd fel a betegek figyelm\u00e9t a t\u00e1vell\u00e1t\u00e1s lehet\u0151s\u00e9g\u00e9re, b\u00e1tor\u00edtsd \u0151ket haszn\u00e1lat\u00e1ra, kommunik\u00e1ci\u00f3ddal oszlasd el k\u00e9ts\u00e9geiket!<\/strong><\/em><\/p>\n<p>A legt\u00f6bb p\u00e1ciens nincs tiszt\u00e1ban a lehet\u0151s\u00e9geivel, \u00e9s betegs\u00e9g\u00e9vel kapcsolatosan komolyan tart mindennem\u0171, az ell\u00e1t\u00e1ssal kapcsolatos \u00faj\u00edt\u00e1st\u00f3l. Az emberek sz\u00e9lesk\u00f6r\u0171, \u0151szinte t\u00e1j\u00e9koztat\u00e1sa elengedhetetlen a rendszer g\u00f6rd\u00fcl\u00e9keny m\u0171k\u00f6d\u00e9s\u00e9hez. A t\u00e1j\u00e9koztat\u00e1snak legyen r\u00e9sze a betegek megnyugtat\u00e1sa, hiszen a legt\u00f6bben tartanak att\u00f3l, hogy az online rendszerek haszn\u00e1lat\u00e1val adataik illet\u00e9ktelen kezekbe ker\u00fclhetnek. Az egyik legfontosabb faktor a rendszer bevezet\u00e9s\u00e9n\u00e9l a p\u00e1ciensek teljes bizalm\u00e1nak elnyer\u00e9se, ell\u00e1t\u00e1suk csak ennek birtok\u00e1ban v\u00e9gezhet\u0151 megfelel\u0151 min\u0151s\u00e9gben.<\/p>\n<p><a href=\"https:\/\/semmelweis.hu\/emk\/files\/2020\/05\/Korhazi_Covid__21.telemedicina.docx.pdf\">Teljes anyag ellen\u0151rz\u0151 list\u00e1val<\/a><\/p>\n<p><a href=\"https:\/\/semmelweis.hu\/emk\/files\/2020\/05\/covid-sablon-21.pdf\">R\u00f6vid le\u00edr\u00e1s<\/a><\/p>\n<p><a href=\"https:\/\/www.youtube.com\/watch?v=D83LCrNqdxo&amp;feature=youtu.be\">Vide\u00f3<\/a><\/p>\n<p><strong>Felhaszn\u00e1lt forr\u00e1sok:\u00a0<\/strong><\/p>\n<p>157\/2020. (IV. 29.) Korm. rendelet <a href=\"https:\/\/net.jogtar.hu\/jogszabaly?docid=a2000157.kor\">https:\/\/net.jogtar.hu\/jogszabaly?docid=a2000157.kor<\/a><\/p>\n<p>A koronav\u00edrus r\u00e1\u00e9bresztette a korm\u00e1nyt, hogy fontos a telemedicina? Menedzsment f\u00f3rum <a href=\"https:\/\/mfor.hu\/cikkek\/befektetes\/telemedicina-nem-csak-veszelyhelyzetben-kene-alkalmazni.html\">https:\/\/mfor.hu\/cikkek\/befektetes\/telemedicina-nem-csak-veszelyhelyzetben-kene-alkalmazni.html<\/a><\/p>\n<p>Szintet ugrik a magyar eg\u00e9szs\u00e9g\u00fcgy? A korm\u00e1ny kihirdette a magyar telemedicina rendeletet, Portfolio <a href=\"https:\/\/www.portfolio.hu\/gazdasag\/20200430\/szintet-ugrik-a-magyar-egeszsegugy-a-kormany-kihirdette-a-magyar-telemedicina-rendeletet-429152\">https:\/\/www.portfolio.hu\/gazdasag\/20200430\/szintet-ugrik-a-magyar-egeszsegugy-a-kormany-kihirdette-a-magyar-telemedicina-rendeletet-429152<\/a><\/p>\n<p>Hol \u00e1ll a vil\u00e1g \u00e9s benne Magyarorsz\u00e1g? A telemedicina jelene \u00e9s j\u00f6v\u0151je, Medicalonline <a href=\"http:\/\/medicalonline.hu\/informatika\/cikk\/a_telemedicina_jelene_es_jovoje\">http:\/\/medicalonline.hu\/informatika\/cikk\/a_telemedicina_jelene_es_jovoje<\/a><\/p>\n<p>Kaskovits Melinda: T\u00e1vdoki rendel <a href=\"https:\/\/arsboni.hu\/tavdoki-rendel\/\">https:\/\/arsboni.hu\/tavdoki-rendel\/<\/a><\/p>\n","protected":false},"excerpt":{"rendered":"<p>Informatika <a href=\"https:\/\/semmelweis.hu\/emk\/files\/2020\/05\/Korhazi_Covid__21.telemedicina.docx.pdf\"><\/a> COVID-19 menedzsment aj\u00e1nl\u00e1s a telemedicina haszn\u00e1lat\u00e1r\u00f3l A COVID-19 j\u00e1rv\u00e1ny kapcs\u00e1n jelent\u0151s f\u00f3kuszt kapott a telemedicin\u00e1lis \u00faj\u00edt\u00e1sok \u00e1ltal\u00e1nos haszn\u00e1lata. A korm\u00e1nyzat felismerte, hogy sok esetben t\u00fals\u00e1gosan nagy rizik\u00f3val j\u00e1rna a betegek int\u00e9zm\u00e9nyi ell\u00e1t\u00e1sa. A k\u00f3rh\u00e1zi megjelen\u00e9s olyan p\u00e1ciensek eset\u00e9n kifejezetten vesz\u00e9lyes \u00e9s indokolatlan, akik kr\u00f3nikus \u00e1llapotuk miatt a vesz\u00e9lyeztetett csoportba tartoznak, \u00e9s ezen \u00e1llapotuk miatt &hellip;<\/p>\n","protected":false},"author":101539,"featured_media":0,"parent":16078,"menu_order":17,"comment_status":"closed","ping_status":"closed","template":"","meta":{"_acf_changed":false,"footnotes":""},"categories":[],"tags":[],"class_list":["post-16816","page","type-page","status-publish","hentry"],"acf":[],"_links":{"self":[{"href":"https:\/\/semmelweis.hu\/emk\/wp-json\/wp\/v2\/pages\/16816","targetHints":{"allow":["GET"]}}],"collection":[{"href":"https:\/\/semmelweis.hu\/emk\/wp-json\/wp\/v2\/pages"}],"about":[{"href":"https:\/\/semmelweis.hu\/emk\/wp-json\/wp\/v2\/types\/page"}],"author":[{"embeddable":true,"href":"https:\/\/semmelweis.hu\/emk\/wp-json\/wp\/v2\/users\/101539"}],"replies":[{"embeddable":true,"href":"https:\/\/semmelweis.hu\/emk\/wp-json\/wp\/v2\/comments?post=16816"}],"version-history":[{"count":11,"href":"https:\/\/semmelweis.hu\/emk\/wp-json\/wp\/v2\/pages\/16816\/revisions"}],"predecessor-version":[{"id":16955,"href":"https:\/\/semmelweis.hu\/emk\/wp-json\/wp\/v2\/pages\/16816\/revisions\/16955"}],"up":[{"embeddable":true,"href":"https:\/\/semmelweis.hu\/emk\/wp-json\/wp\/v2\/pages\/16078"}],"wp:attachment":[{"href":"https:\/\/semmelweis.hu\/emk\/wp-json\/wp\/v2\/media?parent=16816"}],"wp:term":[{"taxonomy":"category","embeddable":true,"href":"https:\/\/semmelweis.hu\/emk\/wp-json\/wp\/v2\/categories?post=16816"},{"taxonomy":"post_tag","embeddable":true,"href":"https:\/\/semmelweis.hu\/emk\/wp-json\/wp\/v2\/tags?post=16816"}],"curies":[{"name":"wp","href":"https:\/\/api.w.org\/{rel}","templated":true}]}}