{"id":15988,"date":"2020-03-11T11:30:07","date_gmt":"2020-03-11T10:30:07","guid":{"rendered":"http:\/\/semmelweis.hu\/emk\/?page_id=15988"},"modified":"2025-08-22T11:27:01","modified_gmt":"2025-08-22T09:27:01","slug":"e-learning","status":"publish","type":"page","link":"https:\/\/semmelweis.hu\/emk\/oktatas\/e-learning\/","title":{"rendered":"E-learning tov\u00e1bbk\u00e9pz\u00e9sek"},"content":{"rendered":"<p style=\"text-align: justify\">Az Eg\u00e9szs\u00e9g\u00fcgyi Menedzserk\u00e9pz\u0151 K\u00f6zpont 2020. m\u00e1rcius 16-t\u00f3l e-learning t\u00edpus\u00fa tov\u00e1bbk\u00e9pz\u00e9seket ind\u00edtott az eg\u00e9szs\u00e9g\u00fcgyben dolgoz\u00f3k r\u00e9sz\u00e9re. A j\u00f3gyakorlatok bevezet\u00e9s\u00e9t t\u00e1mogat\u00f3 akkredit\u00e1lt k\u00e9pz\u00e9sek az EFOP-1.8.0-VEKOP-17-2017-00001 \u201eEg\u00e9szs\u00e9g\u00fcgyi ell\u00e1t\u00f3rendszer szakmai m\u00f3dszertani fejleszt\u00e9se\u201dc\u00edm\u0171 kiemelt projekt keret\u00e9ben val\u00f3sulnak meg.\u00a0<\/p>\n<p style=\"text-align: justify\">Az <strong>e-learning<\/strong> nagyon praktikus \u00e9s hat\u00e9kony k\u00e9pz\u00e9si m\u00f3dszer, amely lehet\u0151s\u00e9get biztos\u00edt az \u00f6n\u00e1ll\u00f3, saj\u00e1t temp\u00f3ban \u00e9s id\u0151beoszt\u00e1shoz alkalmazkod\u00f3 tanul\u00e1shoz, mik\u00f6zben\u00a0 korszer\u0171 \u00e9s naprak\u00e9sz ismereteket ad \u00e1t az adott t\u00e9m\u00e1r\u00f3l.<\/p>\n<p><a href=\"https:\/\/www.youtube.com\/watch?v=Uggrrkz5L6I&amp;ab_channel=Eg%C3%A9szs%C3%A9g%C3%BCgyiMenedzserk%C3%A9pz%C5%91K%C3%B6zpont\" target=\"_blank\" rel=\"noopener\"><b>\u00datmutat\u00f3 vide\u00f3 az e-learning regisztr\u00e1ci\u00f3hoz<\/b><\/a><\/p>\n<div class=\"keretes w-100\"><strong><span style=\"text-decoration: underline\">El\u00e9rhet\u0151 e-learning tov\u00e1bbk\u00e9pz\u00e9seink eg\u00e9szs\u00e9g\u00fcgyi szakdolgoz\u00f3k r\u00e9sz\u00e9re:<\/span><\/strong><br \/>\n<strong><a href=\"https:\/\/semmelweis.hu\/emk\/oktatas\/e-learning\/az-ujraelesztes-folyamatanak-intezeti-kialakitasa\/\" target=\"_blank\" rel=\"noopener\">Az \u00fajra\u00e9leszt\u00e9s folyamat\u00e1nak int\u00e9zeti kialak\u00edt\u00e1sa<\/a><\/strong><br \/>\nK\u00f3dsz\u00e1m: SZTK-A-44861\/2024 <br \/>\nKredit: 17<\/p>\n<hr \/>\n<p><strong><a href=\"https:\/\/semmelweis.hu\/emk\/oktatas\/e-learning\/e-learning-egeszsegugyi-szakdolgozoknak\/a-nyomasi-fekely-megelozesenek-es-ellatasanak-jogyakorlata\/\" target=\"_blank\" rel=\"noopener\">A nyom\u00e1si fek\u00e9ly megel\u0151z\u00e9s\u00e9nek \u00e9s ell\u00e1t\u00e1s\u00e1nak j\u00f3gyakorlata<\/a><\/strong><br \/>\nK\u00f3dsz\u00e1m: SZTK-A-44865\/2024<br \/>\nKredit: 20\u00a0<strong><br \/>\n<\/strong><\/p>\n<hr \/>\n<p><strong><a href=\"https:\/\/semmelweis.hu\/emk\/oktatas\/e-learning\/a-betegoktatas-intezeti-kialakitasanak-jogyakorlata\/\" target=\"_blank\" rel=\"noopener\">A betegoktat\u00e1s int\u00e9zeti kialak\u00edt\u00e1s\u00e1nak j\u00f3gyakorlata<\/a><\/strong><br \/>\nK\u00f3dsz\u00e1m: SZTK-A-44443\/2024<br \/>\nKredit: 19<\/p>\n<hr \/>\n<p><strong><a href=\"https:\/\/semmelweis.hu\/emk\/oktatas\/e-learning\/e-learning-egeszsegugyi-szakdolgozoknak\/perioperativ-fajdalomcsillapitas-intezeti-folyamatainak-kialakitasa\/\" target=\"_blank\" rel=\"noopener\">Perioperat\u00edv f\u00e1jdalomcsillap\u00edt\u00e1s int\u00e9zeti folyamatainak kialak\u00edt\u00e1sa<\/a><\/strong><br \/>\nK\u00f3dsz\u00e1m: SZTK-A-44445\/2024<br \/>\nKredit: 19<\/div>\n<p><strong>Jelenleg nem ind\u00edtunk <a href=\"https:\/\/semmelweis.hu\/emk\/oktatas\/e-learning\/e-learning-orvosoknak\/\" target=\"_blank\" rel=\"noopener\">e-learning tov\u00e1bbk\u00e9pz\u00e9st orvosok r\u00e9sz\u00e9re<\/a>.<\/strong><\/p>\n","protected":false},"excerpt":{"rendered":"<p>Az Eg\u00e9szs\u00e9g\u00fcgyi Menedzserk\u00e9pz\u0151 K\u00f6zpont 2020. m\u00e1rcius 16-t\u00f3l e-learning t\u00edpus\u00fa tov\u00e1bbk\u00e9pz\u00e9seket ind\u00edtott az eg\u00e9szs\u00e9g\u00fcgyben dolgoz\u00f3k r\u00e9sz\u00e9re. A j\u00f3gyakorlatok bevezet\u00e9s\u00e9t t\u00e1mogat\u00f3 akkredit\u00e1lt k\u00e9pz\u00e9sek az EFOP-1.8.0-VEKOP-17-2017-00001 \u201eEg\u00e9szs\u00e9g\u00fcgyi ell\u00e1t\u00f3rendszer szakmai m\u00f3dszertani fejleszt\u00e9se\u201dc\u00edm\u0171 kiemelt projekt keret\u00e9ben val\u00f3sulnak meg.\u00a0 Az e-learning nagyon praktikus \u00e9s hat\u00e9kony k\u00e9pz\u00e9si m\u00f3dszer, amely lehet\u0151s\u00e9get biztos\u00edt az \u00f6n\u00e1ll\u00f3, saj\u00e1t temp\u00f3ban \u00e9s id\u0151beoszt\u00e1shoz alkalmazkod\u00f3 tanul\u00e1shoz, mik\u00f6zben\u00a0 korszer\u0171 \u00e9s &hellip;<\/p>\n","protected":false},"author":101539,"featured_media":0,"parent":14559,"menu_order":9,"comment_status":"closed","ping_status":"closed","template":"","meta":{"_acf_changed":false,"footnotes":""},"categories":[],"tags":[411],"class_list":["post-15988","page","type-page","status-publish","hentry","tag-e-learning"],"acf":[],"_links":{"self":[{"href":"https:\/\/semmelweis.hu\/emk\/wp-json\/wp\/v2\/pages\/15988","targetHints":{"allow":["GET"]}}],"collection":[{"href":"https:\/\/semmelweis.hu\/emk\/wp-json\/wp\/v2\/pages"}],"about":[{"href":"https:\/\/semmelweis.hu\/emk\/wp-json\/wp\/v2\/types\/page"}],"author":[{"embeddable":true,"href":"https:\/\/semmelweis.hu\/emk\/wp-json\/wp\/v2\/users\/101539"}],"replies":[{"embeddable":true,"href":"https:\/\/semmelweis.hu\/emk\/wp-json\/wp\/v2\/comments?post=15988"}],"version-history":[{"count":11,"href":"https:\/\/semmelweis.hu\/emk\/wp-json\/wp\/v2\/pages\/15988\/revisions"}],"predecessor-version":[{"id":25758,"href":"https:\/\/semmelweis.hu\/emk\/wp-json\/wp\/v2\/pages\/15988\/revisions\/25758"}],"up":[{"embeddable":true,"href":"https:\/\/semmelweis.hu\/emk\/wp-json\/wp\/v2\/pages\/14559"}],"wp:attachment":[{"href":"https:\/\/semmelweis.hu\/emk\/wp-json\/wp\/v2\/media?parent=15988"}],"wp:term":[{"taxonomy":"category","embeddable":true,"href":"https:\/\/semmelweis.hu\/emk\/wp-json\/wp\/v2\/categories?post=15988"},{"taxonomy":"post_tag","embeddable":true,"href":"https:\/\/semmelweis.hu\/emk\/wp-json\/wp\/v2\/tags?post=15988"}],"curies":[{"name":"wp","href":"https:\/\/api.w.org\/{rel}","templated":true}]}}