{"id":15790,"date":"2020-02-10T13:59:43","date_gmt":"2020-02-10T12:59:43","guid":{"rendered":"http:\/\/semmelweis.hu\/emk\/?page_id=15790"},"modified":"2025-06-03T12:52:34","modified_gmt":"2025-06-03T10:52:34","slug":"bekes-megyei-kozponti-korhaz","status":"publish","type":"page","link":"https:\/\/semmelweis.hu\/emk\/szakertoi-tevekenyseg-projektek\/lezart-projektek\/egeszsegugyi-ellatorendszer-szakmai-modszertani-fejlesztese\/jogyakorlatok-gyujtese-fejlesztese-oktatasa\/rovid-osszefoglalok\/bekes-megyei-kozponti-korhaz\/","title":{"rendered":"B\u00e9k\u00e9s Megyei K\u00f6zponti K\u00f3rh\u00e1z"},"content":{"rendered":"<p class=\"docData;DOCY;v5;13063;BAiAAgAABoQCAAADzDAAAAXaMAAAAAAAAAAAAAAAAAAAAAAAAAAAAAAAAAAAAAAAAAAAAAAAAAAAAAAAAAAAAAAAAAAAAAAAAAAAAAAAAAAAAAAAAAAAAAAAAAAAAAAAAAAAAAAAAAAAAAAAAAAAAAAAAAAAAAAAAAAAAAAAAAAAAAAAAAAAAAAAAAAAAAAAAAAAAAAAAAAAAAAAAAAAAAAAAAAAAAAAAAAAAAAAAAAAAAAAAAAAAAAAAAAAAAAAAAAAAAAAAAAAAAAAAAAAAAAAAAAAAAAAAAAAAAAAAAAAAAAAAAAAAAAAAAAAAAAAAAAAAAAAAAAAAAAAAAAAAAAAAAAAAAAAAAAAAAAAAAAAAAAAAAAAAAAAAAAAAAAAAAAAAAAAAAAAAAAAAAAAAAAAAAAAAAAAAAAAAAAAAAAAAAAAAAAAAAAAAAAAAAAAAAAAAAAAAAAAAAAAAAAAAAAAAAAAAAAAAAAAAAAAAAAAAAAAAAAAAAAAAAAAAAAAAAAAAAAAAAAAAAAAAAAAAAAAAAAAAAAAAAAAAAAAAAAAAAAAAAAAAAAAAAAAAAAAAAAAAAAAAAAAAAAAAAAAAAAAAAAAAAAAAAAAAAAAAAAAAAAAAAAAAAAAAAAAAAAAAAAAAAAAAAAAAAAAAAAAAAAAAAAAAAAAAAAAAAAAAAAAAAAAAAAAAAAAAAAAAAAAAAAAAAAAAAAAAAAAAAAAAAAAAAAAAAAAAAAAAAAAAAAAAAAAAAAAAAAAAAAAAAAAAAAAAAAAAAAAAAAAAAAAAAAAAAAAAAAAAAAAAAAAAAAAAAAAAAAAAAAAAAAAAAAAAAAAAAAAAAAAAAAAAAAAAAAAAABELgAAADMCAAABJwAAAAEGAAAAAAkGAAAAABoGDwAAAAABAQgEGAAAABYEGAAAABsGAAAAAAICAgAABagAAAABDwAAAAABAQgEGAAAABYEGAAAAAiPAAAAAIoAAABCAOkAawDpAHMAIABNAGUAZwB5AGUAaQAgAEsA9gB6AHAAbwBuAHQAaQAgAEsA8wByAGgA4QB6ADoAIABuAHkAbwBtAOEAcwBpACAAZgBlAGsA6QBsAHkAIABtAGUAZwBlAGwAUQF6AOkAcwBlACwAIABrAGUAegBlAGwA6QBzAGUAIADpAHMAIAAFOgAAAAEPAAAAAAEBCAQYAAAAFgQYAAAACCEAAAAAHAAAAG0AbwBuAGkAdABvAHIAaQB6AOEAbADhAHMAYQAFIAAAAAEPAAAAAAEBCAQYAAAAFgQYAAAACAcAAAAAAgAAACAABTIAAAABDwAAAAABAQgEGAAAABYEGAAAAAgZAAAAABQAAABEAGUAawB1AGIAaQB0AHUAcwB6AAUgAAAAAQ8AAAAAAQEIBBgAAAAWBBgAAAAIBwAAAAACAAAAIAAFJgAAAAEPAAAAAAEBCAQYAAAAFgQYAAAACA0AAAAACAAAAHQAZQBhAG0ABTgAAAABDwAAAAABAQgEGAAAABYEGAAAAAgfAAAAABoAAAAgAHMAZQBnAO0AdABzAOkAZwDpAHYAZQBsAAUKAAAAAQAAAAAIAAAAAAUZAAAAAQ8AAAAAAQEIBBgAAAAWBBgAAAAIAAAAAADNDAAAATwAAAABBgAAAAAFAQMJBgYAAAANBQAAAAARBhIAAAASBgwAAAAUAQITBegVegAjAQQaBgMAAAABAQEbBgAAAAAChwwAAAXDAQAAAQAAAAAIuQEAAAC0AQAAQQAgAG4AeQBvAG0A4QBzAGkAIABmAGUAawDpAGwAeQAgAGUAbABsAOEAdADhAHMAYQAgAGUAZwB5AHIAZQAgAG4AZQBoAGUAegBlAGQAUQEgAHQAZQByAGgAZQB0ACAAcgDzACAAYQB6ACAAZQBnAOkAcwB6AHMA6QBnAPwAZwB5AGkAIABlAGwAbADhAHQA8wByAGUAbgBkAHMAegBlAHIAcgBlADoAIABuAPYAdgBlAGwAaABlAHQAaQAgAGEAegAgAOEAcABvAGwA4QBzAGkAIABuAGEAcABvAGsAIABzAHoA4QBtAOEAdAAgAOkAcwAgAGEAegAgAGUAbABsAOEAdADhAHMAIABrAPYAbAB0AHMA6QBnAGUAaQB0ACwAIABhAHoAIABpAG4AdADpAHoAbQDpAG4AeQAgAGgA7QByAG4AZQB2AGUALAAgAGEAegAgAGUAbABsAOEAdADhAHMAIABzAHoA7QBuAHYAbwBuAGEAbADhAG4AYQBrACAAbQBlAGcA7QB0AOkAbADpAHMAZQAgAGkAcwAgAHIAbwBtAG8AbABoAGEAdAAuACAAQQAgAAWLAAAAAQ4AAAAJAwAAABwGAwAAAAEBDwhzAAAAAG4AAABuAHkAbwBtAOEAcwBpACAAZgBlAGsA6QBsAHkAIABrAGkAYQBsAGEAawB1AGwA4QBzAOEAbgBhAGsAIABjAHMA9gBrAGsAZQBuAHQA6QBzAGUALAAgAGkAbABsAGUAdAB2AGUAIABhACAAaABhAAW\/AAAAAQAAAAAItQAAAACwAAAAdADpAGsAbwBuAHkAIADpAHMAIABlAHIAZQBkAG0A6QBuAHkAZQBzACAAZQBsAGwA4QB0AOEAcwAgAOkAcgBkAGUAawDpAGIAZQBuACAAZQBnAHkAcwDpAGcAZQBzACwAIABpAG4AdADpAHoAbQDpAG4AeQBpACAAawBlAHIAZQB0AGUAawBlAG4AIABiAGUAbAD8AGwAIABtAHEBawD2AGQAdABlAHQAZQB0AHQAIAAFIwAAAAEAAAAACBkAAAAAFAAAAEQAZQBrAHUAYgBpAHQAdQBzAHoABXMAAAABAAAAAAhpAAAAAGQAAAAgAFQAZQBhAG0ALQBlAHQAIABhAGwAYQBrAO0AdABvAHQAdABhAGsAIABrAGkAIABhACAAawDzAHIAaADhAHoAYgBhAG4ALgAgAE0AcQFrAPYAZADpAHMA6QBuAGUAawAgAGUABWsAAAABAAAAAAhhAAAAAFwAAAByAGUAZABtAOkAbgB5AGUAawDpAG4AdAAgAGoAbwBiAGIAIABsAGUAdAB0ACAAYQB6ACAAYQBkAGEAdABnAHkAcQFqAHQA6QBzACwAIABqAGEAdgB1AGwAdAAgAAVpAAAAAQAAAAAIXwAAAABaAAAAYQAgAGoAZQBsAGUAbgB0AOkAcwBpACAAawD2AHQAZQBsAGUAegBlAHQAdABzAOkAZwAsACAA7QBnAHkAIABtAOEAcgAgAGEAIABrAGUAegBkAGUAdABpACAABSMAAAABAAAAAAgZAAAAABQAAABzAHQA4QBkAGkAdQBtAGIAYQBuAAUXAAAAAQAAAAAIDQAAAAAIAAAAIABsAOkAdgAFTwAAAAEAAAAACEUAAAAAQAAAAFEBIABiAGUAdABlAGcAZQBrACAAaQBzACAAZgBlAGwAZABlAHIA7QB0AOkAcwByAGUAIABrAGUAcgD8AGwAdAAFGwAAAAEAAAAACBEAAAAADAAAAGUAawAuACAAQQAgAAUXAAAAAQAAAAAIDQAAAAAIAAAAdABlAGEAbQAFQwAAAAEAAAAACDkAAAAANAAAACAAcwBlAGcA7QB0AHMA6QBnAOkAbgBlAGsAIABrAPYAcwB6APYAbgBoAGUAdABRAWUAbgAFEQAAAAEAAAAACAcAAAAAAgAAACAABR0AAAABAAAAAAgTAAAAAA4AAABjAHMA9gBrAGsAZQBuAAURAAAAAQAAAAAIBwAAAAACAAAAdAAFZwAAAAEAAAAACF0AAAAAWAAAACAAYQB6ACAAbwBzAHoAdADhAGwAeQBvAHMAIADhAHAAbwBsAPMAawAgAGwAZQB0AGUAcgBoAGUAbAB0AHMA6QBnAGUALAAgAGkAbABsAGUAdAB2AGUAIAAFIQAAAAEAAAAACBcAAAAAEgAAAGYAZQBqAGwAUQFkAPYAdAB0AAX3AAAAAQAAAAAI7QAAAADoAAAAIABhACAAawBvAG0AbQB1AG4AaQBrAOEAYwBpAPMAIADpAHMAIABhAHoAIABlAGcAeQD8AHQAdABtAHEBawD2AGQA6QBzACAAYQAgAHQAZQBhAG0ALAAgAGEAegAgAG8AcwB6AHQA4QBsAHkAbwBzACAA4QBwAG8AbADzAGsALAAgAHYAYQBsAGEAbQBpAG4AdAAgAGEAegAgAGUAbABsAOEAdADhAHMAIAB0APYAYgBiAGkAIAByAOkAcwB6AHQAdgBlAHYAUQFqAGUAIABrAPYAegD2AHQAdAAuACAATQDhAHIAIABhAAUzAAAAAQ4AAAAJAwAAABwGAwAAAAEBDwgbAAAAABYAAAB6ACAAaQBuAHQA6QB6AGUAdABpACAABTEAAAABDgAAAAkDAAAAHAYDAAAAAQEPCBkAAAAAFAAAAGIAZQBuAHQAZgBlAGsAdgDpAHMABUUAAAABDgAAAAkDAAAAHAYDAAAAAQEPCC0AAAAAKAAAACAAaQBkAGUAagBlACAAYQBsAGEAdAB0ACAAZQBsAGkAbgBkAHUAbAAFHwAAAAEOAAAACQMAAAAcBgMAAAABAQ8IBwAAAAACAAAAdAAFawEAAAEOAAAACQMAAAAcBgMAAAABAQ8IUwEAAABOAQAAIABhACAAYgBlAHQAZQBnACAAbwB0AHQAaABvAG4AaQAgAGUAbABsAOEAdADhAHMA4QBuAGEAawAgAHMAegBlAHIAdgBlAHoA6QBzAGUALAAgAHQA4QBtAG8AZwBhAHQA4QBzAGEAIABhAHoAIADhAHAAbwBsAOEAcwBpACAAegDhAHIA8wBqAGUAbABlAG4AdADpAHMALAAgAGsA9gB0AHMAegBlAHIAIADpAHMAIABzAGUAZwDpAGQAZQBzAHoAawD2AHoAIABqAGEAdgBhAHMAbABhAHQAIAB2AGEAZwB5ACAAYQB6ACAAbwB0AHQAaABvAG4AaQAgAGUAbABsAOEAdADhAHMAaQAgAGYAbwByAG0A4QBrACAAYQBqAOEAbgBsAOEAcwDhAG4AYQBrACAAcwBlAGcA7QB0AHMA6QBnAOkAdgBlAGwALgAgAAUDAgAAAQAAAAAI+QEAAAD0AQAAQQAgAEIA6QBrAOkAcwAgAE0AZQBnAHkAZQBpACAASwD2AHoAcABvAG4AdABpACAASwDzAHIAaADhAHoAYgBhAG4AIABvAHQAdABoAG8AbgDhAHAAbwBsAOEAcwBpACAAcwB6AG8AbABnAOEAbABhAHQAIABpAHMAIABtAHEBawD2AGQAaQBrACwAIABtAGUAbAB5ACAARwB5AHUAbABhACAA6QBzACAAawD2AHIAbgB5AOkAawBlACAAYgBlAHQAZQBnAGUAaQBuAGUAawAgAG8AdAB0AGgAbwBuAGkAIABzAHoAYQBrAOEAcABvAGwA4QBzAOEAYgBhAG4AIABuAHkA+gBqAHQAIABzAGUAZwDtAHQAcwDpAGcAZQB0ACwAIADtAGcAeQAgAGEAIABrAPMAcgBoAOEAegBiAPMAbAAgAGgAYQB6AGEAawBlAHIA\/ABsAFEBIABuAHkAbwBtAOEAcwBpACAAZgBlAGsA6QBsAGwAeQBlAGwAIAByAGUAbgBkAGUAbABrAGUAegBRASAAYgBlAHQAZQBnAGUAawAgAGUAbABsAOEAdADhAHMA4QBiAGEAbgAgAGkAcwAgAGYAbwBuAHQAbwBzACAAcwB6AGUAcgBlAHAAZQB0ACAAagDhAHQAcwB6AGkAawAuACAAKAAFIgAAAAERAAAACQN\/f38cBgYAAAABAQ8CAYAIBwAAAAACAAAAHiAFOwAAAAEUAAAAAQEBCQN\/f38cBgYAAAABAQ8CAYAIHQAAAAAYAAAAVABvAHYA4QBiAGIAIABnAG8AbQBiAB0gBRQAAAABAwAAAAEBAQgHAAAAAAIAAAApAAUKAAAAAQAAAAAIAAAAAAUNAAAAAQMAAAABAQEIAAAAAAB5AAAAATwAAAABBgAAAAAFAQMJBgYAAAANBQAAAAARBhIAAAASBgwAAAAUAQITBegVegAjAQQaBgMAAAABAQEbBgAAAAACMwAAAAUNAAAAAQMAAAABAQEIAAAAAAUKAAAAAQAAAAAIAAAAAAUNAAAAAQMAAAABAQEIAAAAAACuAAAAATwAAAABBgAAAAAFAQMJBgYAAAANBQAAAAARBhIAAAASBgwAAAAUAQITBegVegAjAQQaBgMAAAAAAQEbBgAAAAACaAAAAAVCAAAAAQMAAAAAAQEINQAAAAAwAAAAQQAgAGoA8wBnAHkAYQBrAG8AcgBsAGEAdAAgAGIAZQBtAHUAdABhAHQA4QBzAGEABQoAAAABAAAAAAgAAAAABQ0AAAABAwAAAAABAQgAAAAAAHkAAAABPAAAAAEGAAAAAAUBAwkGBgAAAA0FAAAAABEGEgAAABIGDAAAABQBAhMF6BV6ACMBBBoGAwAAAAABARsGAAAAAAIzAAAABQ0AAAABAwAAAAABAQgAAAAABQoAAAABAAAAAAgAAAAABQ0AAAABAwAAAAABAQgAAAAAABUGAAABIQAAAAEGAAAAAAUBAwkGBgAAAA0FAAAAABoGAAAAABsGAAAAAALqBQAABekAAAABAAAAAAjfAAAAANoAAABBAG0AZQBuAG4AeQBpAGIAZQBuACAAYQB6ACAASQBuAHQA6QB6AG0A6QBuAHkAYgBlACAAYQAgAGIAZQB0AGUAZwAgAG4AeQBvAG0A4QBzAGkAIABmAGUAawDpAGwAeQAgAHMAegBlAG0AcABvAG4AdABqAOEAYgDzAGwAIABrAPYAegBlAHAAZQBzACAAdgBhAGcAeQAgAG0AYQBnAGEAcwAgAHIAaQB6AGkAawDzAHYAYQBsACAA6QByAGsAZQB6AGkAawAsACAAbABlAGgAZQB0AFEBcwDpAAVNAAAAAQAAAAAIQwAAAAA+AAAAZwAgAHYAYQBuACAAZgBlAGwAdgBlAG4AbgBpACAAYQAgAGsAYQBwAGMAcwBvAGwAYQB0AG8AdAAgAGEAIAAFEQAAAAEAAAAACAcAAAAAAgAAAEQABSEAAAABAAAAAAgXAAAAABIAAABlAGsAdQBiAGkAdAB1AHMAegAFEQAAAAEAAAAACAcAAAAAAgAAACAABRcAAAABAAAAAAgNAAAAAAgAAAB0AGUAYQBtAAX3AAAAAQAAAAAI7QAAAADoAAAAIAB0AGEAZwBqAGEAaQB2AGEAbAAgACgAZABlACAAbgBlAG0AIABrAPYAdABlAGwAZQB6AFEBKQAsACAAYQBrAGkAawAgAHMAZQBnAO0AdABlAG4AZQBrACAAYQAgAHAAcgBlAHYAZQBuAGMAaQDzAHMAIABzAHQAcgBhAHQA6QBnAGkAYQAgAGsAaQBkAG8AbABnAG8AegDhAHMA4QBiAGEAbgAuACAASwD2AHQAZQBsAGUAegBRASAAdgBpAHMAegBvAG4AdAAgAGoAZQBsAGUAegBuAGkAIABhACAAdABlAGEAbQAtAAUVAAAAAQAAAAAICwAAAAAGAAAAbgBlAGsABUMBAAABAAAAAAg5AQAAADQBAAAgAOkAcwAgAGEAegBvAG4AbgBhAGwAIABlAGwAIABrAGUAbABsACAAawBlAHoAZABlAG4AaQAgAGEAIABzAGUAYgBmAGUAbABtAOkAcgDpAHMAdAAsACAAaABhACAAYQAgAGIAZQB0AGUAZwAgAGYAZQBsAHYA6QB0AGUAbADpAHQAIABrAPYAdgBlAHQAUQFlAG4AIABuAHkAbwBtAOEAcwBpACAAZgBlAGsA6QBsAHkAdAAgAOkAcwB6AGwAZQBsAG4AZQBrACwAIAB2AGEAZwB5ACAAaABhACAAYQAgAG4AeQBvAG0A4QBzAGkAIABmAGUAawDpAGwAeQAgAGEAegAgAG8AcwB6AHQA4QBsAHkAbwBuACAAYQBsAGEAawB1AGwAIABrAGkALgAgAEUAZwB5AAVRAAAAAQAAAAAIRwAAAABCAAAA\/AB0AHQAIABrAGkAZABvAGwAZwBvAHoA4QBzAHIAYQAgAGsAZQByAPwAbAAgAGEAegAgAGUAbABsAOEAdADhAHMABS8AAAABAAAAAAglAAAAACAAAAAgAHMAdAByAGEAdADpAGcAaQDhAGoAYQAsACAAYQAgAAUXAAAAAQAAAAAIDQAAAAAIAAAAdABlAGEAbQAFFQEAAAEAAAAACAsBAAAABgEAACAAbQB1AG4AawBhAHQA4QByAHMAYQAgAHMAegD8AGsAcwDpAGcAIAAgAGUAcwBlAHQA6QBuACAAdABlAHIA4QBwAGkA4QBzACAAbQBhAHQAcgBhAGMAbwBrAGEAdAAsACAAZQBzAHoAawD2AHoA9gBrAGUAdAAgAGMAcwBvAHAAbwByAHQAbwBzAO0AdAAgAOEAdAAsACAAawD2AHQAcwB6AGUAcgBlAGsAawBlAGwAIABzAGUAZwDtAHQAaQAgAGsAaQAgAGEAegAgAG8AcwB6AHQA4QBsAHkAdAAgAGkAbgB0AOkAegBtAOkAbgB5AGkAIABrAGUAcgBlAHQAYgBRAWwALgAFCgAAAAEAAAAACAAAAAAFCgAAAAEAAAAACAAAAAAACQMAAAEhAAAAAQYAAAAABQEDCQYGAAAADQUAAAAAGgYAAAAAGwYAAAAAAt4CAAAFBwEAAAEAAAAACP0AAAAA+AAAAEEAIABzAGUAYgBmAGUAbABtAOkAcgDpAHMAIABtAGEAZwDhAGIAYQAgAGYAbwBnAGwAYQBsAGoAYQAgAGEAegAgAGUAbABoAGUAbAB5AGUAegBrAGUAZADpAHMALAAgAGEAIABzAPoAbAB5AG8AcwBzAOEAZwBpACAAZgBvAGsAbwB6AGEAdAAsACAAYQAgAHMAZQBiAGUAawAgAHMAegDhAG0A4QBuAGEAawAgAG0AZQBnAGgAYQB0AOEAcgBvAHoA4QBzAOEAdAAsACAAdgBhAGwAYQBtAGkAbgB0ACAAYQAgAHMAZQBiACAAcABvAG4AdABvAHMABS8AAAABAAAAAAglAAAAACAAAAAgAHAAYQByAGEAbQDpAHQAZQByAGUAaQBuAGUAawAgAAXRAAAAAQAAAAAIxwAAAADCAAAAYQAgAG0AZQBnAOEAbABsAGEAcADtAHQA4QBzAOEAdAAuACAAIABFAGwAdgDpAGcAegDpAHMAZQAgAOkAcwAgAGEAegAgAGEAZABhAHQAbwBrACAAZABvAGsAdQBtAGUAbgB0AOEAbADhAHMAYQAgAG0AZQBnAGgAYQB0AOEAcgBvAHoA8wAgAGEAIABzAGUAYgAgAOEAbABsAGEAcABvAHQA4QBuAGEAawAgAGYAbwBsAHkAYQBtAGEAdABvAHMAIAAFOwAAAAEAAAAACDEAAAAALAAAAG0AbwBuAGkAdABvAHIAaQB6AOEAbABoAGEAdADzAHMA4QBnAOEAaABvAHoABWUAAAABAAAAAAhbAAAAAFYAAAAsACAAdgBhAGwAYQBtAGkAbgB0ACAAYQAgAGsAZQB6AGUAbADpAHMAaQAgAHQAZQByAHYAIABlAGwAawDpAHMAegDtAHQA6QBzAOkAaABlAHoALgAgAAUKAAAAAQAAAAAIAAAAAAUKAAAAAQAAAAAIAAAAAAA3CAAAASEAAAABBgAAAAAFAQMJBgYAAAANBQAAAAAaBgAAAAAbBgAAAAACDAgAAAU7AAAAAQAAAAAIMQAAAAAsAAAAQQAgAGYAZQBuAHQAaQAgAGYAZQBsAGEAZABhAHQAbwBrAGEAdAAgAGEAIAAFFQAAAAEAAAAACAsAAAAABgAAAEQAZQBrAAUdAAAAAQAAAAAIEwAAAAAOAAAAdQBiAGkAdAB1AHMAegAFEQAAAAEAAAAACAcAAAAAAgAAACAABRcAAAABAAAAAAgNAAAAAAgAAAB0AGUAYQBtAAXzAAAAAQAAAAAI6QAAAADkAAAAIAB0AGEAZwBqAGEAIABzAGUAZwDtAHQAaQAsACAAYQBrAGkAIAByAGUAbgBkAHMAegBlAHIAZQBzAGUAbgAgAHYAaQBzAHMAegBhAHQA6QByACAAYQB6ACAAYQBkAG8AdAB0ACAAZgBlAGsAdgBRAWIAZQB0AGUAZwAgAG8AcwB6AHQA4QBsAHkAcgBhACwAIABuAHkAbwBtAG8AbgAgAGsA9gB2AGUAdABpACAAYQAgAGIAZQB0AGUAZwAgAOEAbABsAGEAcABvAHQAdgDhAGwAdABvAHoA4QBzAOEAdAAuACAABSsAAAABAAAAAAghAAAAABwAAABPAHMAegB0AOEAbAB5AG8AbgBrAOkAbgB0AGkABV8BAAABAAAAAAhVAQAAAFABAAAgAG4AeQBpAGwAdgDhAG4AdABhAHIAdADhAHMAdAAgAHYAZQB6AGUAdAAgAGEAIABmAGUAbABrAGUAcgBlAHMAZQB0AHQAIABiAGUAdABlAGcAZQBrAHIAUQFsACwAIABpAGwAbABlAHQAdgBlACAAbgBhAHAAaQAgAG4AeQBpAGwAdgDhAG4AdABhAHIAdADhAHMAdAAgAHYAZQB6AGUAdAAgAGEAIABmAGUAbABrAGUAcgBlAHMAZQBuAGQAUQEgAGIAZQB0AGUAZwBlAGsAcgBRAWwALAAgAGgAbwBnAHkAIABlAGwAbABlAG4AUQFyAGkAegB6AGUAIABhAHoAIABvAHMAegB0AOEAbAB5AG8AcwAgAHMAZQBiAGUAbABsAOEAdADhAHMAdAAsACAAZQBzAGUAdABlAG4AawDpAG4AdAAgAG0A8wBkAG8AcwAFTQAAAAEAAAAACEMAAAAAPgAAAO0AdABzAG8AbgAgAGEAIABrAGkAdgDhAGwAYQBzAHoAdABvAHQAdAAgAGsA9gB0AHMAegBlAHIAZQBuACAABRsAAAABAAAAAAgRAAAAAAwAAABhACAAdgDhAGwAdAAFTwAAAAEAAAAACEUAAAAAQAAAAG8AegDzACAAcwBlAGIAdADtAHAAdQBzAG4AYQBrACAAbQBlAGcAZgBlAGwAZQBsAFEBZQBuAC4AIABBACAAdAAFEQIAAAEAAAAACAcCAAAAAgIAAGUAYQBtACAAbADhAHQAbwBnAGEAdADhAHMAaQAgAGcAeQBhAGsAbwByAGkAcwDhAGcA4QB0ACAAYQAgAHMAZQBiACAA4QBsAGwAYQBwAG8AdABhACAAaABhAHQA4QByAG8AegB6AGEAIABtAGUAZwAgAOkAcwAgAGEAegAgAGEAZABvAHQAdAAgAG8AcwB6AHQA4QBsAGwAeQBhAGwAIAB0APYAcgB0AOkAbgBRASAAbQBlAGcAZQBnAHkAZQB6AOkAcwAgAHMAegBlAHIAaQBuAHQAIAB6AGEAagBsAGkAawA6ACAAYQAgAHQAZQBhAG0AIAB0AGEAZwBqAGEAIABpAHMAIAB2AOkAZwBlAHoAaABlAHQAaQAgAGEAIABuAGEAcABpACAAawD2AHQA6QBzAGMAcwBlAHIA6QBrAGUAdAAsACAAZABlACAAYQB6ACAAbwBzAHoAdADhAGwAeQBvAHMAIADhAHAAbwBsAPMAIABpAHMALAAgAHYAaQBzAHoAbwBuAHQAIABtAGkAbgBkAGkAZwAgAGEAIAB0AGUAYQBtACAAZgBlAGwAYQBkAGEAdABhACwAIABoAG8AZwB5ACAAcwB6APwAawBzAOkAZwAgAHMAegBlAHIAaQBuAHQAIABlAGcAeQBlAHoAdABlAHMAcwBlAG4AIABhACAAcwAFKwAAAAEAAAAACCEAAAAAHAAAAGUAYgDpAHMAegAgAG8AcgB2AG8AcwBzAGEAbAAFPQAAAAEAAAAACDMAAAAALgAAACAAKABzAGUAYgDpAHMAegBlAHQAaQAgAGIAZQBhAHYAYQB0AGsAbwB6AOEAcwAFEQAAAAEAAAAACAcAAAAAAgAAACwABREAAAABAAAAAAgHAAAAAAIAAAAgAAUxAAAAAQAAAAAIJwAAAAAiAAAAawD2AHQAcwB6AGUAcgAgAG0A8wBkAG8AcwDtAHQA4QBzAAWNAAAAAQAAAAAIgwAAAAB+AAAAKQAuACAARgBvAG4AdABvAHMALAAgAGgAbwBnAHkAIABhACAAYgBlAHQAZQBnACAAaQBuAHQA6QB6AG0A6QBuAHkAYgBRAWwAIAB0APYAcgB0AOkAbgBRASAAdADhAHYAbwB6AOEAcwBhACAAZQBsAFEBdAB0ACAAaQBzACAABScAAAABAAAAAAgdAAAAABgAAABrAG8AbgB6AHUAbAB0AOEAbABqAG8AbgAFQQAAAAEAAAAACDcAAAAAMgAAACAAYQAgAHQAZQBhAG0AIABzAGUAYgDpAHMAegAgAG8AcgB2AG8AcwDhAHYAYQBsAC4ABQoAAAABAAAAAAgAAAAABQoAAAABAAAAAAgAAAAAAHMDAAABIQAAAAEGAAAAAAUBAwkGBgAAAA0FAAAAABoGAAAAABsGAAAAAAJIAwAABRMAAAABAAAAAAgJAAAAAAQAAABBACAABSMAAAABAAAAAAgZAAAAABQAAABEAGUAawB1AGIAaQB0AHUAcwB6AAURAAAAAQAAAAAIBwAAAAACAAAAIAAFFwAAAAEAAAAACA0AAAAACAAAAHQAZQBhAG0ABRECAAABAAAAAAgHAgAAAAICAAAgAGYAZQBsAGEAZABhAHQAYQAgAHQAbwB2AOEAYgBiAOEAIABhACAAbgB5AG8AbQDhAHMAaQAgAGYAZQBrAOkAbAB5ACAAcAByAGUAdgBlAG4AYwBpAPMAIABpAHIA4QBuAHkAZQBsAHYAZQBpAG4AZQBrACAAbwBrAHQAYQB0AOEAcwBhACAAbwBzAHoAdADhAGwAeQBvAHMAIAB0AG8AdgDhAGIAYgBrAOkAcAB6AOkAcwAgAGsAZQByAGUAdABlAGkAbgAgAGIAZQBsAPwAbAAsACAAYQAgAHYAbwBuAGEAdABrAG8AegDzACAAbABlAGcAZgByAGkAcwBzAGUAYgBiACAAcwB6AGEAawBtAGEAaQAgAGEAagDhAG4AbADhAHMAbwBrACAA6QByAHYA6QBuAHkAZQBzAO0AdADpAHMAZQAsACAAZgBvAGwAeQBhAG0AYQB0AG8AcwAgAGsAbwBuAHoAdQBsAHQAYQB0AO0AdgAgAHMAZQBnAO0AdABzAOkAZwBuAHkA+gBqAHQA4QBzACwAIABhACAAcAByAG8AdABvAGsAbwBsAGwAbwBrACAA6QBzACAAYQB6ACAA4QBwAG8AbADhAHMAaQAgAGQAbwBrAHUAbQBlAG4AdADhAGMAaQDzAGsAIABhAGsAdAB1AGEAbABpAHoA4QBsAOEABZ0AAAABAAAAAAiTAAAAAI4AAABzAGEALAAgAG4AeQBpAGwAdgDhAG4AdABhAHIAdADhAHMAIAB2AGUAegBlAHQA6QBzAGUAIADpAHMAIABmAOkAbADpAHYAZQBuAHQAZQAgAGoAZQBsAGUAbgB0AOkAcwAgAGEAIABtAGUAbgBlAGQAegBzAG0AZQBuAHQAIAByAOkAcwB6AOkAcgBlAC4ABQoAAAABAAAAAAgAAAAABQoAAAABAAAAAAgAAAAAAJ0DAAABIQAAAAEGAAAAAAUBAwkGBgAAAA0FAAAAABoGAAAAABsGAAAAAAJyAwAABRMAAAABAAAAAAgJAAAAAAQAAABBACAABRcAAAABAAAAAAgNAAAAAAgAAAB0AGUAYQBtAAURAgAAAQAAAAAIBwIAAAACAgAAIABlAGwAZQBrAHQAcgBvAG4AaQBrAHUAcwAgAPoAdABvAG4AIADpAHMAIAB0AGUAbABlAGYAbwBuAG8AbgAgACAA6QByAGgAZQB0AFEBIABlAGwALAAgAOkAcwAgAG0A6QBnACAAYQAgAGoAZQBsAHoA6QBzACAAbgBhAHAAagDhAG4AIABmAGUAbABrAGUAcgBlAHMAaQBrACAAYQB6ACAAYQBkAG8AdAB0ACAAbwBzAHoAdADhAGwAeQB0AC4AIABBAHoAIABJAG4AdADpAHoAbQDpAG4AeQBiAGUAbgAgADUAIADhAHAAbwBsAPMAIADpAHMAIAAyACAAbwByAHYAbwBzACAAYQBsAGsAbwB0AGoAYQAgAGEAIABjAHMAYQBwAGEAdABvAHQALAAgAGQAZQAgAGcAeQDzAGcAeQB0AG8AcgBuAOEAcwB6AG8AawAgAOkAcwAgAGQAaQBlAHQAZQB0AGkAawB1AHMAbwBrACAAaQBzACAAYgBlAHYAbwBuAOEAcwByAGEAIABrAGUAcgD8AGwAbgBlAGsAIABhAHoAIABlAGwAbADhAHQA4QBzAOEAYgBhAC4AIABBACAAcADhAGwAeQDhAHoAYQB0AGkAIABrAGUAcgBlAHQAZQBrACAAawD2AHoA9gB0AHQAIABtAHEBawD2AGQAUQEgAAUFAQAAAQAAAAAI+wAAAAD2AAAAIgAgAE0AbwBiAGkAbAAgAFQAZQBhAG0AIgAgAG0AdQBuAGsAYQB0AOEAcgBzAGEAaQAgAGYAUQEgAGYAZQBsAGEAZABhAHQAawDpAG4AdAAgACgAdAD2AGIAYgBzAOkAZwDpAGIAZQBuACAAdABlAGwAagBlAHMAIABtAHUAbgBrAGEAaQBkAFEBYgBlAG4ALAAgAHIA6QBzAHoAYgBlAG4AIAByAOkAcwB6AG0AdQBuAGsAYQBpAGQAUQFiAGUAbgApACAAbADhAHQAagDhAGsAIABlAGwAIABhACAAbQB1AG4AawDhAGoAdQBrAGEAdAAuACAABQoAAAABAAAAAAgAAAAABQoAAAABAAAAAAgAAAAAAAMCAAABIQAAAAEGAAAAAAUBAwkGBgAAAA0FAAAAABoGAAAAABsGAAAAAALYAQAABXMAAAABAAAAAAhpAAAAAGQAAABBACAAagDzAGcAeQBhAGsAbwByAGwAYQB0ACAAYgBlAHYAZQB6AGUAdADpAHMAZQAgAGsA9gByAPwAbABiAGUAbAD8AGwAIAAxACAAaADzAG4AYQBwAG8AdAAgAHYAZQB0AHQABWEAAAABAAAAAAhXAAAAAFIAAAAgAGkAZwDpAG4AeQBiAGUALAAgAHIAdQB0AGkAbgBzAHoAZQByAHEBIABtAHEBawD2AGQA6QBzAOkAbgBlAGsAIABrAGkAYQBsAGEAawDtAHQABRMAAAABAAAAAAgJAAAAAAQAAADhAHMABS0AAAABAAAAAAgjAAAAAB4AAADhAGgAbwB6ACAAbgBhAGcAeQBqAOEAYgDzAGwAIAAFHQAAAAEAAAAACBMAAAAADgAAADMAIABoAPMAbgBhAHAABRMAAAABAAAAAAgJAAAAAAQAAAByAGEABRkAAAABAAAAAAgPAAAAAAoAAAAgAHYAbwBsAHQABR8AAAABAAAAAAgVAAAAABAAAAAgAHMAegD8AGsAcwDpAGcABREAAAABAAAAAAgHAAAAAAIAAAAuAAUKAAAAAQAAAAAIAAAAAAUKAAAAAQAAAAAIAAAAAABYAAAAASEAAAABBgAAAAAFAQMJBgYAAAANBQAAAAAaBgAAAAAbBgAAAAACLQAAAAUKAAAAAQAAAAAIAAAAAAUKAAAAAQAAAAAIAAAAAAUKAAAAAQAAAAAIAAAAAACGAAAAASQAAAABBgAAAAAFAQMJBgYAAAANBQAAAAAaBgMAAAAAAQEbBgAAAAACWAAAAAUyAAAAAQMAAAAAAQEIJQAAAAAgAAAASABvAGwAIADpAHIAZABlAGsAbABRAWQAaABlAHQAPwAFCgAAAAEAAAAACAAAAAAFDQAAAAEDAAAAAAEBCAAAAAAAWAAAAAEhAAAAAQYAAAAABQEDCQYGAAAADQUAAAAAGgYAAAAAGwYAAAAAAi0AAAAFCgAAAAEAAAAACAAAAAAFCgAAAAEAAAAACAAAAAAFCgAAAAEAAAAACAAAAAAAwwAAAAEhAAAAAQYAAAAABQEDCQYGAAAADQUAAAAAGgYAAAAAGwYAAAAAApgAAAAFNwAAAAEAAAAACC0AAAAAKAAAAEsA4QBkAOEAcgBuAOkAIABTAHoAYQBiAPMAIABJAGwAZABpAGsA8wAXHAAAAAAEAAAAAAAAAAEOAAAAXwBHAG8AQgBhAGMAawAFCgAAAAEAAAAACAAAAAAYCQAAAAAEAAAAAAAAAAUKAAAAAQAAAAAIAAAAAAUKAAAAAQAAAAAIAAAAAADzAAAAASEAAAABBgAAAAAFAQMJBgYAAAANBQAAAAAaBgAAAAAbBgAAAAACyAAAAAUKAAAAAQAAAAAIAAAAAAqWAAAAAToAAABtAGEAaQBsAHQAbwA6AGsAYQBkAGEAcgBuAGUALgBpAGwAZABpAGsAbwBAAGIAbQBrAGsALgBlAHUABAEAAAABAEwAAAAFRwAAAAEMAAAADQYGAAAAMQA2ADQACDEAAAAALAAAAGsAYQBkAGEAcgBuAGUALgBpAGwAZABpAGsAbwBAAGIAbQBrAGsALgBlAHUABQoAAAABAAAAAAgAAAAABQoAAAABAAAAAAgAAAAACgAAAAAAAAAAEQAAAAApAgAAANwAAAAAAQABBhIAAAACBQAAAAADBQAAAAAEBQAAAAAFAQEGAQAHAQAIAQAJBhsAAAAKBYulAQALAQEcAQAMBQAAAAAdAQANBW5OBAAOBggAAAAAAQEBA\/\/\/\/xkBARsGfQAAAAAUAAAAAAMAAAABBQAAAAACBeZEAAADAQABFAAAAAADAAAAAQUAAAAAAgXmRAAAAwEAAhQAAAAAAwAAAAEFAAAAAAIF5kQAAAMBAAMUAAAAAAMAAAABBQAAAAACBeZEAAADAQALFAAAAAADAAAAAQUAAAAAAgXmRAAAAwEAAcoAAAAAAQABAQACAQADAQAEBg4AAABDAGEAbABpAGIAcgBpAAUGDgAAAEMAYQBsAGkAYgByAGkABwYOAAAAQwBhAGwAaQBiAHIAaQAGBg4AAABDAGEAbABpAGIAcgBpAAgEFgAAAAoBAAwBAA4FAAAAAA8BABABABEBABIFAAAAABQBABUBABYEFgAAABcBABgBABkGCgAAAGgAdQAtAEgAVQAaBgoAAABhAHIALQBTAEEAGwYKAAAAZQBuAC0AVQBTABwGAgAAAAAAHgEAAnQAAAAAbwAAAAEGAAAAMQA2ADQAAhIAAABIAHkAcABlAHIAbABpAG4AawAJAQAAAAEDBgAAADEANgAxAAsEAAAAYwAAAA4BAAAAAQURAAAAAgEBCQMFY8EcBgMAAAABAQsGEgAAAAEGAAAAAAkGAAAAABsGAAAAAA==\" style=\"text-align: justify\"><b>B\u00e9k\u00e9s Megyei K\u00f6zponti K\u00f3rh\u00e1z: nyom\u00e1si fek\u00e9ly megel\u0151z\u00e9se, kezel\u00e9se \u00e9s <\/b><b>monitoriz\u00e1l\u00e1sa<\/b><b>\u00a0<\/b><b>Dekubitusz<\/b><b>\u00a0<\/b><b>team<\/b><b> seg\u00edts\u00e9g\u00e9vel<\/b><\/p>\n<p style=\"text-align: justify\">A nyom\u00e1si fek\u00e9ly ell\u00e1t\u00e1sa egyre nehezed\u0151 terhet r\u00f3 az eg\u00e9szs\u00e9g\u00fcgyi ell\u00e1t\u00f3rendszerre: n\u00f6velheti az \u00e1pol\u00e1si napok sz\u00e1m\u00e1t \u00e9s az ell\u00e1t\u00e1s k\u00f6lts\u00e9geit, az int\u00e9zm\u00e9ny h\u00edrneve, az ell\u00e1t\u00e1s sz\u00ednvonal\u00e1nak meg\u00edt\u00e9l\u00e9se is romolhat. A nyom\u00e1si fek\u00e9ly kialakul\u00e1s\u00e1nak cs\u00f6kkent\u00e9se, illetve a hat\u00e9kony \u00e9s eredm\u00e9nyes ell\u00e1t\u00e1s \u00e9rdek\u00e9ben egys\u00e9ges, int\u00e9zm\u00e9nyi kereteken bel\u00fcl m\u0171k\u00f6dtetett Dekubitusz Team-et alak\u00edtottak ki a k\u00f3rh\u00e1zban. M\u0171k\u00f6d\u00e9s\u00e9nek eredm\u00e9nyek\u00e9nt jobb lett az adatgy\u0171jt\u00e9s, javult a jelent\u00e9si k\u00f6telezetts\u00e9g, \u00edgy m\u00e1r a kezdeti st\u00e1diumban l\u00e9v\u0151 betegek is felder\u00edt\u00e9sre ker\u00fcltek. A team seg\u00edts\u00e9g\u00e9nek k\u00f6sz\u00f6nhet\u0151en\u00a0cs\u00f6kkent az oszt\u00e1lyos \u00e1pol\u00f3k leterhelts\u00e9ge, illetve fejl\u0151d\u00f6tt a kommunik\u00e1ci\u00f3 \u00e9s az egy\u00fcttm\u0171k\u00f6d\u00e9s a team, az oszt\u00e1lyos \u00e1pol\u00f3k, valamint az ell\u00e1t\u00e1s t\u00f6bbi r\u00e9sztvev\u0151je k\u00f6z\u00f6tt. M\u00e1r az int\u00e9zeti bentfekv\u00e9s ideje alatt elindult a beteg otthoni ell\u00e1t\u00e1s\u00e1nak szervez\u00e9se, t\u00e1mogat\u00e1sa az \u00e1pol\u00e1si z\u00e1r\u00f3jelent\u00e9s, k\u00f6tszer \u00e9s seg\u00e9deszk\u00f6z javaslat vagy az otthoni ell\u00e1t\u00e1si form\u00e1k aj\u00e1nl\u00e1s\u00e1nak seg\u00edts\u00e9g\u00e9vel. A B\u00e9k\u00e9s Megyei K\u00f6zponti K\u00f3rh\u00e1zban otthon\u00e1pol\u00e1si szolg\u00e1lat is m\u0171k\u00f6dik, mely Gyula \u00e9s k\u00f6rny\u00e9ke betegeinek otthoni szak\u00e1pol\u00e1s\u00e1ban ny\u00fajt seg\u00edts\u00e9get, \u00edgy a k\u00f3rh\u00e1zb\u00f3l hazaker\u00fcl\u0151 nyom\u00e1si fek\u00e9llyel rendelkez\u0151 betegek ell\u00e1t\u00e1s\u00e1ban is fontos szerepet j\u00e1tszik.\u00a0<\/p>\n<p style=\"text-align: justify\"><b>A j\u00f3gyakorlat bemutat\u00e1sa<\/b><\/p>\n<p style=\"text-align: justify\">Amennyiben az Int\u00e9zm\u00e9nybe a beteg nyom\u00e1si fek\u00e9ly szempontj\u00e1b\u00f3l k\u00f6zepes vagy magas rizik\u00f3val \u00e9rkezik, lehet\u0151s\u00e9g van felvenni a kapcsolatot a Dekubitusz\u00a0team tagjaival (de nem k\u00f6telez\u0151), akik seg\u00edtenek a prevenci\u00f3s strat\u00e9gia kidolgoz\u00e1s\u00e1ban. K\u00f6telez\u0151 viszont jelezni a teamnek \u00e9s azonnal el kell kezdeni a sebfelm\u00e9r\u00e9st, ha a beteg felv\u00e9tel\u00e9t k\u00f6vet\u0151en nyom\u00e1si fek\u00e9lyt \u00e9szlelnek, vagy ha a nyom\u00e1si fek\u00e9ly az oszt\u00e1lyon alakul ki. Egy\u00fctt kidolgoz\u00e1sra ker\u00fcl az ell\u00e1t\u00e1s strat\u00e9gi\u00e1ja, a team munkat\u00e1rsa sz\u00fcks\u00e9g\u00a0 eset\u00e9n ter\u00e1pi\u00e1s matracokat, eszk\u00f6z\u00f6ket csoportos\u00edt \u00e1t, k\u00f6tszerekkel seg\u00edti ki az oszt\u00e1lyt int\u00e9zm\u00e9nyi keretb\u0151l.<\/p>\n<p style=\"text-align: justify\">A sebfelm\u00e9r\u00e9s mag\u00e1ba foglalja az elhelyezked\u00e9s, a s\u00falyoss\u00e1gi fokozat, a sebek sz\u00e1m\u00e1nak meghat\u00e1roz\u00e1s\u00e1t, valamint a seb pontos param\u00e9tereinek a meg\u00e1llap\u00edt\u00e1s\u00e1t.\u00a0 Elv\u00e9gz\u00e9se \u00e9s az adatok dokument\u00e1l\u00e1sa meghat\u00e1roz\u00f3 a seb \u00e1llapot\u00e1nak folyamatos monitoriz\u00e1lhat\u00f3s\u00e1g\u00e1hoz, valamint a kezel\u00e9si terv elk\u00e9sz\u00edt\u00e9s\u00e9hez.<\/p>\n<p style=\"text-align: justify\">A fenti feladatokat a Dekubitusz\u00a0team tagja seg\u00edti, aki rendszeresen visszat\u00e9r az adott fekv\u0151beteg oszt\u00e1lyra, nyomon k\u00f6veti a beteg \u00e1llapotv\u00e1ltoz\u00e1s\u00e1t. Oszt\u00e1lyonk\u00e9nti nyilv\u00e1ntart\u00e1st vezet a felkeresett betegekr\u0151l, illetve napi nyilv\u00e1ntart\u00e1st vezet a felkeresend\u0151 betegekr\u0151l, hogy ellen\u0151rizze az oszt\u00e1lyos sebell\u00e1t\u00e1st, esetenk\u00e9nt m\u00f3dos\u00edtson a kiv\u00e1lasztott k\u00f6tszeren a v\u00e1ltoz\u00f3 sebt\u00edpusnak megfelel\u0151en. A team l\u00e1togat\u00e1si gyakoris\u00e1g\u00e1t a seb \u00e1llapota hat\u00e1rozza meg \u00e9s az adott oszt\u00e1llyal t\u00f6rt\u00e9n\u0151 megegyez\u00e9s szerint zajlik: a team tagja is v\u00e9gezheti a napi k\u00f6t\u00e9scser\u00e9ket, de az oszt\u00e1lyos \u00e1pol\u00f3 is, viszont mindig a team feladata, hogy sz\u00fcks\u00e9g szerint egyeztessen a seb\u00e9sz orvossal (seb\u00e9szeti beavatkoz\u00e1s,\u00a0k\u00f6tszer m\u00f3dos\u00edt\u00e1s). Fontos, hogy a beteg int\u00e9zm\u00e9nyb\u0151l t\u00f6rt\u00e9n\u0151 t\u00e1voz\u00e1sa el\u0151tt is konzult\u00e1ljon a team seb\u00e9sz orvos\u00e1val.<\/p>\n<p style=\"text-align: justify\">A Dekubitusz\u00a0team feladata tov\u00e1bb\u00e1 a nyom\u00e1si fek\u00e9ly prevenci\u00f3 ir\u00e1nyelveinek oktat\u00e1sa oszt\u00e1lyos tov\u00e1bbk\u00e9pz\u00e9s keretein bel\u00fcl, a vonatkoz\u00f3 legfrissebb szakmai aj\u00e1nl\u00e1sok \u00e9rv\u00e9nyes\u00edt\u00e9se, folyamatos konzultat\u00edv seg\u00edts\u00e9gny\u00fajt\u00e1s, a protokollok \u00e9s az \u00e1pol\u00e1si dokument\u00e1ci\u00f3k aktualiz\u00e1l\u00e1sa, nyilv\u00e1ntart\u00e1s vezet\u00e9se \u00e9s f\u00e9l\u00e9vente jelent\u00e9s a menedzsment r\u00e9sz\u00e9re.<\/p>\n<p style=\"text-align: justify\">A team elektronikus \u00faton \u00e9s telefonon\u00a0 \u00e9rhet\u0151 el, \u00e9s m\u00e9g a jelz\u00e9s napj\u00e1n felkeresik az adott oszt\u00e1lyt. Az Int\u00e9zm\u00e9nyben 5 \u00e1pol\u00f3 \u00e9s 2 orvos alkotja a csapatot, de gy\u00f3gytorn\u00e1szok \u00e9s dietetikusok is bevon\u00e1sra ker\u00fclnek az ell\u00e1t\u00e1s\u00e1ba. A p\u00e1ly\u00e1zati keretek k\u00f6z\u00f6tt m\u0171k\u00f6d\u0151 &#8221; Mobil Team&#8221; munkat\u00e1rsai f\u0151 feladatk\u00e9nt (t\u00f6bbs\u00e9g\u00e9ben teljes munkaid\u0151ben, r\u00e9szben r\u00e9szmunkaid\u0151ben) l\u00e1tj\u00e1k el a munk\u00e1jukat.<\/p>\n<p style=\"text-align: justify\">A j\u00f3gyakorlat bevezet\u00e9se k\u00f6r\u00fclbel\u00fcl 1 h\u00f3napot vett ig\u00e9nybe, rutinszer\u0171 m\u0171k\u00f6d\u00e9s\u00e9nek kialak\u00edt\u00e1s\u00e1hoz nagyj\u00e1b\u00f3l 3 h\u00f3napra volt sz\u00fcks\u00e9g.<\/p>\n<div class=\"fontos_div\">\n<div class=\"w-100\" style=\"text-align: justify\"><b>Hol \u00e9rdekl\u0151dhet?<\/b><\/div>\n<div class=\"w-100\" style=\"text-align: justify\">K\u00e1d\u00e1rn\u00e9 Szab\u00f3 Ildik\u00f3<\/div>\n<div class=\"w-100\" style=\"text-align: justify\"><a href=\"mailto:kadarne.ildiko@bmkk.eu\" target=\"_blank\" rel=\"noopener\">kadarne.ildiko@bmkk.eu<\/a><\/div>\n<\/div>\n","protected":false},"excerpt":{"rendered":"<p>B\u00e9k\u00e9s Megyei K\u00f6zponti K\u00f3rh\u00e1z: nyom\u00e1si fek\u00e9ly megel\u0151z\u00e9se, kezel\u00e9se \u00e9s monitoriz\u00e1l\u00e1sa\u00a0Dekubitusz\u00a0team seg\u00edts\u00e9g\u00e9vel A nyom\u00e1si fek\u00e9ly ell\u00e1t\u00e1sa egyre nehezed\u0151 terhet r\u00f3 az eg\u00e9szs\u00e9g\u00fcgyi ell\u00e1t\u00f3rendszerre: n\u00f6velheti az \u00e1pol\u00e1si napok sz\u00e1m\u00e1t \u00e9s az ell\u00e1t\u00e1s k\u00f6lts\u00e9geit, az int\u00e9zm\u00e9ny h\u00edrneve, az ell\u00e1t\u00e1s sz\u00ednvonal\u00e1nak meg\u00edt\u00e9l\u00e9se is romolhat. A nyom\u00e1si fek\u00e9ly kialakul\u00e1s\u00e1nak cs\u00f6kkent\u00e9se, illetve a hat\u00e9kony \u00e9s eredm\u00e9nyes ell\u00e1t\u00e1s \u00e9rdek\u00e9ben egys\u00e9ges, int\u00e9zm\u00e9nyi kereteken &hellip;<\/p>\n","protected":false},"author":101539,"featured_media":0,"parent":17196,"menu_order":0,"comment_status":"closed","ping_status":"closed","template":"","meta":{"_acf_changed":false,"footnotes":""},"categories":[],"tags":[],"class_list":["post-15790","page","type-page","status-publish","hentry"],"acf":[],"_links":{"self":[{"href":"https:\/\/semmelweis.hu\/emk\/wp-json\/wp\/v2\/pages\/15790","targetHints":{"allow":["GET"]}}],"collection":[{"href":"https:\/\/semmelweis.hu\/emk\/wp-json\/wp\/v2\/pages"}],"about":[{"href":"https:\/\/semmelweis.hu\/emk\/wp-json\/wp\/v2\/types\/page"}],"author":[{"embeddable":true,"href":"https:\/\/semmelweis.hu\/emk\/wp-json\/wp\/v2\/users\/101539"}],"replies":[{"embeddable":true,"href":"https:\/\/semmelweis.hu\/emk\/wp-json\/wp\/v2\/comments?post=15790"}],"version-history":[{"count":2,"href":"https:\/\/semmelweis.hu\/emk\/wp-json\/wp\/v2\/pages\/15790\/revisions"}],"predecessor-version":[{"id":25156,"href":"https:\/\/semmelweis.hu\/emk\/wp-json\/wp\/v2\/pages\/15790\/revisions\/25156"}],"up":[{"embeddable":true,"href":"https:\/\/semmelweis.hu\/emk\/wp-json\/wp\/v2\/pages\/17196"}],"wp:attachment":[{"href":"https:\/\/semmelweis.hu\/emk\/wp-json\/wp\/v2\/media?parent=15790"}],"wp:term":[{"taxonomy":"category","embeddable":true,"href":"https:\/\/semmelweis.hu\/emk\/wp-json\/wp\/v2\/categories?post=15790"},{"taxonomy":"post_tag","embeddable":true,"href":"https:\/\/semmelweis.hu\/emk\/wp-json\/wp\/v2\/tags?post=15790"}],"curies":[{"name":"wp","href":"https:\/\/api.w.org\/{rel}","templated":true}]}}