{"id":15726,"date":"2020-02-02T13:34:15","date_gmt":"2020-02-02T12:34:15","guid":{"rendered":"http:\/\/semmelweis.hu\/emk\/?page_id=15726"},"modified":"2025-06-13T14:49:02","modified_gmt":"2025-06-13T12:49:02","slug":"who-bid","status":"publish","type":"page","link":"https:\/\/semmelweis.hu\/emk\/szakertoi-tevekenyseg-projektek\/lezart-projektek\/who-bid\/","title":{"rendered":"WHO BID"},"content":{"rendered":"<p style=\"text-align: justify\"><strong>WHO BID<\/strong><\/p>\n<p style=\"text-align: justify\">2019.07.25.- 2020.06.30<\/p>\n<p style=\"text-align: justify\"><strong>Projekt tartalma, c\u00e9lja<\/strong><\/p>\n<p style=\"text-align: justify\">A projekt egy nemzetk\u00f6zi posztgradu\u00e1lis mintatanterv kidolgoz\u00e1s\u00e1r\u00f3l sz\u00f3l &#8222;Eg\u00e9szs\u00e9g\u00fcgyi Emberi Er\u0151forr\u00e1s Menedzsment \u00e9s Vezet\u00e9s&#8221; t\u00e9m\u00e1ban. A mintatanterv egy hosszabb (1 \u00e9ves) \u00e9s egy r\u00f6videbb (1-2 hetes) k\u00e9pz\u00e9si program kidolgoz\u00e1sa mellett k\u00e9pz\u00e9si anyagok elk\u00e9sz\u00edt\u00e9s\u00e9t \u00e9s kifejleszt\u00e9s\u00e9t is c\u00e9lozza.<\/p>\n<p style=\"text-align: justify\"><strong>Projekt szerepl\u0151k<\/strong><\/p>\n<p style=\"text-align: justify\"><strong>Konzorciumvezet\u0151:<\/strong> Universidade Nova de Lisboa \u2013 Instituto de Higiene e Medicina Tropical, WHO Collaborating Center on Health Workforce Policy and Planning<\/p>\n<p style=\"text-align: justify\"><strong>EMK szerepv\u00e1llal\u00e1sa:<\/strong> konzorciumi tag<\/p>\n<p style=\"text-align: justify\"><strong>Tov\u00e1bbi konzorciumi tagok\/partnerek:<\/strong><\/p>\n<ul style=\"text-align: justify\">\n<li>Universidade do Estado do Rio de Janeiro &#8211; Instituto de Medicina Social, WHO Collaborating Center for Health Workforce Planning and Information<\/li>\n<li>University of the Western Cape- School for Public Health, WHO Collaborating Centre for Research and Training in Human Resources<\/li>\n<\/ul>\n<p style=\"text-align: justify\"><strong>EMK kontakt<\/strong><\/p>\n<p style=\"text-align: justify\">N\u00e9v: <a href=\"https:\/\/semmelweis.hu\/emk\/oktatas\/munkatarsak-oktatoi-csapat\/kovacs-eszter-dr\/\" target=\"_blank\" rel=\"noopener\">Dr. Kov\u00e1cs Eszter<\/a> (egyetemi adjunktus, projektmenedzser)<br \/>\nTelefon:+ 36 1 488 7613<br \/>\nE-mail:\u00a0<a href=\"mailto:kovacs.eszter@emk.semmelweis.hu\" target=\"_blank\" rel=\"noopener\">kovacs.eszter@emk.semmelweis.hu<\/a><\/p>\n","protected":false},"excerpt":{"rendered":"<p>WHO BID 2019.07.25.- 2020.06.30 Projekt tartalma, c\u00e9lja A projekt egy nemzetk\u00f6zi posztgradu\u00e1lis mintatanterv kidolgoz\u00e1s\u00e1r\u00f3l sz\u00f3l &#8222;Eg\u00e9szs\u00e9g\u00fcgyi Emberi Er\u0151forr\u00e1s Menedzsment \u00e9s Vezet\u00e9s&#8221; t\u00e9m\u00e1ban. A mintatanterv egy hosszabb (1 \u00e9ves) \u00e9s egy r\u00f6videbb (1-2 hetes) k\u00e9pz\u00e9si program kidolgoz\u00e1sa mellett k\u00e9pz\u00e9si anyagok elk\u00e9sz\u00edt\u00e9s\u00e9t \u00e9s kifejleszt\u00e9s\u00e9t is c\u00e9lozza. Projekt szerepl\u0151k Konzorciumvezet\u0151: Universidade Nova de Lisboa \u2013 Instituto de Higiene &hellip;<\/p>\n","protected":false},"author":101539,"featured_media":0,"parent":15855,"menu_order":32,"comment_status":"closed","ping_status":"closed","template":"","meta":{"_acf_changed":false,"footnotes":""},"categories":[],"tags":[863],"class_list":["post-15726","page","type-page","status-publish","hentry","tag-who-bid"],"acf":[],"_links":{"self":[{"href":"https:\/\/semmelweis.hu\/emk\/wp-json\/wp\/v2\/pages\/15726","targetHints":{"allow":["GET"]}}],"collection":[{"href":"https:\/\/semmelweis.hu\/emk\/wp-json\/wp\/v2\/pages"}],"about":[{"href":"https:\/\/semmelweis.hu\/emk\/wp-json\/wp\/v2\/types\/page"}],"author":[{"embeddable":true,"href":"https:\/\/semmelweis.hu\/emk\/wp-json\/wp\/v2\/users\/101539"}],"replies":[{"embeddable":true,"href":"https:\/\/semmelweis.hu\/emk\/wp-json\/wp\/v2\/comments?post=15726"}],"version-history":[{"count":3,"href":"https:\/\/semmelweis.hu\/emk\/wp-json\/wp\/v2\/pages\/15726\/revisions"}],"predecessor-version":[{"id":25352,"href":"https:\/\/semmelweis.hu\/emk\/wp-json\/wp\/v2\/pages\/15726\/revisions\/25352"}],"up":[{"embeddable":true,"href":"https:\/\/semmelweis.hu\/emk\/wp-json\/wp\/v2\/pages\/15855"}],"wp:attachment":[{"href":"https:\/\/semmelweis.hu\/emk\/wp-json\/wp\/v2\/media?parent=15726"}],"wp:term":[{"taxonomy":"category","embeddable":true,"href":"https:\/\/semmelweis.hu\/emk\/wp-json\/wp\/v2\/categories?post=15726"},{"taxonomy":"post_tag","embeddable":true,"href":"https:\/\/semmelweis.hu\/emk\/wp-json\/wp\/v2\/tags?post=15726"}],"curies":[{"name":"wp","href":"https:\/\/api.w.org\/{rel}","templated":true}]}}