{"id":15724,"date":"2020-02-02T13:23:32","date_gmt":"2020-02-02T12:23:32","guid":{"rendered":"http:\/\/semmelweis.hu\/emk\/?page_id=15724"},"modified":"2025-06-13T14:11:06","modified_gmt":"2025-06-13T12:11:06","slug":"ja-dohanytermekek","status":"publish","type":"page","link":"https:\/\/semmelweis.hu\/emk\/szakertoi-tevekenyseg-projektek\/lezart-projektek\/ja-dohanytermekek\/","title":{"rendered":"JA Doh\u00e1nyterm\u00e9kek"},"content":{"rendered":"<p><strong>JA Doh\u00e1nyterm\u00e9kek<\/strong><\/p>\n<p>EU for The Third Health Programme<\/p>\n<p>2017.10.16.- 2020.10.15.<\/p>\n<p><strong>Projekt tartalma, c\u00e9lja<\/strong><\/p>\n<p>A doh\u00e1nyterm\u00e9kekr\u0151l sz\u00f3l\u00f3 2014\/40\/EU ir\u00e1nyelv elfogad\u00e1sa fontos l\u00e9p\u00e9s volt az eur\u00f3pai eg\u00e9szs\u00e9gpolitik\u00e1ban. Az ir\u00e1nyelv a kor\u00e1bbi jogszab\u00e1lyokn\u00e1l pontosabban \u00e9s szigor\u00fabban szab\u00e1lyozza a doh\u00e1nyterm\u00e9kek \u00f6sszet\u00e9tel\u00e9t pl. adal\u00e9kanyagait, csomagol\u00e1s\u00e1t, kiszerel\u00e9s\u00e9t, nyomon k\u00f6vet\u00e9s\u00e9t \u00e9s a figyelmeztet\u0151 jelz\u00e9seket. Mindennek a c\u00e9lja a doh\u00e1nyz\u00e1sra val\u00f3 r\u00e1szok\u00e1s megel\u0151z\u00e9se az eur\u00f3pai polg\u00e1rok, f\u0151leg a fiatalok k\u00f6r\u00e9ben. Az egy\u00fcttes fell\u00e9p\u00e9s seg\u00edts\u00e9get fog ny\u00fajtani az uni\u00f3s \u00e9s a tag\u00e1llami hat\u00f3s\u00e1gok sz\u00e1m\u00e1ra a r\u00e9szletes technikai k\u00f6vetelm\u00e9nyek ellen\u0151rz\u00e9se \u00e9s betartat\u00e1sa ter\u00e9n, ami a doh\u00e1nyz\u00e1s visszaszor\u00edt\u00e1s\u00e1nak gyakorlati megval\u00f3s\u00edt\u00e1s\u00e1hoz j\u00e1rul majd hozz\u00e1. A Semmelweis Egyetem Eg\u00e9szs\u00e9g\u00fcgyi Menedzserk\u00e9pz\u0151 K\u00f6zpontja k\u00fcl\u00f6n\u00f6sen az eg\u00e9szs\u00e9g-gazdas\u00e1gtani szempontok ter\u00e9n tud hozz\u00e1j\u00e1rulni az egy\u00fcttes fell\u00e9p\u00e9s eredm\u00e9nyeinek el\u00e9r\u00e9s\u00e9hez. A Semmelweis Egyetem N\u00e9peg\u00e9szs\u00e9gtani Int\u00e9zete a projekt n\u00e9peg\u00e9szs\u00e9g\u00fcgyi szakmai feladataiban vesz r\u00e9szt.<\/p>\n<p><strong>Projekt szerepl\u0151k<\/strong><\/p>\n<p><strong>Konzorciumvezet\u0151:<\/strong> Hellenic Cancer Society (HCS, Ath\u00e9n)<\/p>\n<p><strong>EMK \u00e9s N\u00e9peg\u00e9szs\u00e9gtani Int\u00e9zet szerepv\u00e1llal\u00e1sa:<\/strong> konzorciumi tag\u00a0<\/p>\n<p><strong>Tov\u00e1bbi konzorciumi tagok\/partnerek:<\/strong><\/p>\n<ul>\n<li>\u00d6STERREICHISCHE AGENTUR FUR GESUNDHEIT UND ERNAHRUNGSSICHERHEIT GMBH Austria<\/li>\n<li>SERVICE PUBLIC FEDERAL SANTE PUBLIQUE, SECURITE DE LA CHAINE ALIMENTAIRE ET ENVIRONNEMENT Belgium<\/li>\n<li>NATSIONALEN CENTAR PO OBSHTESTVENO ZDRAVE I ANALIZI Bulgaria (NCPHA)<\/li>\n<li>Ministry of Health of the Republic of Cyprus (MOHCY)<\/li>\n<li>SIKKERHEDSSTYRELSEN Denmark<\/li>\n<li>TERVISEAMET Estonia (TA)<\/li>\n<li>AGENCE NATIONALE DE LA SECURITE SANITAIRE DE L&#8217;ALIMENTATION DE L&#8217;ENVIRONNEMENT ET DU TRAVAIL France (ANSES)<\/li>\n<li>BUNDESINSTITUT F\u00fcR RISIKOBEWERTUNG Germany (BfR)<\/li>\n<li>ETHNIKO KENTRO EREVNAS KAI TECHNOLOGIKIS ANAPTYXIS Greece<\/li>\n<li>Hellenic Thoracic Society Greece<\/li>\n<li>NEMZETI EG\u00c9SZS\u00c9GFEJLESZT\u00c9SI INT\u00c9ZET Hungary (NEFI)<\/li>\n<li>EMBAETTI LANDLAEKNIS Iceland<\/li>\n<li>HEALTH SERVICE EXECUTIVE (HSE) Ireland<\/li>\n<li>ISTITUTO DI RICERCHE FARMACOLOGICHE MARIO NEGRI Italy (IRFMN)<\/li>\n<li>ISTITUTO SUPERIORE DI SANITA Italy<\/li>\n<li>MINISTERO DELLA SALUTE Italy<\/li>\n<li>VESELIBAS INSPEKCIJA Latvia<\/li>\n<li>Drug, tobacco and alcohol control department Lithuania<\/li>\n<li>LIETUVOS SVEIKATOS MOKSLU UNIVERSITETAS Lithuania (LSMU)<\/li>\n<li>NACIONALINE VISUOMENES SVEIKATOS PRIEZIUROS LABORATORIJA Lithuania (NTAKD)<\/li>\n<li>National Centre of Public Health Moldova<\/li>\n<li>RIJKSINSTITUUT VOOR VOLKSGEZONDHEIDEN MILIEU*NATIONAL INSTITUTE FOR PUBLIC HEALTH AND THE ENVIRONMENT Netherlands<\/li>\n<li>HELSEDIREKTORATE Norway<\/li>\n<li>FOLKEHELSEINSTITUTTET Norway<\/li>\n<li>STATENS LEGEMIDDELVERK Norway<\/li>\n<li>Biuro do spraw Substancji Chemicznych Poland<\/li>\n<li>MINISTERIO DA SAUDE &#8211; REPUBLICA PORTUGUESA Portugal<\/li>\n<li>INSTITUT ZA JAVNO ZDRAVLJE SRBIJE &#8216;MILAN JOVANOVIC&#8217; (BATUT) Serbia<\/li>\n<li>NACIONALNI LABORATORIJ ZA ZDRAVJE, OKOLJE IN HRANO Slovenia<\/li>\n<li>INSTITUT CATALA D&#8217;ONCOLOGIA Spain<\/li>\n<li>CONSEJERIA SALUD DE LA JUNTA DE ANDALUCIA Spain (CSJA)<\/li>\n<li>FOLKHALSOMYNDIGHETEN Sweden<\/li>\n<li>Department of Health United Kingdom<\/li>\n<li>FUNDACION PUBLICA ANDALUZA PROGRESO Y SALUD Spain<\/li>\n<li>AGENCIA DE GESTION AGRARIA Y PESQUERA DE ANDALUCIA Spain<\/li>\n<\/ul>\n<p><strong>EMK kontakt:<\/strong><\/p>\n<div align=\"justify\">\n<p>N\u00e9v: Bencze L\u00e1szl\u00f3<br \/>\nTelefon: +36 1 488 7635<br \/>\nE-mail:\u00a0<a>bencze@emk.sote.hu<\/a><\/p>\n<\/div>\n","protected":false},"excerpt":{"rendered":"<p>JA Doh\u00e1nyterm\u00e9kek EU for The Third Health Programme 2017.10.16.- 2020.10.15. Projekt tartalma, c\u00e9lja A doh\u00e1nyterm\u00e9kekr\u0151l sz\u00f3l\u00f3 2014\/40\/EU ir\u00e1nyelv elfogad\u00e1sa fontos l\u00e9p\u00e9s volt az eur\u00f3pai eg\u00e9szs\u00e9gpolitik\u00e1ban. Az ir\u00e1nyelv a kor\u00e1bbi jogszab\u00e1lyokn\u00e1l pontosabban \u00e9s szigor\u00fabban szab\u00e1lyozza a doh\u00e1nyterm\u00e9kek \u00f6sszet\u00e9tel\u00e9t pl. adal\u00e9kanyagait, csomagol\u00e1s\u00e1t, kiszerel\u00e9s\u00e9t, nyomon k\u00f6vet\u00e9s\u00e9t \u00e9s a figyelmeztet\u0151 jelz\u00e9seket. Mindennek a c\u00e9lja a doh\u00e1nyz\u00e1sra val\u00f3 r\u00e1szok\u00e1s megel\u0151z\u00e9se &hellip;<\/p>\n","protected":false},"author":101539,"featured_media":0,"parent":15855,"menu_order":17,"comment_status":"closed","ping_status":"closed","template":"","meta":{"_acf_changed":false,"footnotes":""},"categories":[],"tags":[841],"class_list":["post-15724","page","type-page","status-publish","hentry","tag-dohanytermekek"],"acf":[],"_links":{"self":[{"href":"https:\/\/semmelweis.hu\/emk\/wp-json\/wp\/v2\/pages\/15724","targetHints":{"allow":["GET"]}}],"collection":[{"href":"https:\/\/semmelweis.hu\/emk\/wp-json\/wp\/v2\/pages"}],"about":[{"href":"https:\/\/semmelweis.hu\/emk\/wp-json\/wp\/v2\/types\/page"}],"author":[{"embeddable":true,"href":"https:\/\/semmelweis.hu\/emk\/wp-json\/wp\/v2\/users\/101539"}],"replies":[{"embeddable":true,"href":"https:\/\/semmelweis.hu\/emk\/wp-json\/wp\/v2\/comments?post=15724"}],"version-history":[{"count":5,"href":"https:\/\/semmelweis.hu\/emk\/wp-json\/wp\/v2\/pages\/15724\/revisions"}],"predecessor-version":[{"id":25326,"href":"https:\/\/semmelweis.hu\/emk\/wp-json\/wp\/v2\/pages\/15724\/revisions\/25326"}],"up":[{"embeddable":true,"href":"https:\/\/semmelweis.hu\/emk\/wp-json\/wp\/v2\/pages\/15855"}],"wp:attachment":[{"href":"https:\/\/semmelweis.hu\/emk\/wp-json\/wp\/v2\/media?parent=15724"}],"wp:term":[{"taxonomy":"category","embeddable":true,"href":"https:\/\/semmelweis.hu\/emk\/wp-json\/wp\/v2\/categories?post=15724"},{"taxonomy":"post_tag","embeddable":true,"href":"https:\/\/semmelweis.hu\/emk\/wp-json\/wp\/v2\/tags?post=15724"}],"curies":[{"name":"wp","href":"https:\/\/api.w.org\/{rel}","templated":true}]}}

JA Dohánytermékek

<p><strong>JA Dohánytermékek</strong></p>
<p>EU for The Third Health Programme</p>
<p>2017.10.16.- 2020.10.15.</p>
<p><strong>Projekt tartalma, célja</strong></p>
<p>A dohánytermékekről szóló 2014/40/EU irányelv elfogadása fontos lépés volt az európai egészségpolitikában. Az irányelv a korábbi jogszabályoknál pontosabban és szigorúbban szabályozza a dohánytermékek összetételét pl. adalékanyagait, csomagolását, kiszerelését, nyomon követését és a figyelmeztető jelzéseket. Mindennek a célja a dohányzásra való rászokás megelőzése az európai polgárok, főleg a fiatalok körében. Az együttes fellépés segítséget fog nyújtani az uniós és a tagállami hatóságok számára a részletes technikai követelmények ellenőrzése és betartatása terén, ami a dohányzás visszaszorításának gyakorlati megvalósításához járul majd hozzá. A Semmelweis Egyetem Egészségügyi Menedzserképző Központja különösen az egészség-gazdaságtani szempontok terén tud hozzájárulni az együttes fellépés eredményeinek eléréséhez. A Semmelweis Egyetem Népegészségtani Intézete a projekt népegészségügyi szakmai feladataiban vesz részt.</p>
<p><strong>Projekt szereplők</strong></p>
<p><strong>Konzorciumvezető:</strong> Hellenic Cancer Society (HCS, Athén)</p>
<p><strong>EMK és Népegészségtani Intézet szerepvállalása:</strong> konzorciumi tag </p>
<p><strong>További konzorciumi tagok/partnerek:</strong></p>
<ul>
<li>ÖSTERREICHISCHE AGENTUR FUR GESUNDHEIT UND ERNAHRUNGSSICHERHEIT GMBH Austria</li>
<li>SERVICE PUBLIC FEDERAL SANTE PUBLIQUE, SECURITE DE LA CHAINE ALIMENTAIRE ET ENVIRONNEMENT Belgium</li>
<li>NATSIONALEN CENTAR PO OBSHTESTVENO ZDRAVE I ANALIZI Bulgaria (NCPHA)</li>
<li>Ministry of Health of the Republic of Cyprus (MOHCY)</li>
<li>SIKKERHEDSSTYRELSEN Denmark</li>
<li>TERVISEAMET Estonia (TA)</li>
<li>AGENCE NATIONALE DE LA SECURITE SANITAIRE DE L&#8217;ALIMENTATION DE L&#8217;ENVIRONNEMENT ET DU TRAVAIL France (ANSES)</li>
<li>BUNDESINSTITUT FüR RISIKOBEWERTUNG Germany (BfR)</li>
<li>ETHNIKO KENTRO EREVNAS KAI TECHNOLOGIKIS ANAPTYXIS Greece</li>
<li>Hellenic Thoracic Society Greece</li>
<li>NEMZETI EGÉSZSÉGFEJLESZTÉSI INTÉZET Hungary (NEFI)</li>
<li>EMBAETTI LANDLAEKNIS Iceland</li>
<li>HEALTH SERVICE EXECUTIVE (HSE) Ireland</li>
<li>ISTITUTO DI RICERCHE FARMACOLOGICHE MARIO NEGRI Italy (IRFMN)</li>
<li>ISTITUTO SUPERIORE DI SANITA Italy</li>
<li>MINISTERO DELLA SALUTE Italy</li>
<li>VESELIBAS INSPEKCIJA Latvia</li>
<li>Drug, tobacco and alcohol control department Lithuania</li>
<li>LIETUVOS SVEIKATOS MOKSLU UNIVERSITETAS Lithuania (LSMU)</li>
<li>NACIONALINE VISUOMENES SVEIKATOS PRIEZIUROS LABORATORIJA Lithuania (NTAKD)</li>
<li>National Centre of Public Health Moldova</li>
<li>RIJKSINSTITUUT VOOR VOLKSGEZONDHEIDEN MILIEU*NATIONAL INSTITUTE FOR PUBLIC HEALTH AND THE ENVIRONMENT Netherlands</li>
<li>HELSEDIREKTORATE Norway</li>
<li>FOLKEHELSEINSTITUTTET Norway</li>
<li>STATENS LEGEMIDDELVERK Norway</li>
<li>Biuro do spraw Substancji Chemicznych Poland</li>
<li>MINISTERIO DA SAUDE &#8211; REPUBLICA PORTUGUESA Portugal</li>
<li>INSTITUT ZA JAVNO ZDRAVLJE SRBIJE &#8216;MILAN JOVANOVIC&#8217; (BATUT) Serbia</li>
<li>NACIONALNI LABORATORIJ ZA ZDRAVJE, OKOLJE IN HRANO Slovenia</li>
<li>INSTITUT CATALA D&#8217;ONCOLOGIA Spain</li>
<li>CONSEJERIA SALUD DE LA JUNTA DE ANDALUCIA Spain (CSJA)</li>
<li>FOLKHALSOMYNDIGHETEN Sweden</li>
<li>Department of Health United Kingdom</li>
<li>FUNDACION PUBLICA ANDALUZA PROGRESO Y SALUD Spain</li>
<li>AGENCIA DE GESTION AGRARIA Y PESQUERA DE ANDALUCIA Spain</li>
</ul>
<p><strong>EMK kontakt:</strong></p>
<div align="justify">
<p>Név: Bencze László<br />
Telefon: +36 1 488 7635<br />
E-mail: <a>bencze@emk.sote.hu</a></p>
</div>

<p>JA Dohánytermékek EU for The Third Health Programme 2017.10.16.- 2020.10.15. Projekt tartalma, célja A dohánytermékekről szóló 2014/40/EU irányelv elfogadása fontos lépés volt az európai egészségpolitikában. Az irányelv a korábbi jogszabályoknál pontosabban és szigorúbban szabályozza a dohánytermékek összetételét pl. adalékanyagait, csomagolását, kiszerelését, nyomon követését és a figyelmeztető jelzéseket. Mindennek a célja a dohányzásra való rászokás megelőzése &hellip;</p>
