{"id":15718,"date":"2020-02-02T12:21:11","date_gmt":"2020-02-02T11:21:11","guid":{"rendered":"http:\/\/semmelweis.hu\/emk\/?page_id=15718"},"modified":"2025-06-13T13:03:17","modified_gmt":"2025-06-13T11:03:17","slug":"ehaction","status":"publish","type":"page","link":"https:\/\/semmelweis.hu\/emk\/szakertoi-tevekenyseg-projektek\/lezart-projektek\/ehaction\/","title":{"rendered":"eHaction"},"content":{"rendered":"<p style=\"font-weight: 400;text-align: justify\"><strong>eHaction<\/strong><\/p>\n<p style=\"font-weight: 400;text-align: justify\">2018.08.01. &#8211; 2021.07.30.<\/p>\n<p style=\"font-weight: 400;text-align: justify\"><strong>Projekt tartalma, c\u00e9lja<\/strong><\/p>\n<p style=\"font-weight: 400;text-align: justify\">Az eHAction kor\u00e1bbi projektek \u00e9s cselekv\u00e9sek eredm\u00e9ny\u00e9re t\u00e1maszkodik, k\u00fcl\u00f6n\u00f6s tekintettel a JAseHN \u00e1ltal k\u00e9sz\u00edtett szakmapolitik\u00e1kra, keretrendszerekre \u00e9s ir\u00e1nymutat\u00e1sokra.<\/p>\n<p style=\"font-weight: 400;text-align: justify\">Az eHAction folytatja a jelenlegi k\u00f6z\u00f6s fell\u00e9p\u00e9s (JAseHN, az e-eg\u00e9szs\u00e9g\u00fcgyet t\u00e1mogat\u00f3 egy\u00fcttes fell\u00e9p\u00e9s) munk\u00e1j\u00e1t. A projekt c\u00e9lja olyan strat\u00e9giai aj\u00e1nl\u00e1sok \u00e9s eszk\u00f6z\u00f6k kidolgoz\u00e1sa, amelyek el\u0151seg\u00edthetik a politikai megbesz\u00e9l\u00e9sekben val\u00f3 r\u00e9szv\u00e9telt \u00e9s megk\u00f6nny\u00edtik az egy\u00fcttm\u0171k\u00f6d\u00e9st az eHN \u00e1ltal 2017 november\u00e9ben elfogadand\u00f3 n\u00e9gy kiemelt ter\u00fcleten:<\/p>\n<ul style=\"text-align: justify\">\n<li style=\"font-weight: 400\">az emberek felhatalmaz\u00e1sa;<\/li>\n<li style=\"font-weight: 400\">az eg\u00e9szs\u00e9g\u00fcgyi adatok innovat\u00edv felhaszn\u00e1l\u00e1sa;<\/li>\n<li style=\"font-weight: 400\">az ell\u00e1t\u00e1s folyamatoss\u00e1g\u00e1nak n\u00f6vel\u00e9se;<\/li>\n<li style=\"font-weight: 400\">A v\u00e9grehajt\u00e1si kih\u00edv\u00e1sok lek\u00fczd\u00e9se.<\/li>\n<\/ul>\n<p style=\"font-weight: 400;text-align: justify\">Ez\u00e1ltal az eHAction az operat\u00edv, strat\u00e9giai (eHN szint\u0171) \u00e9s technikai egy\u00fcttm\u0171k\u00f6d\u00e9st is szolg\u00e1lja az e-eg\u00e9szs\u00e9g\u00fcgyben r\u00e9szt vev\u0151 k\u00f6z\u00f6tt, bele\u00e9rtve a f\u0151 \u00e9rdekelt feleket \u00e9s az EU-s erny\u0151szervezeteket is.<\/p>\n<p style=\"font-weight: 400;text-align: justify\">E kereten bel\u00fcl az eHN, az Eur\u00f3pai Bizotts\u00e1g \u00e9s az MS \/ C az e-eg\u00e9szs\u00e9g\u00fcgyh\u00f6z kapcsol\u00f3d\u00f3 politikai \u00e9s strat\u00e9giai k\u00e9rd\u00e9seket vitatja meg \u00e9s fogadja el. A politikai szint (eHN) \u00e9s az operat\u00edv szint k\u00f6z\u00f6tti koordin\u00e1ci\u00f3, koherencia biztos\u00edt\u00e1sa \u00e9rdek\u00e9ben az eHN-nek ir\u00e1nymutat\u00e1st \u00e9s visszajelz\u00e9st kell adnia a JA munk\u00e1j\u00e1r\u00f3l.<\/p>\n<p style=\"font-weight: 400;text-align: justify\">Az eHAction azonos\u00edtani fogja az eHealth t\u00e9m\u00e1j\u00e1val foglalkoz\u00f3 egy\u00e9b folyamatban l\u00e9v\u0151 \u00e9s \/ vagy tervezett JA-k, p\u00e9ld\u00e1ul a CHRODIS PLUS, az eg\u00e9szs\u00e9g\u00fcgyi inform\u00e1ci\u00f3k stb. szinergi\u00e1j\u00e1t is, annak \u00e9rdek\u00e9ben, hogy elker\u00fclj\u00e9k az er\u0151fesz\u00edt\u00e9sek megkett\u0151z\u00e9s\u00e9t.<\/p>\n<p style=\"font-weight: 400;text-align: justify\"><strong>Projekt szerepl\u0151k:<\/strong><\/p>\n<p style=\"font-weight: 400;text-align: justify\"><strong>Konzorciumvezet\u0151:<\/strong> SPMS &#8211; Servi\u00e7os Partilhados do Minist\u00e9rio da Sa\u00fade, E.P.E. (Portugal)<\/p>\n<p style=\"font-weight: 400;text-align: justify\"><strong>EMK szerepv\u00e1llal\u00e1sa:<\/strong> konzorciumi tag &#8211; AEEK egy\u00fcttm\u0171k\u00f6d\u00e9s<\/p>\n<p style=\"font-weight: 400;text-align: justify\"><strong>Tov\u00e1bbi konzorciumi tagok\/partnerek:<\/strong><\/p>\n<ul style=\"text-align: justify\">\n<li style=\"font-weight: 400\">Bundesministerium f\u00fcr Arbeit, Soziales, Gesundheit und Konsumentenschutz (Austria)<\/li>\n<li style=\"font-weight: 400\">MINISTRY OF HEALTH (Cyprus)<\/li>\n<li style=\"font-weight: 400\">The Ministry of Health of the Czech Republic (Czech Republic)<\/li>\n<li style=\"font-weight: 400\">gematik &#8211; Gesellschaft f\u00fcr Telematikanwendungen der Gesundheitskarte mbH (Germany)<\/li>\n<li style=\"font-weight: 400\">Ministry of Social Affairs Republic of Estonia (Estonia)<\/li>\n<li style=\"font-weight: 400\">3\u03b7 \u03a5\u0393\u0395\u0399\u039f\u039d\u039f\u039c\u0399\u039a\u0397 \u03a0\u0395\u03a1\u0399\u03a6\u0395\u03a1\u0395\u0399\u0391 \u039c\u0391\u039a\u0395\u0394\u039f\u039d\u0399\u0391\u03a3 \u2013<\/li>\n<li style=\"font-weight: 400\">3rd Regional Health Authority of Macedonia (Greece)<\/li>\n<li style=\"font-weight: 400\">Ministerio de Sanidad, Servicios Sociales e Igualdad (Spain)<\/li>\n<li style=\"font-weight: 400\">National Institute for Health and Welfare (Finland)<\/li>\n<li style=\"font-weight: 400\">Ministry of Health (France)<\/li>\n<li style=\"font-weight: 400\">Croatian Health Insurance Fund (Croatia)<\/li>\n<li style=\"font-weight: 400\">National Healthcare Service Center (Hungary) SU HSMTC Affiilate partner<\/li>\n<li style=\"font-weight: 400\">Department of Health (eHealth Unit) (Ireland)<\/li>\n<li style=\"font-weight: 400\">Ministero della Salute (Italy)<\/li>\n<li style=\"font-weight: 400\">Ministry of Health of the Republic of Lithuania (Lithuania)<\/li>\n<li style=\"font-weight: 400\">Agence eSant\u00e9 (Luxembourg)<\/li>\n<li style=\"font-weight: 400\">the National Health Service (Latvia)<\/li>\n<li style=\"font-weight: 400\">Ministry for Health (Malta)<\/li>\n<li style=\"font-weight: 400\">Stichting Nationaal ICT Instituut in de Zorg (Netherlands)<\/li>\n<li style=\"font-weight: 400\">Norwegian Directorate of eHealth (Norway)<\/li>\n<li style=\"font-weight: 400\">Institute of Public Health of Republic of Serbia &#8222;Dr Milan Jovanovi\u0107 Batut&#8221; (Serbia)<\/li>\n<li style=\"font-weight: 400\">National Institute of Public Health of the Republic of Slovenia (Slovenia)<\/li>\n<\/ul>\n<p style=\"font-weight: 400;text-align: justify\"><strong>EMK kontakt:<\/strong><\/p>\n<p style=\"font-weight: 400;text-align: justify\">N\u00e9v: Kis M\u00e1rton<br \/>\nTelefon: 06\/1-488-7635<br \/>\nE-mail: kis.marton@emk.sote.hu<\/p>\n","protected":false},"excerpt":{"rendered":"<p>eHaction 2018.08.01. &#8211; 2021.07.30. Projekt tartalma, c\u00e9lja Az eHAction kor\u00e1bbi projektek \u00e9s cselekv\u00e9sek eredm\u00e9ny\u00e9re t\u00e1maszkodik, k\u00fcl\u00f6n\u00f6s tekintettel a JAseHN \u00e1ltal k\u00e9sz\u00edtett szakmapolitik\u00e1kra, keretrendszerekre \u00e9s ir\u00e1nymutat\u00e1sokra. Az eHAction folytatja a jelenlegi k\u00f6z\u00f6s fell\u00e9p\u00e9s (JAseHN, az e-eg\u00e9szs\u00e9g\u00fcgyet t\u00e1mogat\u00f3 egy\u00fcttes fell\u00e9p\u00e9s) munk\u00e1j\u00e1t. A projekt c\u00e9lja olyan strat\u00e9giai aj\u00e1nl\u00e1sok \u00e9s eszk\u00f6z\u00f6k kidolgoz\u00e1sa, amelyek el\u0151seg\u00edthetik a politikai megbesz\u00e9l\u00e9sekben val\u00f3 r\u00e9szv\u00e9telt &hellip;<\/p>\n","protected":false},"author":101539,"featured_media":0,"parent":15855,"menu_order":7,"comment_status":"closed","ping_status":"closed","template":"","meta":{"_acf_changed":false,"footnotes":""},"categories":[],"tags":[819],"class_list":["post-15718","page","type-page","status-publish","hentry","tag-ehaction"],"acf":[],"_links":{"self":[{"href":"https:\/\/semmelweis.hu\/emk\/wp-json\/wp\/v2\/pages\/15718","targetHints":{"allow":["GET"]}}],"collection":[{"href":"https:\/\/semmelweis.hu\/emk\/wp-json\/wp\/v2\/pages"}],"about":[{"href":"https:\/\/semmelweis.hu\/emk\/wp-json\/wp\/v2\/types\/page"}],"author":[{"embeddable":true,"href":"https:\/\/semmelweis.hu\/emk\/wp-json\/wp\/v2\/users\/101539"}],"replies":[{"embeddable":true,"href":"https:\/\/semmelweis.hu\/emk\/wp-json\/wp\/v2\/comments?post=15718"}],"version-history":[{"count":4,"href":"https:\/\/semmelweis.hu\/emk\/wp-json\/wp\/v2\/pages\/15718\/revisions"}],"predecessor-version":[{"id":25307,"href":"https:\/\/semmelweis.hu\/emk\/wp-json\/wp\/v2\/pages\/15718\/revisions\/25307"}],"up":[{"embeddable":true,"href":"https:\/\/semmelweis.hu\/emk\/wp-json\/wp\/v2\/pages\/15855"}],"wp:attachment":[{"href":"https:\/\/semmelweis.hu\/emk\/wp-json\/wp\/v2\/media?parent=15718"}],"wp:term":[{"taxonomy":"category","embeddable":true,"href":"https:\/\/semmelweis.hu\/emk\/wp-json\/wp\/v2\/categories?post=15718"},{"taxonomy":"post_tag","embeddable":true,"href":"https:\/\/semmelweis.hu\/emk\/wp-json\/wp\/v2\/tags?post=15718"}],"curies":[{"name":"wp","href":"https:\/\/api.w.org\/{rel}","templated":true}]}}

<p style="font-weight: 400;text-align: justify"><strong>eHaction</strong></p>
<p style="font-weight: 400;text-align: justify">2018.08.01. &#8211; 2021.07.30.</p>
<p style="font-weight: 400;text-align: justify"><strong>Projekt tartalma, célja</strong></p>
<p style="font-weight: 400;text-align: justify">Az eHAction korábbi projektek és cselekvések eredményére támaszkodik, különös tekintettel a JAseHN által készített szakmapolitikákra, keretrendszerekre és iránymutatásokra.</p>
<p style="font-weight: 400;text-align: justify">Az eHAction folytatja a jelenlegi közös fellépés (JAseHN, az e-egészségügyet támogató együttes fellépés) munkáját. A projekt célja olyan stratégiai ajánlások és eszközök kidolgozása, amelyek elősegíthetik a politikai megbeszélésekben való részvételt és megkönnyítik az együttműködést az eHN által 2017 novemberében elfogadandó négy kiemelt területen:</p>
<ul style="text-align: justify">
<li style="font-weight: 400">az emberek felhatalmazása;</li>
<li style="font-weight: 400">az egészségügyi adatok innovatív felhasználása;</li>
<li style="font-weight: 400">az ellátás folyamatosságának növelése;</li>
<li style="font-weight: 400">A végrehajtási kihívások leküzdése.</li>
</ul>
<p style="font-weight: 400;text-align: justify">Ezáltal az eHAction az operatív, stratégiai (eHN szintű) és technikai együttműködést is szolgálja az e-egészségügyben részt vevő között, beleértve a fő érdekelt feleket és az EU-s ernyőszervezeteket is.</p>
<p style="font-weight: 400;text-align: justify">E kereten belül az eHN, az Európai Bizottság és az MS / C az e-egészségügyhöz kapcsolódó politikai és stratégiai kérdéseket vitatja meg és fogadja el. A politikai szint (eHN) és az operatív szint közötti koordináció, koherencia biztosítása érdekében az eHN-nek iránymutatást és visszajelzést kell adnia a JA munkájáról.</p>
<p style="font-weight: 400;text-align: justify">Az eHAction azonosítani fogja az eHealth témájával foglalkozó egyéb folyamatban lévő és / vagy tervezett JA-k, például a CHRODIS PLUS, az egészségügyi információk stb. szinergiáját is, annak érdekében, hogy elkerüljék az erőfeszítések megkettőzését.</p>
<p style="font-weight: 400;text-align: justify"><strong>Projekt szereplők:</strong></p>
<p style="font-weight: 400;text-align: justify"><strong>Konzorciumvezető:</strong> SPMS &#8211; Serviços Partilhados do Ministério da Saúde, E.P.E. (Portugal)</p>
<p style="font-weight: 400;text-align: justify"><strong>EMK szerepvállalása:</strong> konzorciumi tag &#8211; AEEK együttműködés</p>
<p style="font-weight: 400;text-align: justify"><strong>További konzorciumi tagok/partnerek:</strong></p>
<ul style="text-align: justify">
<li style="font-weight: 400">Bundesministerium für Arbeit, Soziales, Gesundheit und Konsumentenschutz (Austria)</li>
<li style="font-weight: 400">MINISTRY OF HEALTH (Cyprus)</li>
<li style="font-weight: 400">The Ministry of Health of the Czech Republic (Czech Republic)</li>
<li style="font-weight: 400">gematik &#8211; Gesellschaft für Telematikanwendungen der Gesundheitskarte mbH (Germany)</li>
<li style="font-weight: 400">Ministry of Social Affairs Republic of Estonia (Estonia)</li>
<li style="font-weight: 400">3η ΥΓΕΙΟΝΟΜΙΚΗ ΠΕΡΙΦΕΡΕΙΑ ΜΑΚΕΔΟΝΙΑΣ –</li>
<li style="font-weight: 400">3rd Regional Health Authority of Macedonia (Greece)</li>
<li style="font-weight: 400">Ministerio de Sanidad, Servicios Sociales e Igualdad (Spain)</li>
<li style="font-weight: 400">National Institute for Health and Welfare (Finland)</li>
<li style="font-weight: 400">Ministry of Health (France)</li>
<li style="font-weight: 400">Croatian Health Insurance Fund (Croatia)</li>
<li style="font-weight: 400">National Healthcare Service Center (Hungary) SU HSMTC Affiilate partner</li>
<li style="font-weight: 400">Department of Health (eHealth Unit) (Ireland)</li>
<li style="font-weight: 400">Ministero della Salute (Italy)</li>
<li style="font-weight: 400">Ministry of Health of the Republic of Lithuania (Lithuania)</li>
<li style="font-weight: 400">Agence eSanté (Luxembourg)</li>
<li style="font-weight: 400">the National Health Service (Latvia)</li>
<li style="font-weight: 400">Ministry for Health (Malta)</li>
<li style="font-weight: 400">Stichting Nationaal ICT Instituut in de Zorg (Netherlands)</li>
<li style="font-weight: 400">Norwegian Directorate of eHealth (Norway)</li>
<li style="font-weight: 400">Institute of Public Health of Republic of Serbia &#8222;Dr Milan Jovanović Batut&#8221; (Serbia)</li>
<li style="font-weight: 400">National Institute of Public Health of the Republic of Slovenia (Slovenia)</li>
</ul>
<p style="font-weight: 400;text-align: justify"><strong>EMK kontakt:</strong></p>
<p style="font-weight: 400;text-align: justify">Név: Kis Márton<br />
Telefon: 06/1-488-7635<br />
E-mail: kis.marton@emk.sote.hu</p>

<p>eHaction 2018.08.01. &#8211; 2021.07.30. Projekt tartalma, célja Az eHAction korábbi projektek és cselekvések eredményére támaszkodik, különös tekintettel a JAseHN által készített szakmapolitikákra, keretrendszerekre és iránymutatásokra. Az eHAction folytatja a jelenlegi közös fellépés (JAseHN, az e-egészségügyet támogató együttes fellépés) munkáját. A projekt célja olyan stratégiai ajánlások és eszközök kidolgozása, amelyek elősegíthetik a politikai megbeszélésekben való részvételt &hellip;</p>
