{"id":15398,"date":"2019-11-05T13:24:34","date_gmt":"2019-11-05T12:24:34","guid":{"rendered":"http:\/\/semmelweis.hu\/emk\/?page_id=15398"},"modified":"2026-02-02T09:15:30","modified_gmt":"2026-02-02T08:15:30","slug":"emk-hirlevel","status":"publish","type":"page","link":"https:\/\/semmelweis.hu\/emk\/elerhetosegek\/emk-hirlevel\/","title":{"rendered":"EMK H\u00edrlev\u00e9l"},"content":{"rendered":"<div class=\"keretes w-100\">\n<h5 style=\"text-align: justify\">\u00c9rtes\u00fclj\u00f6n \u00d6n is az Eg\u00e9szs\u00e9g\u00fcgyi Menedzserk\u00e9pz\u0151 K\u00f6zpont h\u00edreir\u0151l, esem\u00e9nyeir\u0151l! Iratkozzon fel a minden h\u00f3nap utols\u00f3 p\u00e9ntek reggel\u00e9n \u00e9rkez\u0151 h\u00edrvelel\u00fcnkre!<\/h5>\n<p style=\"text-align: center\"><a class=\"button\" href=\"https:\/\/97febb0d.sibforms.com\/serve\/MUIFAKSGdZLs7CMUCYQOjrtZ0cVQ6lfz53PUGCbShmGwjtPkRHsUxYOpTS2HLcFe5R20ym6l_OcZPX8_2aGAWu1wlMTXO3rVQDx8Dgx3NVQX9z9fH8-zZwJCHQPfvq6HXUkju-ZeTB7nZ9r7WBtZfCp1mILvj5SkPSeg3ZDZgI2srSD5lKdq0iAjIEdqGf_EN-8-DmHu6GPZLvrB\">FELIRATKOZ\u00c1S<\/a><\/p>\n<\/div>\n<h5 style=\"text-align: center\">MEGJELENT H\u00cdRLEVELEINK<\/h5>\n<h3>2026<\/h3>\n<p><a href=\"https:\/\/sh1.sendinblue.com\/3j64rtyrgxxpfe.html?t=1770020084291\" target=\"_blank\" rel=\"noopener\">2026. janu\u00e1r 30.<\/a><\/p>\n<h3>2025<\/h3>\n<p><a href=\"https:\/\/sh1.sendinblue.com\/3j3wpgmrgxxpfe.html?t=1764317899610\" target=\"_blank\" rel=\"noopener\">2025. november 28.<\/a><\/p>\n<p><a href=\"https:\/\/sh1.sendinblue.com\/3j3oa1yrgxxpfe.html?t=1761900383390\" target=\"_blank\" rel=\"noopener\">2025. okt\u00f3ber 31.<\/a><\/p>\n<p><a href=\"https:\/\/sh1.sendinblue.com\/3j2i50mrgxxpfe.html?t=1758872320969\" target=\"_blank\" rel=\"noopener\">2025. szeptember 26.<\/a><\/p>\n<p><a href=\"https:\/\/sh1.sendinblue.com\/3j21a7argxxpfe.html?t=1756455378617\" target=\"_blank\" rel=\"noopener\">2025. augusztus 29.<\/a><\/p>\n<p><a href=\"https:\/\/sh1.sendinblue.com\/3j17s9yrgxxpfe.html?t=1751266288471\" target=\"_blank\" rel=\"noopener\">2025. j\u00fanius 27.<\/a><\/p>\n<p><a href=\"https:\/\/sh1.sendinblue.com\/3izksfargxxpfe.html?t=1748590188923\" target=\"_blank\" rel=\"noopener\">2025. m\u00e1jus 30.<\/a><\/p>\n<p><a href=\"https:\/\/sh1.sendinblue.com\/3izgkpyrgxxpfe.html?t=1745566222057\" target=\"_blank\" rel=\"noopener\">2025. \u00e1prilis 25.<\/a><\/p>\n<p><a href=\"https:\/\/sh1.sendinblue.com\/3iyvi7argxxpfe.html?t=1743150799103\" target=\"_blank\" rel=\"noopener\">2025. m\u00e1rcius 28.<\/a><\/p>\n<p><a href=\"https:\/\/sh1.sendinblue.com\/3ix02xyrgxxpfe.html?t=1740737406504\" target=\"_blank\" rel=\"noopener\">2025. febru\u00e1r 28.<\/a><\/p>\n<p><a href=\"https:\/\/sh1.sendinblue.com\/3iw2dbargxxpfe.html?t=1738311852517\" target=\"_blank\" rel=\"noopener\">2025. janu\u00e1r 31.<\/a><\/p>\n<hr \/>\n<h3>2024<\/h3>\n<p><a href=\"https:\/\/sh1.sendinblue.com\/3iryvomrgxxpfe.html?t=1732877294299\" target=\"_blank\" rel=\"noopener\">2024. november<\/a><\/p>\n<p><a href=\"https:\/\/sh1.sendinblue.com\/3ir161yrgxxpfe.html?t=1730716864950\" target=\"_blank\" rel=\"noopener\">2024. okt\u00f3ber 31.<\/a><\/p>\n<p><a href=\"https:\/\/sh1.sendinblue.com\/3iqoixyrgxxpfe.html?t=1727772168851\" target=\"_blank\" rel=\"noopener\">2024. okt\u00f3ber<\/a><\/p>\n<p><a href=\"https:\/\/sh1.sendinblue.com\/3iq3gfargxxpfe.html?t=1726229676855\" target=\"_blank\" rel=\"noopener\">2024. szeptember<\/a><\/p>\n<p><a href=\"https:\/\/sh1.sendinblue.com\/3ioc8vargxxpfe.html?t=1719490429401\" target=\"_blank\" rel=\"noopener\">2024. j\u00fanius<\/a><\/p>\n<p><a href=\"https:\/\/sh1.sendinblue.com\/3inzlrargxxpfe.html?t=1717745567\" target=\"_blank\" rel=\"noopener\">2024. m\u00e1jus<\/a><\/p>\n<p><a href=\"https:\/\/sh1.sendinblue.com\/3ilnbomrgxxpfe.html?t=1715159091\" target=\"_blank\" rel=\"noopener\">2024. \u00e1prilis<\/a><\/p>\n<p><a href=\"https:\/\/sh1.sendinblue.com\/3ikh6nargxxpfe.html?t=1711552602\" target=\"_blank\" rel=\"noopener\">2024. m\u00e1rcius<\/a><\/p>\n<p><a href=\"https:\/\/sh1.sendinblue.com\/3ijw44mrgxxpfe.html?t=1709023023\" target=\"_blank\" rel=\"noopener\">2024. febru\u00e1r<\/a><\/p>\n<p><a href=\"https:\/\/sh1.sendinblue.com\/3iidbzargxxpfe.html?t=1706173700\" target=\"_blank\" rel=\"noopener\">2024. janu\u00e1r<\/a><\/p>\n<hr \/>\n<p>&nbsp;<\/p>\n<h3>2023<\/h3>\n<p><a href=\"https:\/\/sh1.sendinblue.com\/3ifsmhyrgxxpfe.html?t=1700809171\" target=\"_blank\" rel=\"noopener\">2023. november<\/a><\/p>\n<p><a href=\"https:\/\/sh1.sendinblue.com\/3ibtckmrgxxpfe.html?t=1698660263\" target=\"_blank\" rel=\"noopener\">2023. okt\u00f3ber<\/a><\/p>\n<p><a href=\"https:\/\/sh1.sendinblue.com\/3iazunargxxpfe.html?t=1695907205\" target=\"_blank\" rel=\"noopener\">2023. szeptember<\/a><\/p>\n<p><a href=\"https:\/\/sh1.sendinblue.com\/3ia250mrgxxpfe.html?t=1693906656\" target=\"_blank\" rel=\"noopener\">2023. augusztus<\/a><\/p>\n<p><a href=\"https:\/\/sh1.sendinblue.com\/mk\/sc\/gaoW6F6OzmFFxK1aSZHZsnH2sbRSLIWbVtZ8TZy1PX6YTvdTSQhntAejxwhiW63eG6t11aYBjN4Q9HcfHfbw4Yf7Xfos9aI\" target=\"_blank\" rel=\"noopener\">2023. j\u00fanius<\/a><\/p>\n<p><a href=\"https:\/\/sh1.sendinblue.com\/3i6s5bargxxpfe.html?t=1685630360\" target=\"_blank\" rel=\"noopener\">2023. m\u00e1jus<\/a><\/p>\n<p><a href=\"https:\/\/sh1.sendinblue.com\/3i5ufomrgxxpfe.html?t=1684236700\" target=\"_blank\" rel=\"noopener\">2023. \u00e1prilis<\/a><\/p>\n<p><a href=\"https:\/\/sh1.sendinblue.com\/3i4k2xyrgxxpfe.html?t=1680159087\" target=\"_blank\" rel=\"noopener\">2023. m\u00e1rcius<\/a><\/p>\n<p><a href=\"https:\/\/sh1.sendinblue.com\/3i35ihyrgxxpfe.html?t=1677659709\" target=\"_blank\" rel=\"noopener\">2023. febru\u00e1r<\/a><\/p>\n<p><a href=\"https:\/\/sh1.sendinblue.com\/3i1eaxyrgxxpfe.html?t=1675157561\" target=\"_blank\" rel=\"noopener\">2023. janu\u00e1r<\/a> &#8211; MSc k\u00fcl\u00f6nsz\u00e1m<\/p>\n<p><a href=\"https:\/\/sh1.sendinblue.com\/3i1qy1yrgxxpfe.html?t=1674739607\" target=\"_blank\" rel=\"noopener\">2023. janu\u00e1r<\/a><\/p>\n<hr \/>\n<h3>2022<\/h3>\n<p><a href=\"https:\/\/sh1.sendinblue.com\/3i0glbargxxpfe.html?t=1671102138\" target=\"_blank\" rel=\"noopener\">2022. december<\/a><\/p>\n<p><a href=\"https:\/\/sh1.sendinblue.com\/3hzvismrgxxpfe.html?t=1669728478\" target=\"_blank\" rel=\"noopener\">2022. november<\/a><\/p>\n<p><a href=\"https:\/\/sh1.sendinblue.com\/3hygycmrgxxpfe.html?t=1667402404\" target=\"_blank\" rel=\"noopener\">2022. okt\u00f3ber<\/a><\/p>\n<p><a href=\"https:\/\/sh1.sendinblue.com\/3hu990mrgxxpfe.html?t=1665128671\" target=\"_blank\" rel=\"noopener\">2022. szeptember<\/a><\/p>\n<p><a href=\"https:\/\/sh1.sendinblue.com\/3hsuokmrgxxpfe.html?t=1665128553\" target=\"_blank\" rel=\"noopener\">2022. augusztus<\/a><\/p>\n<p><a href=\"https:\/\/sh1.sendinblue.com\/3hs9m1yrgxxpfe.html?t=1665128463\" target=\"_blank\" rel=\"noopener\">2022. augusztus<\/a> &#8211; SZVK k\u00fcl\u00f6nsz\u00e1m<\/p>\n<p><a href=\"https:\/\/sh1.sendinblue.com\/3hrsr8mrgxxpfe.html?t=1665128266\" target=\"_blank\" rel=\"noopener\">2022. j\u00falius<\/a><\/p>\n<p><a href=\"https:\/\/sh1.sendinblue.com\/3hq5rdyrgxxpfe.html?t=1665128105\" target=\"_blank\" rel=\"noopener\">2022. j\u00fanius<\/a><\/p>\n<p><a href=\"https:\/\/sh1.sendinblue.com\/3ho64fargxxpfe.html?t=1665127986\" target=\"_blank\" rel=\"noopener\">2022. m\u00e1jus<\/a><\/p>\n<p><a href=\"https:\/\/sh1.sendinblue.com\/3hnp9lyrgxxpfe.html?t=1665127830\" target=\"_blank\" rel=\"noopener\">2022. \u00e1prilis<\/a><\/p>\n<p><a href=\"https:\/\/sh1.sendinblue.com\/3hnl1wmrgxxpfe.html?t=1650529908\" target=\"_blank\" rel=\"noopener\">2022. \u00e1prilis<\/a> &#8211; MBM k\u00fcl\u00f6nsz\u00e1m<\/p>\n<p><a href=\"https:\/\/sh1.sendinblue.com\/3hm29rargxxpfe.html?t=1648138663\" target=\"_blank\" rel=\"noopener\">2022. m\u00e1rcius<\/a><\/p>\n<p><a href=\"https:\/\/sh1.sendinblue.com\/3hkw4pyrgxxpfe.html?t=1644511249\" target=\"_blank\" rel=\"noopener\">2022. febru\u00e1r<\/a><\/p>\n<p><a href=\"https:\/\/sh1.sendinblue.com\/3hj4x5yrgxxpfe.html?t=1642579434\" target=\"_blank\" rel=\"noopener\">2022. janu\u00e1r<\/a> &#8211; MSc k\u00fcl\u00f6nsz\u00e1m<\/p>\n<hr \/>\n<h3>2021<\/h3>\n<p><a href=\"https:\/\/sh1.sendinblue.com\/3hhqcpyrgxxpfe.html?t=1642579388\" target=\"_blank\" rel=\"noopener\">2021. december<\/a><\/p>\n<p><a href=\"https:\/\/sh1.sendinblue.com\/ag6nstwaett7e.html?t=1638185714\" target=\"_blank\" rel=\"noopener\">2021. november<\/a><\/p>\n<p><a href=\"https:\/\/sh1.sendinblue.com\/ag2g3hwaett7e.html?t=1635332841\" target=\"_blank\" rel=\"noopener\">2021. okt\u00f3ber<\/a><\/p>\n<p><a href=\"https:\/\/sh1.sendinblue.com\/afx6gtwaett7e.html?t=1631690308\" target=\"_blank\" rel=\"noopener\">2021. szeptember<\/a><\/p>\n<p><a href=\"https:\/\/sh1.sendinblue.com\/afr7jxwaett7e.html?t=1628502733\" target=\"_blank\" rel=\"noopener\">2021. j\u00falius<\/a><\/p>\n<p><a href=\"https:\/\/sh1.sendinblue.com\/afgoalwaett7e.html?t=1625135442\" target=\"_blank\" rel=\"noopener\">2021. j\u00fanius<\/a><\/p>\n<p><a href=\"https:\/\/sh1.sendinblue.com\/afekfxwaett7e.html?t=1622028832\" target=\"_blank\" rel=\"noopener\">2021. m\u00e1jus<\/a><\/p>\n<p><a href=\"https:\/\/sh1.sendinblue.com\/af9at9waett7e.html?t=1619435540\" target=\"_blank\" rel=\"noopener\">2021. \u00e1prilis<\/a><\/p>\n<p><a href=\"https:\/\/sh1.sendinblue.com\/af416lwaett7e.html?t=1616668003\" target=\"_blank\" rel=\"noopener\">2021. m\u00e1rcius<\/a><\/p>\n<p><a href=\"https:\/\/sh1.sendinblue.com\/af1xbxwaett7e.html?t=1613745728\" target=\"_blank\" rel=\"noopener\">2021. febru\u00e1r<\/a><\/p>\n<p><a href=\"https:\/\/sh1.sendinblue.com\/aepa7xwaett7e.html?t=1612178242\" target=\"_blank\" rel=\"noopener\">2021. janu\u00e1r<\/a> &#8211; MSc k\u00fcl\u00f6nsz\u00e1m<\/p>\n<hr \/>\n<h3>2020<\/h3>\n<p><a href=\"https:\/\/sh1.sendinblue.com\/aedp19waett7e.html?t=1607090281\" target=\"_blank\" rel=\"noopener\">2020. november<\/a><\/p>\n<p><a href=\"https:\/\/sh1.sendinblue.com\/ae6o71waett7e.html?t=1605614267\" target=\"_blank\" rel=\"noopener\">2020. okt\u00f3ber<\/a><\/p>\n<p><a href=\"https:\/\/sh1.sendinblue.com\/ae5m9pwaett7e.html?t=1601468366\" target=\"_blank\" rel=\"noopener\">2020. szeptember<\/a><\/p>\n<p><a href=\"https:\/\/sh1.sendinblue.com\/ae4wzhwaett7e.html?t=1600255908\" target=\"_blank\" rel=\"noopener\">2020. szeptember<\/a><\/p>\n<p><a href=\"https:\/\/sh1.sendinblue.com\/ae1ekdwaett7e.html?t=1597059377\" target=\"_blank\" rel=\"noopener\">2020. j\u00falius<\/a><\/p>\n<p><a href=\"http:\/\/sh1.sendinblue.com\/adx6v1waett7e.html?t=1592987387\" target=\"_blank\" rel=\"noopener\">2020. j\u00fanius<\/a><\/p>\n<p><a href=\"http:\/\/sh1.sendinblue.com\/adwhktwaett7e.html?t=1591093882\" target=\"_blank\" rel=\"noopener\">2020. m\u00e1jus<\/a><\/p>\n<p><a href=\"http:\/\/sh1.sendinblue.com\/adudq5waett7e.html?t=1588922173\" target=\"_blank\" rel=\"noopener\">2020. m\u00e1jus<\/a> &#8211; COVID-19 k\u00fcl\u00f6nsz\u00e1m<\/p>\n<p><a href=\"http:\/\/sh1.sendinblue.com\/adtbstwaett7e.html?t=1588146631\" target=\"_blank\" rel=\"noopener\">2020. \u00e1prilis<\/a><\/p>\n<p><a href=\"http:\/\/sh1.sendinblue.com\/adsz5pwaett7e.html?t=1585233137\" target=\"_blank\" rel=\"noopener\">2020. m\u00e1rcius<\/a><\/p>\n<p><a href=\"http:\/\/sh1.sendinblue.com\/adrx8dwaett7e.html?t=1582888641\" target=\"_blank\" rel=\"noopener\">2020. febru\u00e1r<\/a><\/p>\n<p><a href=\"http:\/\/sh1.sendinblue.com\/7s9u2mf7t4c.html?t=1580310428\" target=\"_blank\" rel=\"noopener\">2020. janu\u00e1r<\/a>\u00a0<\/p>\n<p><a href=\"http:\/\/sh1.sendinblue.com\/7s9b3yf7t4c.html?t=1580310428\" target=\"_blank\" rel=\"noopener\">2020. janu\u00e1r<\/a> &#8211; MSc k\u00fcl\u00f6nsz\u00e1m<\/p>\n<hr \/>\n<h3>2019<\/h3>\n<p><a href=\"http:\/\/sh1.sendinblue.com\/7s0cqmf7t4c.html?t=1574942228\" target=\"_blank\" rel=\"noopener\">2019. november<\/a><\/p>\n<p><a href=\"http:\/\/sh1.sendinblue.com\/7ry8vyf7t4c.html?t=1572874164\" target=\"_blank\" rel=\"noopener\">2019. okt\u00f3ber<\/a><\/p>\n<p><a href=\"http:\/\/sh1.sendinblue.com\/7rw51af7t4c.html?t=1572874164\" target=\"_blank\" rel=\"noopener\">2019. szeptember<\/a><\/p>\n<p><a href=\"http:\/\/sh1.sendinblue.com\/7rredaf7t4c.html?t=1572874820\" target=\"_blank\" rel=\"noopener\">2019. augusztus<\/a>\u00a0<\/p>\n<p><a href=\"http:\/\/sh1.sendinblue.com\/7rr4vyf7t4c.html?t=1572874820\" target=\"_blank\" rel=\"noopener\">2019. j\u00falius<\/a><\/p>\n<p><a href=\"http:\/\/sh1.sendinblue.com\/7rqcfyf7t4c.html?t=1572875138\" target=\"_blank\" rel=\"noopener\">2019. j\u00fanius<\/a><\/p>\n<p><a href=\"http:\/\/sh1.sendinblue.com\/7rorjyf7t4c.html?t=1572875138\" target=\"_blank\" rel=\"noopener\">2019. m\u00e1jus<\/a><\/p>\n<p><a href=\"http:\/\/sh1.sendinblue.com\/7rmnpaf7t4c.html?t=1572875138\" target=\"_blank\" rel=\"noopener\">2019. \u00e1prilis<\/a><\/p>\n<p><a href=\"http:\/\/sh1.sendinblue.com\/7rkadaf7t4c.html?t=1572875138\" target=\"_blank\" rel=\"noopener\">2019. m\u00e1rcius<\/a><\/p>\n<p><a href=\"http:\/\/sh1.sendinblue.com\/7rf0qmf7t4c.html?t=1572876438\" target=\"_blank\" rel=\"noopener\">2019. febru\u00e1r<\/a><\/p>\n<p><a href=\"http:\/\/sh1.sendinblue.com\/7r8ynyf7t4c.html?t=1572876562\" target=\"_blank\" rel=\"noopener\">2019. janu\u00e1r<\/a><\/p>\n","protected":false},"excerpt":{"rendered":"<p>\u00c9rtes\u00fclj\u00f6n \u00d6n is az Eg\u00e9szs\u00e9g\u00fcgyi Menedzserk\u00e9pz\u0151 K\u00f6zpont h\u00edreir\u0151l, esem\u00e9nyeir\u0151l! Iratkozzon fel a minden h\u00f3nap utols\u00f3 p\u00e9ntek reggel\u00e9n \u00e9rkez\u0151 h\u00edrvelel\u00fcnkre! <a class=\"button\" href=\"https:\/\/97febb0d.sibforms.com\/serve\/MUIFAKSGdZLs7CMUCYQOjrtZ0cVQ6lfz53PUGCbShmGwjtPkRHsUxYOpTS2HLcFe5R20ym6l_OcZPX8_2aGAWu1wlMTXO3rVQDx8Dgx3NVQX9z9fH8-zZwJCHQPfvq6HXUkju-ZeTB7nZ9r7WBtZfCp1mILvj5SkPSeg3ZDZgI2srSD5lKdq0iAjIEdqGf_EN-8-DmHu6GPZLvrB\">FELIRATKOZ\u00c1S<\/a> MEGJELENT H\u00cdRLEVELEINK 2026 <a href=\"https:\/\/sh1.sendinblue.com\/3j64rtyrgxxpfe.html?t=1770020084291\" target=\"_blank\" rel=\"noopener\">2026. janu\u00e1r 30.<\/a> 2025 <a href=\"https:\/\/sh1.sendinblue.com\/3j3wpgmrgxxpfe.html?t=1764317899610\" target=\"_blank\" rel=\"noopener\">2025. november 28.<\/a> <a href=\"https:\/\/sh1.sendinblue.com\/3j3oa1yrgxxpfe.html?t=1761900383390\" target=\"_blank\" rel=\"noopener\">2025. okt\u00f3ber 31.<\/a> <a href=\"https:\/\/sh1.sendinblue.com\/3j2i50mrgxxpfe.html?t=1758872320969\" target=\"_blank\" rel=\"noopener\">2025. szeptember 26.<\/a> <a href=\"https:\/\/sh1.sendinblue.com\/3j21a7argxxpfe.html?t=1756455378617\" target=\"_blank\" rel=\"noopener\">2025. augusztus 29.<\/a> <a href=\"https:\/\/sh1.sendinblue.com\/3j17s9yrgxxpfe.html?t=1751266288471\" target=\"_blank\" rel=\"noopener\">2025. j\u00fanius 27.<\/a> <a href=\"https:\/\/sh1.sendinblue.com\/3izksfargxxpfe.html?t=1748590188923\" target=\"_blank\" rel=\"noopener\">2025. m\u00e1jus 30.<\/a> <a href=\"https:\/\/sh1.sendinblue.com\/3izgkpyrgxxpfe.html?t=1745566222057\" target=\"_blank\" rel=\"noopener\">2025. \u00e1prilis 25.<\/a> <a href=\"https:\/\/sh1.sendinblue.com\/3iyvi7argxxpfe.html?t=1743150799103\" target=\"_blank\" rel=\"noopener\">2025. m\u00e1rcius 28.<\/a> <a href=\"https:\/\/sh1.sendinblue.com\/3ix02xyrgxxpfe.html?t=1740737406504\" target=\"_blank\" rel=\"noopener\">2025. febru\u00e1r 28.<\/a> <a href=\"https:\/\/sh1.sendinblue.com\/3iw2dbargxxpfe.html?t=1738311852517\" target=\"_blank\" rel=\"noopener\">2025. janu\u00e1r 31.<\/a> 2024 <a href=\"https:\/\/sh1.sendinblue.com\/3iryvomrgxxpfe.html?t=1732877294299\" target=\"_blank\" rel=\"noopener\">2024. november<\/a> <a href=\"https:\/\/sh1.sendinblue.com\/3ir161yrgxxpfe.html?t=1730716864950\" target=\"_blank\" rel=\"noopener\">2024. okt\u00f3ber 31.<\/a> <a href=\"https:\/\/sh1.sendinblue.com\/3iqoixyrgxxpfe.html?t=1727772168851\" target=\"_blank\" rel=\"noopener\">2024. okt\u00f3ber<\/a> <a href=\"https:\/\/sh1.sendinblue.com\/3iq3gfargxxpfe.html?t=1726229676855\" target=\"_blank\" rel=\"noopener\">2024. szeptember<\/a> <a href=\"https:\/\/sh1.sendinblue.com\/3ioc8vargxxpfe.html?t=1719490429401\" target=\"_blank\" rel=\"noopener\">2024. j\u00fanius<\/a> <a href=\"https:\/\/sh1.sendinblue.com\/3inzlrargxxpfe.html?t=1717745567\" target=\"_blank\" rel=\"noopener\">2024. m\u00e1jus<\/a> <a href=\"https:\/\/sh1.sendinblue.com\/3ilnbomrgxxpfe.html?t=1715159091\" target=\"_blank\" rel=\"noopener\">2024. \u00e1prilis<\/a> <a href=\"https:\/\/sh1.sendinblue.com\/3ikh6nargxxpfe.html?t=1711552602\" target=\"_blank\" rel=\"noopener\">2024. m\u00e1rcius<\/a> <a href=\"https:\/\/sh1.sendinblue.com\/3ijw44mrgxxpfe.html?t=1709023023\" target=\"_blank\" rel=\"noopener\">2024. febru\u00e1r<\/a> <a href=\"https:\/\/sh1.sendinblue.com\/3iidbzargxxpfe.html?t=1706173700\" target=\"_blank\" rel=\"noopener\">2024. janu\u00e1r<\/a> &nbsp; 2023 <a href=\"https:\/\/sh1.sendinblue.com\/3ifsmhyrgxxpfe.html?t=1700809171\" target=\"_blank\" rel=\"noopener\">2023. november<\/a> <a href=\"https:\/\/sh1.sendinblue.com\/3ibtckmrgxxpfe.html?t=1698660263\" target=\"_blank\" rel=\"noopener\">2023. okt\u00f3ber<\/a> <a href=\"https:\/\/sh1.sendinblue.com\/3iazunargxxpfe.html?t=1695907205\" target=\"_blank\" rel=\"noopener\">2023. szeptember<\/a> <a href=\"https:\/\/sh1.sendinblue.com\/3ia250mrgxxpfe.html?t=1693906656\" target=\"_blank\" rel=\"noopener\">2023. augusztus<\/a> <a href=\"https:\/\/sh1.sendinblue.com\/mk\/sc\/gaoW6F6OzmFFxK1aSZHZsnH2sbRSLIWbVtZ8TZy1PX6YTvdTSQhntAejxwhiW63eG6t11aYBjN4Q9HcfHfbw4Yf7Xfos9aI\" target=\"_blank\" rel=\"noopener\">2023. j\u00fanius<\/a> <a href=\"https:\/\/sh1.sendinblue.com\/3i6s5bargxxpfe.html?t=1685630360\" target=\"_blank\" rel=\"noopener\">2023. m\u00e1jus<\/a> <a href=\"https:\/\/sh1.sendinblue.com\/3i5ufomrgxxpfe.html?t=1684236700\" target=\"_blank\" rel=\"noopener\">2023. \u00e1prilis<\/a> <a href=\"https:\/\/sh1.sendinblue.com\/3i4k2xyrgxxpfe.html?t=1680159087\" target=\"_blank\" rel=\"noopener\">2023. m\u00e1rcius<\/a> <a href=\"https:\/\/sh1.sendinblue.com\/3i35ihyrgxxpfe.html?t=1677659709\" target=\"_blank\" rel=\"noopener\">2023. febru\u00e1r<\/a> <a href=\"https:\/\/sh1.sendinblue.com\/3i1eaxyrgxxpfe.html?t=1675157561\" target=\"_blank\" rel=\"noopener\">2023. janu\u00e1r<\/a> &#8211; MSc k\u00fcl\u00f6nsz\u00e1m <a href=\"https:\/\/sh1.sendinblue.com\/3i1qy1yrgxxpfe.html?t=1674739607\" target=\"_blank\" rel=\"noopener\">2023. janu\u00e1r<\/a> 2022 <a href=\"https:\/\/sh1.sendinblue.com\/3i0glbargxxpfe.html?t=1671102138\" target=\"_blank\" rel=\"noopener\">2022. december<\/a> <a href=\"https:\/\/sh1.sendinblue.com\/3hzvismrgxxpfe.html?t=1669728478\" target=\"_blank\" rel=\"noopener\">2022. november<\/a> <a href=\"https:\/\/sh1.sendinblue.com\/3hygycmrgxxpfe.html?t=1667402404\" target=\"_blank\" rel=\"noopener\">2022. okt\u00f3ber<\/a> <a href=\"https:\/\/sh1.sendinblue.com\/3hu990mrgxxpfe.html?t=1665128671\" target=\"_blank\" rel=\"noopener\">2022. szeptember<\/a> <a href=\"https:\/\/sh1.sendinblue.com\/3hsuokmrgxxpfe.html?t=1665128553\" target=\"_blank\" rel=\"noopener\">2022. augusztus<\/a> <a href=\"https:\/\/sh1.sendinblue.com\/3hs9m1yrgxxpfe.html?t=1665128463\" target=\"_blank\" rel=\"noopener\">2022. augusztus<\/a> &#8211; SZVK k\u00fcl\u00f6nsz\u00e1m <a href=\"https:\/\/sh1.sendinblue.com\/3hrsr8mrgxxpfe.html?t=1665128266\" target=\"_blank\" rel=\"noopener\">2022. j\u00falius<\/a> <a href=\"https:\/\/sh1.sendinblue.com\/3hq5rdyrgxxpfe.html?t=1665128105\" target=\"_blank\" rel=\"noopener\">2022. j\u00fanius<\/a> <a href=\"https:\/\/sh1.sendinblue.com\/3ho64fargxxpfe.html?t=1665127986\" target=\"_blank\" rel=\"noopener\">2022. m\u00e1jus<\/a> <a href=\"https:\/\/sh1.sendinblue.com\/3hnp9lyrgxxpfe.html?t=1665127830\" target=\"_blank\" rel=\"noopener\">2022. \u00e1prilis<\/a> <a href=\"https:\/\/sh1.sendinblue.com\/3hnl1wmrgxxpfe.html?t=1650529908\" target=\"_blank\" rel=\"noopener\">2022. \u00e1prilis<\/a> &#8211; MBM k\u00fcl\u00f6nsz\u00e1m <a href=\"https:\/\/sh1.sendinblue.com\/3hm29rargxxpfe.html?t=1648138663\" target=\"_blank\" rel=\"noopener\">2022. m\u00e1rcius<\/a> <a href=\"https:\/\/sh1.sendinblue.com\/3hkw4pyrgxxpfe.html?t=1644511249\" target=\"_blank\" rel=\"noopener\">2022. febru\u00e1r<\/a> <a href=\"https:\/\/sh1.sendinblue.com\/3hj4x5yrgxxpfe.html?t=1642579434\" target=\"_blank\" rel=\"noopener\">2022. janu\u00e1r<\/a> &#8211; MSc k\u00fcl\u00f6nsz\u00e1m 2021 <a href=\"https:\/\/sh1.sendinblue.com\/3hhqcpyrgxxpfe.html?t=1642579388\" target=\"_blank\" rel=\"noopener\">2021. december<\/a> <a href=\"https:\/\/sh1.sendinblue.com\/ag6nstwaett7e.html?t=1638185714\" target=\"_blank\" rel=\"noopener\">2021. november<\/a> <a href=\"https:\/\/sh1.sendinblue.com\/ag2g3hwaett7e.html?t=1635332841\" target=\"_blank\" rel=\"noopener\">2021. okt\u00f3ber<\/a> <a href=\"https:\/\/sh1.sendinblue.com\/afx6gtwaett7e.html?t=1631690308\" target=\"_blank\" rel=\"noopener\">2021. szeptember<\/a> <a href=\"https:\/\/sh1.sendinblue.com\/afr7jxwaett7e.html?t=1628502733\" target=\"_blank\" rel=\"noopener\">2021. j\u00falius<\/a> <a href=\"https:\/\/sh1.sendinblue.com\/afgoalwaett7e.html?t=1625135442\" target=\"_blank\" rel=\"noopener\">2021. j\u00fanius<\/a> <a href=\"https:\/\/sh1.sendinblue.com\/afekfxwaett7e.html?t=1622028832\" target=\"_blank\" rel=\"noopener\">2021. m\u00e1jus<\/a> <a href=\"https:\/\/sh1.sendinblue.com\/af9at9waett7e.html?t=1619435540\" target=\"_blank\" rel=\"noopener\">2021. \u00e1prilis<\/a> <a href=\"https:\/\/sh1.sendinblue.com\/af416lwaett7e.html?t=1616668003\" target=\"_blank\" rel=\"noopener\">2021. m\u00e1rcius<\/a> <a href=\"https:\/\/sh1.sendinblue.com\/af1xbxwaett7e.html?t=1613745728\" target=\"_blank\" rel=\"noopener\">2021. febru\u00e1r<\/a> <a href=\"https:\/\/sh1.sendinblue.com\/aepa7xwaett7e.html?t=1612178242\" target=\"_blank\" rel=\"noopener\">2021. janu\u00e1r<\/a> &#8211; MSc k\u00fcl\u00f6nsz\u00e1m 2020 <a href=\"https:\/\/sh1.sendinblue.com\/aedp19waett7e.html?t=1607090281\" target=\"_blank\" rel=\"noopener\">2020. november<\/a> <a href=\"https:\/\/sh1.sendinblue.com\/ae6o71waett7e.html?t=1605614267\" target=\"_blank\" rel=\"noopener\">2020. okt\u00f3ber<\/a> <a href=\"https:\/\/sh1.sendinblue.com\/ae5m9pwaett7e.html?t=1601468366\" target=\"_blank\" rel=\"noopener\">2020. szeptember<\/a> <a href=\"https:\/\/sh1.sendinblue.com\/ae4wzhwaett7e.html?t=1600255908\" target=\"_blank\" rel=\"noopener\">2020. szeptember<\/a> <a href=\"https:\/\/sh1.sendinblue.com\/ae1ekdwaett7e.html?t=1597059377\" target=\"_blank\" rel=\"noopener\">2020. j\u00falius<\/a> <a href=\"http:\/\/sh1.sendinblue.com\/adx6v1waett7e.html?t=1592987387\" target=\"_blank\" rel=\"noopener\">2020. j\u00fanius<\/a> <a href=\"http:\/\/sh1.sendinblue.com\/adwhktwaett7e.html?t=1591093882\" target=\"_blank\" rel=\"noopener\">2020. m\u00e1jus<\/a> <a href=\"http:\/\/sh1.sendinblue.com\/adudq5waett7e.html?t=1588922173\" target=\"_blank\" rel=\"noopener\">2020. m\u00e1jus<\/a> &#8211; COVID-19 k\u00fcl\u00f6nsz\u00e1m <a href=\"http:\/\/sh1.sendinblue.com\/adtbstwaett7e.html?t=1588146631\" target=\"_blank\" rel=\"noopener\">2020. \u00e1prilis<\/a> <a href=\"http:\/\/sh1.sendinblue.com\/adsz5pwaett7e.html?t=1585233137\" target=\"_blank\" rel=\"noopener\">2020. m\u00e1rcius<\/a> <a href=\"http:\/\/sh1.sendinblue.com\/adrx8dwaett7e.html?t=1582888641\" target=\"_blank\" rel=\"noopener\">2020. febru\u00e1r<\/a> <a href=\"http:\/\/sh1.sendinblue.com\/7s9u2mf7t4c.html?t=1580310428\" target=\"_blank\" rel=\"noopener\">2020. janu\u00e1r<\/a> \u00a0 <a href=\"http:\/\/sh1.sendinblue.com\/7s9b3yf7t4c.html?t=1580310428\" target=\"_blank\" rel=\"noopener\">2020. janu\u00e1r<\/a> &#8211; MSc k\u00fcl\u00f6nsz\u00e1m 2019 <a href=\"http:\/\/sh1.sendinblue.com\/7s0cqmf7t4c.html?t=1574942228\" target=\"_blank\" rel=\"noopener\">2019. november<\/a> <a href=\"http:\/\/sh1.sendinblue.com\/7ry8vyf7t4c.html?t=1572874164\" target=\"_blank\" rel=\"noopener\">2019. okt\u00f3ber<\/a> <a href=\"http:\/\/sh1.sendinblue.com\/7rw51af7t4c.html?t=1572874164\" target=\"_blank\" rel=\"noopener\">2019. szeptember<\/a> <a href=\"http:\/\/sh1.sendinblue.com\/7rredaf7t4c.html?t=1572874820\" target=\"_blank\" rel=\"noopener\">2019. augusztus<\/a> \u00a0 <a href=\"http:\/\/sh1.sendinblue.com\/7rr4vyf7t4c.html?t=1572874820\" target=\"_blank\" rel=\"noopener\">2019. j\u00falius<\/a> <a href=\"http:\/\/sh1.sendinblue.com\/7rqcfyf7t4c.html?t=1572875138\" target=\"_blank\" rel=\"noopener\">2019. j\u00fanius<\/a> <a href=\"http:\/\/sh1.sendinblue.com\/7rorjyf7t4c.html?t=1572875138\" target=\"_blank\" rel=\"noopener\">2019. m\u00e1jus<\/a> <a href=\"http:\/\/sh1.sendinblue.com\/7rmnpaf7t4c.html?t=1572875138\" target=\"_blank\" rel=\"noopener\">2019. \u00e1prilis<\/a> <a href=\"http:\/\/sh1.sendinblue.com\/7rkadaf7t4c.html?t=1572875138\" target=\"_blank\" rel=\"noopener\">2019. m\u00e1rcius<\/a> <a href=\"http:\/\/sh1.sendinblue.com\/7rf0qmf7t4c.html?t=1572876438\" target=\"_blank\" rel=\"noopener\">2019. febru\u00e1r<\/a> &hellip;<\/p>\n","protected":false},"author":101539,"featured_media":0,"parent":13776,"menu_order":0,"comment_status":"closed","ping_status":"closed","template":"","meta":{"_acf_changed":false,"footnotes":""},"categories":[],"tags":[],"class_list":["post-15398","page","type-page","status-publish","hentry"],"acf":[],"_links":{"self":[{"href":"https:\/\/semmelweis.hu\/emk\/wp-json\/wp\/v2\/pages\/15398","targetHints":{"allow":["GET"]}}],"collection":[{"href":"https:\/\/semmelweis.hu\/emk\/wp-json\/wp\/v2\/pages"}],"about":[{"href":"https:\/\/semmelweis.hu\/emk\/wp-json\/wp\/v2\/types\/page"}],"author":[{"embeddable":true,"href":"https:\/\/semmelweis.hu\/emk\/wp-json\/wp\/v2\/users\/101539"}],"replies":[{"embeddable":true,"href":"https:\/\/semmelweis.hu\/emk\/wp-json\/wp\/v2\/comments?post=15398"}],"version-history":[{"count":11,"href":"https:\/\/semmelweis.hu\/emk\/wp-json\/wp\/v2\/pages\/15398\/revisions"}],"predecessor-version":[{"id":26724,"href":"https:\/\/semmelweis.hu\/emk\/wp-json\/wp\/v2\/pages\/15398\/revisions\/26724"}],"up":[{"embeddable":true,"href":"https:\/\/semmelweis.hu\/emk\/wp-json\/wp\/v2\/pages\/13776"}],"wp:attachment":[{"href":"https:\/\/semmelweis.hu\/emk\/wp-json\/wp\/v2\/media?parent=15398"}],"wp:term":[{"taxonomy":"category","embeddable":true,"href":"https:\/\/semmelweis.hu\/emk\/wp-json\/wp\/v2\/categories?post=15398"},{"taxonomy":"post_tag","embeddable":true,"href":"https:\/\/semmelweis.hu\/emk\/wp-json\/wp\/v2\/tags?post=15398"}],"curies":[{"name":"wp","href":"https:\/\/api.w.org\/{rel}","templated":true}]}}