{"id":14700,"date":"2019-04-03T14:11:28","date_gmt":"2019-04-03T12:11:28","guid":{"rendered":"http:\/\/semmelweis.hu\/emk\/?page_id=14700"},"modified":"2024-10-30T16:07:58","modified_gmt":"2024-10-30T15:07:58","slug":"nepegeszsegugy","status":"publish","type":"page","link":"https:\/\/semmelweis.hu\/emk\/kutatasi-tevekenysegunk\/nepegeszsegugy\/","title":{"rendered":"N\u00e9peg\u00e9szs\u00e9g\u00fcgy"},"content":{"rendered":"<p style=\"text-align: justify\"><strong>Els\u0151 \u00e1tfog\u00f3 tudom\u00e1nyos kutat\u00e1s Magyarorsz\u00e1gon <\/strong><strong>a hev\u00edtett doh\u00e1nyterm\u00e9kek haszn\u00e1lat\u00e1val kapcsolatban<\/strong><\/p>\n<p style=\"text-align: justify\">A hev\u00edtett doh\u00e1nyterm\u00e9kek fogyaszt\u00e1s\u00e1val kapcsolatban zajlik kutat\u00e1s az ELTE PPK Pszichol\u00f3giai Int\u00e9zet \u00e9s a Semmelweis Egyetem k\u00f6z\u00f6s szervez\u00e9s\u00e9ben. A vizsg\u00e1lat azzal a c\u00e9llal indult, hogy a hev\u00edtett doh\u00e1nyterm\u00e9kek haszn\u00e1lati szok\u00e1sainak \u00e9s az ezekkel kapcsolatos v\u00e9leked\u00e9sek \u00e9s motiv\u00e1ci\u00f3k, valamint a haszn\u00e1latuk sor\u00e1n meg\u00e9lt tapasztalatok \u00e9s \u00e9lm\u00e9nyek akad\u00e9miai szint\u0171, hiteles felm\u00e9r\u00e9se t\u00f6rt\u00e9njen meg.<\/p>\n<p style=\"text-align: justify\">A <strong>k\u00e9rd\u0151\u00edv<\/strong> kit\u00f6lt\u00e9se k\u00f6r\u00fclbel\u00fcl 15 percet ig\u00e9nyel.<\/p>\n<p style=\"text-align: justify\">A k\u00e9rd\u0151\u00edvben k\u00fcl\u00f6n felh\u00edvj\u00e1k figyelmet, hogy a kutat\u00e1sban csak 18 \u00e9ven fel\u00fcli, a hev\u00edtett doh\u00e1nyterm\u00e9keket kipr\u00f3b\u00e1l\u00f3k vagy haszn\u00e1l\u00f3k vehetnek r\u00e9szt.<\/p>\n<p style=\"text-align: justify\">Szigor\u00faan bizalmasan kezelnek minden olyan inform\u00e1ci\u00f3t, amit a kutat\u00e1s keret\u00e9n bel\u00fcl gy\u0171jtenek \u00f6ssze. A r\u00e9sztvev\u0151kr\u0151l semmilyen azonos\u00edt\u00e1sra alkalmas szem\u00e9lyes vagy digit\u00e1lis adatot nem r\u00f6gz\u00edtenek, a vizsg\u00e1lat teljes m\u00e9rt\u00e9kben anonim. A kapott eredm\u00e9nyeket csak egy\u00fctt, statisztikai szempontok alapj\u00e1n elemzik. A kutat\u00e1sban val\u00f3 r\u00e9szv\u00e9tel \u00f6nk\u00e9ntes \u00e9s a k\u00e9rd\u0151\u00edv kit\u00f6lt\u00e9s\u00e9t b\u00e1rmikor megszak\u00edthat\u00f3.<\/p>\n<p style=\"text-align: justify\">A k\u00e9rd\u0151\u00edv <a href=\"https:\/\/elteppk.eu.qualtrics.com\/jfe\/form\/SV_9Wt9spxplTxDZOt\" target=\"_blank\" rel=\"noopener\"><strong>ezen a linken<\/strong><\/a> \u00e9rhet\u0151 el.<\/p>\n","protected":false},"excerpt":{"rendered":"<p>Els\u0151 \u00e1tfog\u00f3 tudom\u00e1nyos kutat\u00e1s Magyarorsz\u00e1gon a hev\u00edtett doh\u00e1nyterm\u00e9kek haszn\u00e1lat\u00e1val kapcsolatban A hev\u00edtett doh\u00e1nyterm\u00e9kek fogyaszt\u00e1s\u00e1val kapcsolatban zajlik kutat\u00e1s az ELTE PPK Pszichol\u00f3giai Int\u00e9zet \u00e9s a Semmelweis Egyetem k\u00f6z\u00f6s szervez\u00e9s\u00e9ben. A vizsg\u00e1lat azzal a c\u00e9llal indult, hogy a hev\u00edtett doh\u00e1nyterm\u00e9kek haszn\u00e1lati szok\u00e1sainak \u00e9s az ezekkel kapcsolatos v\u00e9leked\u00e9sek \u00e9s motiv\u00e1ci\u00f3k, valamint a haszn\u00e1latuk sor\u00e1n meg\u00e9lt tapasztalatok \u00e9s \u00e9lm\u00e9nyek &hellip;<\/p>\n","protected":false},"author":101539,"featured_media":0,"parent":14561,"menu_order":4,"comment_status":"closed","ping_status":"closed","template":"","meta":{"_acf_changed":false,"footnotes":""},"categories":[],"tags":[],"class_list":["post-14700","page","type-page","status-publish","hentry"],"acf":[],"_links":{"self":[{"href":"https:\/\/semmelweis.hu\/emk\/wp-json\/wp\/v2\/pages\/14700","targetHints":{"allow":["GET"]}}],"collection":[{"href":"https:\/\/semmelweis.hu\/emk\/wp-json\/wp\/v2\/pages"}],"about":[{"href":"https:\/\/semmelweis.hu\/emk\/wp-json\/wp\/v2\/types\/page"}],"author":[{"embeddable":true,"href":"https:\/\/semmelweis.hu\/emk\/wp-json\/wp\/v2\/users\/101539"}],"replies":[{"embeddable":true,"href":"https:\/\/semmelweis.hu\/emk\/wp-json\/wp\/v2\/comments?post=14700"}],"version-history":[{"count":6,"href":"https:\/\/semmelweis.hu\/emk\/wp-json\/wp\/v2\/pages\/14700\/revisions"}],"predecessor-version":[{"id":23521,"href":"https:\/\/semmelweis.hu\/emk\/wp-json\/wp\/v2\/pages\/14700\/revisions\/23521"}],"up":[{"embeddable":true,"href":"https:\/\/semmelweis.hu\/emk\/wp-json\/wp\/v2\/pages\/14561"}],"wp:attachment":[{"href":"https:\/\/semmelweis.hu\/emk\/wp-json\/wp\/v2\/media?parent=14700"}],"wp:term":[{"taxonomy":"category","embeddable":true,"href":"https:\/\/semmelweis.hu\/emk\/wp-json\/wp\/v2\/categories?post=14700"},{"taxonomy":"post_tag","embeddable":true,"href":"https:\/\/semmelweis.hu\/emk\/wp-json\/wp\/v2\/tags?post=14700"}],"curies":[{"name":"wp","href":"https:\/\/api.w.org\/{rel}","templated":true}]}}