{"id":13904,"date":"2019-04-03T10:16:15","date_gmt":"2019-04-03T08:16:15","guid":{"rendered":"http:\/\/semmelweis.hu\/emk\/?page_id=13904"},"modified":"2025-06-04T12:46:54","modified_gmt":"2025-06-04T10:46:54","slug":"eszkoztar","status":"publish","type":"page","link":"https:\/\/semmelweis.hu\/emk\/kutatasi-tevekenysegunk\/egeszsegugyi-humaneroforras-tervezes\/eszkoztar\/","title":{"rendered":"Eg\u00e9szs\u00e9g\u00fcgyi Munkaer\u0151tervez\u00e9si Eszk\u00f6zt\u00e1r"},"content":{"rendered":"<p style=\"text-align: justify\">Az <strong>Eg\u00e9szs\u00e9g\u00fcgyi Munkaer\u0151tervez\u00e9si Eszk\u00f6zt\u00e1r<\/strong> az eg\u00e9szs\u00e9g\u00fcgyi munkaer\u0151 tervez\u00e9sben \u00e9rintett koll\u00e9g\u00e1k munk\u00e1j\u00e1t k\u00edv\u00e1nja seg\u00edteni. Az eg\u00e9szs\u00e9g\u00fcgyi munkaer\u0151 megtervez\u00e9se egy komplex folyamat, amelyben kit\u00fcntetett figyelmet kell szentelni mind a tervez\u00e9st k\u00f6r\u00fcl\u00f6lel\u0151 folyamatoknak, mind a rendelkez\u00e9sre \u00e1ll\u00f3 vagy begy\u0171jtend\u0151 adatoknak.<\/p>\n<p style=\"text-align: justify\">Az Eszk\u00f6zt\u00e1r praktikus \u00e9s felhaszn\u00e1l\u00f3bar\u00e1t m\u00f3don foglalja \u00f6ssze a munkaer\u0151 tervez\u00e9s legfontosabb aspektusait \u00e9s hasznos anyagokhoz, cselekv\u00e9sre \u00f6szt\u00f6nz\u0151 \u00f6sszegz\u00e9sekhez ir\u00e1ny\u00edtja a felhaszn\u00e1l\u00f3t. Az Eszk\u00f6zt\u00e1r egy \u00f6n\u00e9rt\u00e9kel\u00e9st el\u0151seg\u00edt\u0151 gy\u0171jtem\u00e9ny, amely az eg\u00e9szs\u00e9g\u00fcgyi munkaer\u0151tervez\u00e9s mindennapi munkafolyamatait hivatott t\u00e1mogatni. Az Eszk\u00f6zt\u00e1r haszn\u00e1lat\u00e1val a koll\u00e9g\u00e1k megismerhetik saj\u00e1t orsz\u00e1guk aktu\u00e1lis helyzet\u00e9t a munkaer\u0151tervez\u00e9s tekintet\u00e9ben, valamint azonos\u00edthatj\u00e1k a hi\u00e1nyoss\u00e1gokat \u00e9s a fejlesztend\u0151 ter\u00fcleteket.<\/p>\n<p style=\"text-align: justify\">Az Eszk\u00f6zt\u00e1r fejleszt\u00e9se a <a href=\"http:\/\/healthworkforce.eu\/archive\/\" target=\"_blank\" rel=\"noopener noreferrer\">Joint Action on European Health Workforce Planning and Forecasting (JA EUHWF 20122201)<\/a> program keret\u00e9ben val\u00f3sult meg.<\/p>\n<div align=\"center\"><a href=\"http:\/\/hwftoolkit.semmelweis.hu\/index.php\/hu\/\" target=\"_blank\" rel=\"noopener noreferrer\"><img loading=\"lazy\" decoding=\"async\" title=\"Toolkit on Health Workforce Planning\" src=\"https:\/\/semmelweis.hu\/emk\/files\/2016\/09\/WEBRE_eszternek.jpg\" width=\"450\" height=\"333\" \/><\/a><br \/>\n<a class=\"button\" href=\"http:\/\/hwftoolkit.semmelweis.hu\/index.php\/hu\/\" target=\"_blank\" rel=\"noopener\">Tov\u00e1bb az Eg\u00e9szs\u00e9g\u00fcgyi Munkaer\u0151tervez\u00e9si <br \/>\nEszk\u00f6zt\u00e1r oldal\u00e1ra<\/a><\/div>\n","protected":false},"excerpt":{"rendered":"<p>Az Eg\u00e9szs\u00e9g\u00fcgyi Munkaer\u0151tervez\u00e9si Eszk\u00f6zt\u00e1r az eg\u00e9szs\u00e9g\u00fcgyi munkaer\u0151 tervez\u00e9sben \u00e9rintett koll\u00e9g\u00e1k munk\u00e1j\u00e1t k\u00edv\u00e1nja seg\u00edteni. Az eg\u00e9szs\u00e9g\u00fcgyi munkaer\u0151 megtervez\u00e9se egy komplex folyamat, amelyben kit\u00fcntetett figyelmet kell szentelni mind a tervez\u00e9st k\u00f6r\u00fcl\u00f6lel\u0151 folyamatoknak, mind a rendelkez\u00e9sre \u00e1ll\u00f3 vagy begy\u0171jtend\u0151 adatoknak. Az Eszk\u00f6zt\u00e1r praktikus \u00e9s felhaszn\u00e1l\u00f3bar\u00e1t m\u00f3don foglalja \u00f6ssze a munkaer\u0151 tervez\u00e9s legfontosabb aspektusait \u00e9s hasznos anyagokhoz, cselekv\u00e9sre \u00f6szt\u00f6nz\u0151 &hellip;<\/p>\n","protected":false},"author":101539,"featured_media":0,"parent":14703,"menu_order":3,"comment_status":"closed","ping_status":"closed","template":"","meta":{"_acf_changed":false,"footnotes":""},"categories":[],"tags":[],"class_list":["post-13904","page","type-page","status-publish","hentry"],"acf":[],"_links":{"self":[{"href":"https:\/\/semmelweis.hu\/emk\/wp-json\/wp\/v2\/pages\/13904","targetHints":{"allow":["GET"]}}],"collection":[{"href":"https:\/\/semmelweis.hu\/emk\/wp-json\/wp\/v2\/pages"}],"about":[{"href":"https:\/\/semmelweis.hu\/emk\/wp-json\/wp\/v2\/types\/page"}],"author":[{"embeddable":true,"href":"https:\/\/semmelweis.hu\/emk\/wp-json\/wp\/v2\/users\/101539"}],"replies":[{"embeddable":true,"href":"https:\/\/semmelweis.hu\/emk\/wp-json\/wp\/v2\/comments?post=13904"}],"version-history":[{"count":5,"href":"https:\/\/semmelweis.hu\/emk\/wp-json\/wp\/v2\/pages\/13904\/revisions"}],"predecessor-version":[{"id":25214,"href":"https:\/\/semmelweis.hu\/emk\/wp-json\/wp\/v2\/pages\/13904\/revisions\/25214"}],"up":[{"embeddable":true,"href":"https:\/\/semmelweis.hu\/emk\/wp-json\/wp\/v2\/pages\/14703"}],"wp:attachment":[{"href":"https:\/\/semmelweis.hu\/emk\/wp-json\/wp\/v2\/media?parent=13904"}],"wp:term":[{"taxonomy":"category","embeddable":true,"href":"https:\/\/semmelweis.hu\/emk\/wp-json\/wp\/v2\/categories?post=13904"},{"taxonomy":"post_tag","embeddable":true,"href":"https:\/\/semmelweis.hu\/emk\/wp-json\/wp\/v2\/tags?post=13904"}],"curies":[{"name":"wp","href":"https:\/\/api.w.org\/{rel}","templated":true}]}}