{"id":13900,"date":"2019-04-03T10:16:15","date_gmt":"2019-04-03T08:16:15","guid":{"rendered":"http:\/\/semmelweis.hu\/emk\/?page_id=13900"},"modified":"2024-11-19T16:57:50","modified_gmt":"2024-11-19T15:57:50","slug":"hrh-kutatasok","status":"publish","type":"page","link":"https:\/\/semmelweis.hu\/emk\/kutatasi-tevekenysegunk\/egeszsegugyi-humaneroforras-tervezes\/hrh-kutatasok\/","title":{"rendered":"HRH kutat\u00e1sok"},"content":{"rendered":"<p style=\"text-align: justify\">Az<strong> eg\u00e9szs\u00e9g\u00fcgyi munkaer\u0151<\/strong> t\u00e9m\u00e1ja kritikus ter\u00fcletnek tekinthet\u0151, mely Magyarorsz\u00e1g eset\u00e9ben is jelent\u0151s kih\u00edv\u00e1st jelent. A t\u00e1rsadalom el\u00f6reged\u00e9se \u2013 bele\u00e9rtve az eg\u00e9szs\u00e9g\u00fcgyi szakemberek \u00e1tlag\u00e9letkor\u00e1nak emelked\u00e9s\u00e9t-, a n\u00f6vekv\u0151 ell\u00e1t\u00e1si ig\u00e9nyek, illetve a megl\u00e9v\u0151 szakember-\u00e1llom\u00e1ny migr\u00e1ci\u00f3ja fontos dimenzi\u00f3k, melyek megold\u00e1sa kulcsfontoss\u00e1g\u00fa az ell\u00e1t\u00f3rendszer megfelel\u0151 m\u0171k\u00f6d\u00e9s\u00e9nek el\u00e9r\u00e9s\u00e9hez. A Semmelweis Egyetem Eg\u00e9szs\u00e9g\u00fcgyi Menedzserk\u00e9pz\u0151 K\u00f6zpontja kiemelt kutat\u00e1si ter\u00fcletk\u00e9nt kezeli az eg\u00e9szs\u00e9g\u00fcgyi munkaer\u0151 t\u00e9m\u00e1j\u00e1t.<\/p>\n<p style=\"text-align: justify\">M\u00e1ra az EMK nemzeti \u00e9s nemzetk\u00f6zi szinten egyar\u00e1nt fontos szerepl\u0151je az eredeti angol szaksz\u00f3 r\u00f6vid\u00edt\u00e9s\u00e9b\u0151l csak <strong>HRH<\/strong>-k\u00e9nt emlegetett ter\u00fcletnek.<\/p>\n<p style=\"text-align: justify\">Az EMK HRH kutat\u00e1ssal foglalkoz\u00f3 csapata a k\u00fcl\u00f6nb\u00f6z\u0151 eg\u00e9szs\u00e9g\u00fcgyi dolgoz\u00f3k migr\u00e1ci\u00f3s sz\u00e1nd\u00e9kainak, migr\u00e1ci\u00f3s t\u00e9nyadatoknak, \u00e9s a k\u00e9pz\u00e9si rendszer hat\u00e1sainak elemz\u00e9s\u00e9vel foglalkozik, valamint vizsg\u00e1lja a hazat\u00e9r\u00e9si lehet\u0151s\u00e9geket \u00e9s az emberi er\u0151forr\u00e1s sz\u00fcks\u00e9gleteket is.<\/p>\n<p style=\"text-align: justify\">Az elm\u00falt 20 \u00e9vben sz\u00e1mos HRH t\u00e9m\u00e1j\u00fa kutat\u00e1s sz\u00fcletett a Menedzserk\u00e9pz\u0151 K\u00f6zpont falai k\u00f6z\u00f6tt. Ezek egy r\u00e9sze k\u00fcl\u00f6nb\u00f6z\u0151 projektek keret\u00e9ben sz\u00fcletett, m\u00e1s r\u00e9sz\u00fck f\u00fcggetlen kutat\u00e1sok sor\u00e1n ker\u00fclt megval\u00f3s\u00edt\u00e1sra.<\/p>\n<p style=\"text-align: justify\">\nAz <strong>\u201eEmberi er\u0151forr\u00e1s kutat\u00e1s az eg\u00e9szs\u00e9g\u00fcgyben\u201d<\/strong> egy 2003-ban indul\u00f3 kezdem\u00e9nyez\u00e9s a rezidens orvosok k\u00f6r\u00e9ben, melynek keret\u00e9ben k\u00e9rd\u0151\u00edvvel v\u00e9gzett lek\u00e9rdez\u00e9ses m\u00f3dszerrel ker\u00fclnek felt\u00e9rk\u00e9pez\u00e9sre a ter\u00fcleten jelentkez\u0151 magyarorsz\u00e1gi trendek. A magyar orvosok \u00e9s az \u00e1gazat emberi er\u0151forr\u00e1s helyzet\u00e9t f\u00f3kuszba \u00e1ll\u00edt\u00f3 adatfelv\u00e9tel a 2003-2012 k\u00f6z\u00f6tti id\u0151szakban \u00e9vente, majd k\u00e9t\u00e9vente (2014, 2016, 2018) ker\u00fclt lek\u00e9rdez\u00e9sre. Az anonim k\u00e9rd\u0151\u00edv standard k\u00e9rd\u00e9seket tartalmaz a mobilit\u00e1s t\u00e9mak\u00f6r\u00e9ben. A kutat\u00e1sban k\u00fcl\u00f6nb\u00f6z\u0151 szakter\u00fcleten dolgoz\u00f3 rezidens orvosok vettek r\u00e9szt.<\/p>\n<p style=\"text-align: justify\"><strong>A t\u00e9m\u00e1val kapcsolatosan az al\u00e1bbi m\u00e9rf\u00f6ldk\u00f6veket \u00e9rdemes kiemelni:<\/strong><\/p>\n<ul>\n<li style=\"text-align: justify\">2003-ban, teh\u00e1t m\u00e9g az EU csatlakoz\u00e1s el\u0151tt, a Magyar Rezidens Sz\u00f6vets\u00e9ggel k\u00f6z\u00f6sen ind\u00edtottuk az orvosok elv\u00e1ndorl\u00e1si hajland\u00f3s\u00e1g\u00e1t vizsg\u00e1l\u00f3 k\u00f6z\u00f6s projekt\u00fcnket. A n\u00e9gy \u00e9vig tart\u00f3 kutat\u00e1s alatt k\u00f6zel 2000 orvost\u00f3l gy\u0171jt\u00f6tt\u00fcnk olyan adatokat, amelyek alapj\u00e1n k\u00f6zelebb jutottunk az orvosi migr\u00e1ci\u00f3s jelens\u00e9g mozgat\u00f3rug\u00f3inak meg\u00e9rt\u00e9s\u00e9hez \u00e9s a becs\u00fclhet\u0151 migr\u00e1ci\u00f3s volumen azonos\u00edt\u00e1s\u00e1hoz.<\/li>\n<li style=\"text-align: justify\">2007-t\u0151l <strong>\u201cEmberi Er\u0151forr\u00e1s Kr\u00edzis az Eg\u00e9szs\u00e9g\u00fcgyben\u201d<\/strong> c\u00edmmel nemzetk\u00f6zi konferenciasorozatot ind\u00edtottunk. Az els\u0151 \u201e<a href=\"https:\/\/semmelweis.hu\/emk\/files\/2019\/09\/program_eek070306.pdf\" target=\"_blank\" rel=\"noopener noreferrer\">Helyzet\u00e9rt\u00e9kel\u00e9s, munkaer\u0151-\u00e1raml\u00e1si trendek<\/a>\u201d-r\u0151l sz\u00f3l\u00f3 rendezv\u00e9nyt a \u201e<a href=\"https:\/\/semmelweis.hu\/emk\/files\/2019\/09\/program_eek070619.pdf\" target=\"_blank\" rel=\"noopener noreferrer\">Strukt\u00fara-\u00e1talak\u00edt\u00e1s \u00e9s emberi er\u0151forr\u00e1sok \u2013 \u201cakut\u201d esettanulm\u00e1nyok \u00e9s \u00e9rt\u00e9kel\u00e9s<\/a>\u201d-r\u0151l sz\u00f3l\u00f3 k\u00f6vette.<\/li>\n<li style=\"text-align: justify\">2008-ban az Orsz\u00e1gos Foglalkoztat\u00e1si K\u00f6zalap\u00edtv\u00e1nyt\u00f3l nyert\u00fcnk kutat\u00e1si t\u00e1mogat\u00e1st, \u00edgy imm\u00e1r nemcsak az elv\u00e1ndorl\u00e1ssal, de az orsz\u00e1gon bel\u00fcli ter\u00fcleti egyenl\u0151tlens\u00e9ggel \u00e9s annak okaival is foglalkoztunk az <strong>\u201eEg\u00e9szs\u00e9g\u00fcgyi Emberi Er\u0151forr\u00e1s F\u00f3rum\u201d<\/strong> vitanapjain. Az OFA\/7341\/0032. kutat\u00e1s a \u201e<a href=\"https:\/\/semmelweis.hu\/emk\/files\/2019\/09\/osszefoglalo_rezidens.pdf\" target=\"_blank\" rel=\"noopener noreferrer\">Rezidens orvosok munkaer\u0151piaci elhelyezked\u00e9si sz\u00e1nd\u00e9kainak, migr\u00e1ci\u00f3s \u00e9s p\u00e1lyav\u00e1laszt\u00e1si motiv\u00e1ci\u00f3inak vizsg\u00e1lata<\/a>\u201d c\u00edmet viselte. Ehhez kapcsol\u00f3d\u00f3 kutat\u00e1shasznos\u00edt\u00f3 vitanapjainkat 2009-ben az \u00c9szak-Alf\u00f6ldi, \u00c9szak-Magyarorsz\u00e1gi \u00e9s D\u00e9l-Magyarorsz\u00e1gi R\u00e9gi\u00f3kban tartottuk 2009-ben.<\/li>\n<\/ul>\n","protected":false},"excerpt":{"rendered":"<p>Az eg\u00e9szs\u00e9g\u00fcgyi munkaer\u0151 t\u00e9m\u00e1ja kritikus ter\u00fcletnek tekinthet\u0151, mely Magyarorsz\u00e1g eset\u00e9ben is jelent\u0151s kih\u00edv\u00e1st jelent. A t\u00e1rsadalom el\u00f6reged\u00e9se \u2013 bele\u00e9rtve az eg\u00e9szs\u00e9g\u00fcgyi szakemberek \u00e1tlag\u00e9letkor\u00e1nak emelked\u00e9s\u00e9t-, a n\u00f6vekv\u0151 ell\u00e1t\u00e1si ig\u00e9nyek, illetve a megl\u00e9v\u0151 szakember-\u00e1llom\u00e1ny migr\u00e1ci\u00f3ja fontos dimenzi\u00f3k, melyek megold\u00e1sa kulcsfontoss\u00e1g\u00fa az ell\u00e1t\u00f3rendszer megfelel\u0151 m\u0171k\u00f6d\u00e9s\u00e9nek el\u00e9r\u00e9s\u00e9hez. A Semmelweis Egyetem Eg\u00e9szs\u00e9g\u00fcgyi Menedzserk\u00e9pz\u0151 K\u00f6zpontja kiemelt kutat\u00e1si ter\u00fcletk\u00e9nt kezeli az eg\u00e9szs\u00e9g\u00fcgyi &hellip;<\/p>\n","protected":false},"author":101539,"featured_media":0,"parent":14703,"menu_order":1,"comment_status":"closed","ping_status":"closed","template":"","meta":{"_acf_changed":false,"footnotes":""},"categories":[],"tags":[],"class_list":["post-13900","page","type-page","status-publish","hentry"],"acf":[],"_links":{"self":[{"href":"https:\/\/semmelweis.hu\/emk\/wp-json\/wp\/v2\/pages\/13900","targetHints":{"allow":["GET"]}}],"collection":[{"href":"https:\/\/semmelweis.hu\/emk\/wp-json\/wp\/v2\/pages"}],"about":[{"href":"https:\/\/semmelweis.hu\/emk\/wp-json\/wp\/v2\/types\/page"}],"author":[{"embeddable":true,"href":"https:\/\/semmelweis.hu\/emk\/wp-json\/wp\/v2\/users\/101539"}],"replies":[{"embeddable":true,"href":"https:\/\/semmelweis.hu\/emk\/wp-json\/wp\/v2\/comments?post=13900"}],"version-history":[{"count":10,"href":"https:\/\/semmelweis.hu\/emk\/wp-json\/wp\/v2\/pages\/13900\/revisions"}],"predecessor-version":[{"id":23647,"href":"https:\/\/semmelweis.hu\/emk\/wp-json\/wp\/v2\/pages\/13900\/revisions\/23647"}],"up":[{"embeddable":true,"href":"https:\/\/semmelweis.hu\/emk\/wp-json\/wp\/v2\/pages\/14703"}],"wp:attachment":[{"href":"https:\/\/semmelweis.hu\/emk\/wp-json\/wp\/v2\/media?parent=13900"}],"wp:term":[{"taxonomy":"category","embeddable":true,"href":"https:\/\/semmelweis.hu\/emk\/wp-json\/wp\/v2\/categories?post=13900"},{"taxonomy":"post_tag","embeddable":true,"href":"https:\/\/semmelweis.hu\/emk\/wp-json\/wp\/v2\/tags?post=13900"}],"curies":[{"name":"wp","href":"https:\/\/api.w.org\/{rel}","templated":true}]}}