{"id":13849,"date":"2019-04-03T10:16:19","date_gmt":"2019-04-03T08:16:19","guid":{"rendered":"http:\/\/semmelweis.hu\/emk\/?page_id=13849"},"modified":"2025-06-13T14:12:03","modified_gmt":"2025-06-13T12:12:03","slug":"jasehn-joint-action-to-support-the-ehealth-network","status":"publish","type":"page","link":"https:\/\/semmelweis.hu\/emk\/szakertoi-tevekenyseg-projektek\/lezart-projektek\/jasehn-joint-action-to-support-the-ehealth-network\/","title":{"rendered":"JAseHN"},"content":{"rendered":"<p style=\"text-align: justify\"><strong>JAseHN \u2013 Joint Action to support the eHealth Network<\/strong><\/p>\n<p style=\"text-align: justify\">3. Health Programme (2014-2020) JOINT ACTION (HP-JA-2015)<\/p>\n<p style=\"text-align: justify\">2015.04.01. \u2013 2018.03.30.<\/p>\n<p style=\"text-align: justify\"><strong>Projekt tartalma, c\u00e9lja<\/strong><\/p>\n<p style=\"text-align: justify\">Az EU tag\u00e1llamainak \u00e1ltal\u00e1nos t\u00f6rekv\u00e9se, hogy a nemzeti \u00e9s uni\u00f3s szint\u0171 eg\u00e9szs\u00e9gpolitika alak\u00edt\u00e1s\u00e1ban mind er\u0151teljesebb szerepet kapjon az e-eg\u00e9szs\u00e9g\u00fcgyi (eHealth) szeml\u00e9let. Az eHealth alap\u00fa uni\u00f3s egy\u00fcttm\u0171k\u00f6d\u00e9sek sor\u00e1n k\u00f6zponti szempont, hogy a tag\u00e1llami szinten keletkezett eg\u00e9szs\u00e9g\u00fcgyi adatok a bels\u0151 hat\u00e1rokon t\u00fal is el\u00e9rhet\u0151v\u00e9 v\u00e1ljanak, el\u0151seg\u00edtve ezzel a hat\u00e9kony gy\u00f3gy\u00edt\u00e1s folyamat\u00e1t. Mindemellett a tag\u00e1llamok nagy hangs\u00falyt fektetnek az eHealth szervezeti, technikai, szemantikai \u00e9s jogi lehet\u0151s\u00e9geinek felt\u00e9rk\u00e9pez\u00e9s\u00e9re, rendszerez\u00e9s\u00e9re \u00e9s folyamatainak \u00f6sszehangol\u00e1s\u00e1ra.<\/p>\n<p style=\"text-align: justify\">Az uni\u00f3s t\u00f6rekv\u00e9sek hat\u00e1s\u00e1ra 2011-ben a 2011\/24\/EU ir\u00e1nyelv alapj\u00e1n l\u00e9trej\u00f6tt az \u00fagynevezett eHealth H\u00e1l\u00f3zat (eHealth Network \u2013 EHN), melynek c\u00e9lja egy olyan k\u00f6z\u00f6sen lefektetett eHealth mechanizmus l\u00e9trej\u00f6tte volt, amely lehet\u0151s\u00e9get teremt a halad\u00e1s biztos\u00edt\u00e1s\u00e1ra, valamint az ir\u00e1ny\u00edt\u00e1si, strat\u00e9giai \u00e9s operat\u00edv szintek k\u00f6z\u00f6tti h\u00faz\u00f3d\u00f3 r\u00e9sek \u00e1thidal\u00e1s\u00e1ra.<\/p>\n<p style=\"text-align: justify\">A JAseHN projekt (Joint Action to support the eHealth Network) az EHN olyan f\u0151 szerve, amely a m\u0171k\u00f6d\u00e9se sor\u00e1n politikai aj\u00e1nl\u00e1sokat \u00e9s egy\u00fcttm\u0171k\u00f6d\u00e9si eszk\u00f6z\u00f6ket k\u00e9sz\u00edt el\u0151 az al\u00e1bbi n\u00e9gy priorit\u00e1si ter\u00fcleten:<\/p>\n<ul style=\"text-align: justify\">\n<li>interoperabilit\u00e1s \u00e9s szabv\u00e1nyos\u00edt\u00e1s<\/li>\n<li>monitoring \u00e9s v\u00e9grehajt\u00e1s \u00e9rt\u00e9kel\u00e9s<\/li>\n<li>tud\u00e1stranszfer<\/li>\n<li>glob\u00e1lis egy\u00fcttm\u0171k\u00f6d\u00e9s \u00e9s poz\u00edcion\u00e1l\u00e1s.<\/li>\n<\/ul>\n<p style=\"text-align: justify\">A JAseHN projekt munkacsomagjait \u00fagy defini\u00e1lt\u00e1k a r\u00e9sztvev\u0151 konzorciumi tagok, hogy azok k\u00e9pesek legyenek v\u00e1laszolni a n\u00e9gy kiemelt ter\u00fclethez kapcsol\u00f3d\u00f3 ig\u00e9nyekre, \u00e9s ez\u00e1ltal jav\u00edtani tudj\u00e1k az eur\u00f3pai polg\u00e1rok r\u00e9sz\u00e9re biztos\u00edtott eg\u00e9szs\u00e9g\u00fcgyi ell\u00e1t\u00e1s folyamatoss\u00e1g\u00e1t, biztons\u00e1g\u00e1t \u00e9s hat\u00e9konys\u00e1g\u00e1t, azaz v\u00e9gs\u0151 soron emelj\u00e9k az ell\u00e1t\u00e1s min\u0151s\u00e9g\u00e9t.<\/p>\n<p style=\"text-align: center\"><a class=\"btn btn-secondary\" href=\"http:\/\/jasehn.eu\/\" target=\"_blank\" rel=\"noopener\">A projekt honlapja<\/a><\/p>\n<p style=\"text-align: justify\"><strong>Projekt szerepl\u0151k<\/strong><\/p>\n<p style=\"text-align: justify\"><strong>Konzorciumvezet\u0151:<\/strong> Federal Ministry of Health, Austria (ATNA)<\/p>\n<p style=\"text-align: justify\"><strong>EMK szerepv\u00e1llal\u00e1sa:<\/strong> konzorciumi tag<\/p>\n<p style=\"text-align: justify\"><strong>Tov\u00e1bbi konzorciumi tagok\/partnerek:<\/strong><\/p>\n<ul style=\"text-align: justify\">\n<li>Gesundheit \u00d6sterreich GmbH (Austria) \u2013 G\u00d6G<\/li>\n<li>Federal Public Service, Health, Food Chain Safety and Environment (Belgium) \u2013 BHTC<\/li>\n<li>Bulgarian Executive Agency for Transplantation (Bulgaria) \u2013 BEAT<\/li>\n<li>Croatian Health Insurance Fund (Croatia) \u2013 HZZO<\/li>\n<li>National Institute for Health and Welfare (Finland) \u2013 THL<\/li>\n<li>Minist\u00e9re des Affaires Sociales et de la Sant\u00e9 (France) \u2013 FRNA<\/li>\n<li>Agence des Syst\u00e9mes d\u2019Information Partag\u00e9s de Sant\u00e9 (Frnace) \u2013 ASIP<\/li>\n<li>Geamtic Gesellschaft f\u00fcr Telematikanwendungen der Gesundheitskarte mbH (Germany) \u2013 GEMATIK<\/li>\n<li>Third (3rd) Hellenic Region (Greece) \u2013 3DHHR<\/li>\n<li>National Healthcare Service Center (Hungary) \u2013 AEEK<\/li>\n<li>Semmelweis University (Hungary) \u2013 SE<\/li>\n<li>Department of Health (Ireland) \u2013 DH<\/li>\n<li>Ministry of Health (Italy) \u2013 MoH IT<\/li>\n<li>National Health Service (Latvia) \u2013 NVD<\/li>\n<li>Vilnius University Hospital Santariskiu Klinikos (Lithuania) \u2013 VULSK<\/li>\n<li>National Health Insurance Fund under the Ministry of Health (Lithuania) \u2013 VLK<\/li>\n<li>Agence eSant\u00e9 (Luxembourgh) \u2013 AeS<\/li>\n<li>Ministry of Health \u2013 Goverment of Malta (Malta) \u2013 MFH<\/li>\n<li>Stichting Nationaal ICT Insituut in de Zorg (The Netherlands) \u2013 Nictiz<\/li>\n<li>The Norwegian Directorate of Helath (Norway) \u2013 HDIR<\/li>\n<li>Servicos Partihados do Minist\u00e9rio da Sa\u00fade, EPE (Prtugal) \u2013 SPMS<\/li>\n<li>Babes.Bolyai University (Romania) \u2013 BBU<\/li>\n<li>Swedish eHealth Agency (Sweden) \u2013 SEHA<\/li>\n<li>NHS Health and Social Care Information Centre (UK) \u2013 NHS IC<\/li>\n<\/ul>\n<p style=\"text-align: justify\"><strong>EMK kontakt<\/strong><\/p>\n<p style=\"text-align: justify\">N\u00e9v: T\u00e1losi Adrienn (projektasszisztens)<br \/>\nTelefon: +36 20 666 38 46<br \/>\nE-mail: <a>talosi.adrienn@emk.sote.hu<\/a><\/p>\n","protected":false},"excerpt":{"rendered":"<p>JAseHN \u2013 Joint Action to support the eHealth Network 3. Health Programme (2014-2020) JOINT ACTION (HP-JA-2015) 2015.04.01. \u2013 2018.03.30. Projekt tartalma, c\u00e9lja Az EU tag\u00e1llamainak \u00e1ltal\u00e1nos t\u00f6rekv\u00e9se, hogy a nemzeti \u00e9s uni\u00f3s szint\u0171 eg\u00e9szs\u00e9gpolitika alak\u00edt\u00e1s\u00e1ban mind er\u0151teljesebb szerepet kapjon az e-eg\u00e9szs\u00e9g\u00fcgyi (eHealth) szeml\u00e9let. Az eHealth alap\u00fa uni\u00f3s egy\u00fcttm\u0171k\u00f6d\u00e9sek sor\u00e1n k\u00f6zponti szempont, hogy a tag\u00e1llami szinten &hellip;<\/p>\n","protected":false},"author":101539,"featured_media":0,"parent":15855,"menu_order":18,"comment_status":"closed","ping_status":"closed","template":"","meta":{"_acf_changed":false,"footnotes":""},"categories":[],"tags":[843],"class_list":["post-13849","page","type-page","status-publish","hentry","tag-jasehn"],"acf":[],"_links":{"self":[{"href":"https:\/\/semmelweis.hu\/emk\/wp-json\/wp\/v2\/pages\/13849","targetHints":{"allow":["GET"]}}],"collection":[{"href":"https:\/\/semmelweis.hu\/emk\/wp-json\/wp\/v2\/pages"}],"about":[{"href":"https:\/\/semmelweis.hu\/emk\/wp-json\/wp\/v2\/types\/page"}],"author":[{"embeddable":true,"href":"https:\/\/semmelweis.hu\/emk\/wp-json\/wp\/v2\/users\/101539"}],"replies":[{"embeddable":true,"href":"https:\/\/semmelweis.hu\/emk\/wp-json\/wp\/v2\/comments?post=13849"}],"version-history":[{"count":5,"href":"https:\/\/semmelweis.hu\/emk\/wp-json\/wp\/v2\/pages\/13849\/revisions"}],"predecessor-version":[{"id":25327,"href":"https:\/\/semmelweis.hu\/emk\/wp-json\/wp\/v2\/pages\/13849\/revisions\/25327"}],"up":[{"embeddable":true,"href":"https:\/\/semmelweis.hu\/emk\/wp-json\/wp\/v2\/pages\/15855"}],"wp:attachment":[{"href":"https:\/\/semmelweis.hu\/emk\/wp-json\/wp\/v2\/media?parent=13849"}],"wp:term":[{"taxonomy":"category","embeddable":true,"href":"https:\/\/semmelweis.hu\/emk\/wp-json\/wp\/v2\/categories?post=13849"},{"taxonomy":"post_tag","embeddable":true,"href":"https:\/\/semmelweis.hu\/emk\/wp-json\/wp\/v2\/tags?post=13849"}],"curies":[{"name":"wp","href":"https:\/\/api.w.org\/{rel}","templated":true}]}}

<p style="text-align: justify"><strong>JAseHN – Joint Action to support the eHealth Network</strong></p>
<p style="text-align: justify">3. Health Programme (2014-2020) JOINT ACTION (HP-JA-2015)</p>
<p style="text-align: justify">2015.04.01. – 2018.03.30.</p>
<p style="text-align: justify"><strong>Projekt tartalma, célja</strong></p>
<p style="text-align: justify">Az EU tagállamainak általános törekvése, hogy a nemzeti és uniós szintű egészségpolitika alakításában mind erőteljesebb szerepet kapjon az e-egészségügyi (eHealth) szemlélet. Az eHealth alapú uniós együttműködések során központi szempont, hogy a tagállami szinten keletkezett egészségügyi adatok a belső határokon túl is elérhetővé váljanak, elősegítve ezzel a hatékony gyógyítás folyamatát. Mindemellett a tagállamok nagy hangsúlyt fektetnek az eHealth szervezeti, technikai, szemantikai és jogi lehetőségeinek feltérképezésére, rendszerezésére és folyamatainak összehangolására.</p>
<p style="text-align: justify">Az uniós törekvések hatására 2011-ben a 2011/24/EU irányelv alapján létrejött az úgynevezett eHealth Hálózat (eHealth Network – EHN), melynek célja egy olyan közösen lefektetett eHealth mechanizmus létrejötte volt, amely lehetőséget teremt a haladás biztosítására, valamint az irányítási, stratégiai és operatív szintek közötti húzódó rések áthidalására.</p>
<p style="text-align: justify">A JAseHN projekt (Joint Action to support the eHealth Network) az EHN olyan fő szerve, amely a működése során politikai ajánlásokat és együttműködési eszközöket készít elő az alábbi négy prioritási területen:</p>
<ul style="text-align: justify">
<li>interoperabilitás és szabványosítás</li>
<li>monitoring és végrehajtás értékelés</li>
<li>tudástranszfer</li>
<li>globális együttműködés és pozícionálás.</li>
</ul>
<p style="text-align: justify">A JAseHN projekt munkacsomagjait úgy definiálták a résztvevő konzorciumi tagok, hogy azok képesek legyenek válaszolni a négy kiemelt területhez kapcsolódó igényekre, és ezáltal javítani tudják az európai polgárok részére biztosított egészségügyi ellátás folyamatosságát, biztonságát és hatékonyságát, azaz végső soron emeljék az ellátás minőségét.</p>
<p style="text-align: center"><a class="btn btn-secondary" href="http://jasehn.eu/" target="_blank" rel="noopener">A projekt honlapja</a></p>
<p style="text-align: justify"><strong>Projekt szereplők</strong></p>
<p style="text-align: justify"><strong>Konzorciumvezető:</strong> Federal Ministry of Health, Austria (ATNA)</p>
<p style="text-align: justify"><strong>EMK szerepvállalása:</strong> konzorciumi tag</p>
<p style="text-align: justify"><strong>További konzorciumi tagok/partnerek:</strong></p>
<ul style="text-align: justify">
<li>Gesundheit Österreich GmbH (Austria) – GÖG</li>
<li>Federal Public Service, Health, Food Chain Safety and Environment (Belgium) – BHTC</li>
<li>Bulgarian Executive Agency for Transplantation (Bulgaria) – BEAT</li>
<li>Croatian Health Insurance Fund (Croatia) – HZZO</li>
<li>National Institute for Health and Welfare (Finland) – THL</li>
<li>Ministére des Affaires Sociales et de la Santé (France) – FRNA</li>
<li>Agence des Systémes d’Information Partagés de Santé (Frnace) – ASIP</li>
<li>Geamtic Gesellschaft für Telematikanwendungen der Gesundheitskarte mbH (Germany) – GEMATIK</li>
<li>Third (3rd) Hellenic Region (Greece) – 3DHHR</li>
<li>National Healthcare Service Center (Hungary) – AEEK</li>
<li>Semmelweis University (Hungary) – SE</li>
<li>Department of Health (Ireland) – DH</li>
<li>Ministry of Health (Italy) – MoH IT</li>
<li>National Health Service (Latvia) – NVD</li>
<li>Vilnius University Hospital Santariskiu Klinikos (Lithuania) – VULSK</li>
<li>National Health Insurance Fund under the Ministry of Health (Lithuania) – VLK</li>
<li>Agence eSanté (Luxembourgh) – AeS</li>
<li>Ministry of Health – Goverment of Malta (Malta) – MFH</li>
<li>Stichting Nationaal ICT Insituut in de Zorg (The Netherlands) – Nictiz</li>
<li>The Norwegian Directorate of Helath (Norway) – HDIR</li>
<li>Servicos Partihados do Ministério da Saúde, EPE (Prtugal) – SPMS</li>
<li>Babes.Bolyai University (Romania) – BBU</li>
<li>Swedish eHealth Agency (Sweden) – SEHA</li>
<li>NHS Health and Social Care Information Centre (UK) – NHS IC</li>
</ul>
<p style="text-align: justify"><strong>EMK kontakt</strong></p>
<p style="text-align: justify">Név: Tálosi Adrienn (projektasszisztens)<br />
Telefon: +36 20 666 38 46<br />
E-mail: <a>talosi.adrienn@emk.sote.hu</a></p>

<p>JAseHN – Joint Action to support the eHealth Network 3. Health Programme (2014-2020) JOINT ACTION (HP-JA-2015) 2015.04.01. – 2018.03.30. Projekt tartalma, célja Az EU tagállamainak általános törekvése, hogy a nemzeti és uniós szintű egészségpolitika alakításában mind erőteljesebb szerepet kapjon az e-egészségügyi (eHealth) szemlélet. Az eHealth alapú uniós együttműködések során központi szempont, hogy a tagállami szinten &hellip;</p>
