{"id":13832,"date":"2019-04-03T10:16:19","date_gmt":"2019-04-03T08:16:19","guid":{"rendered":"http:\/\/semmelweis.hu\/emk\/?page_id=13832"},"modified":"2025-06-13T13:45:31","modified_gmt":"2025-06-13T11:45:31","slug":"helium-health-innovation-experimental-landscape-through-policy-improvement","status":"publish","type":"page","link":"https:\/\/semmelweis.hu\/emk\/szakertoi-tevekenyseg-projektek\/lezart-projektek\/helium-health-innovation-experimental-landscape-through-policy-improvement\/","title":{"rendered":"HELIUM"},"content":{"rendered":"<p>PGI01462<\/p>\n<p>2016.04.01. \u2013 2020.09.30.<\/p>\n<p><strong>Projekt tartalma, c\u00e9lja<\/strong><\/p>\n<p>Az INTERREG Europe Program \u00f6t eur\u00f3pai r\u00e9gi\u00f3 (Magyarorsz\u00e1g mellett Eindhoven, Antwerpen, Liverpool \u00e9s Porto t\u00e9rs\u00e9ge) \u00f6sszefog\u00e1s\u00e1val val\u00f3sul meg. C\u00e9lja a r\u00e9gi\u00f3k k\u00f6z\u00f6tti tapasztalatcsere, szakpolitikai tanul\u00e1s \u00e9s j\u00f3 gyakorlatok megoszt\u00e1sa az eg\u00e9szs\u00e9g\u00fcgyi innov\u00e1ci\u00f3hoz kapcsol\u00f3d\u00f3an, abb\u00f3l a c\u00e9lb\u00f3l, hogy a fejleszt\u00e9si politik\u00e1k \u00e9s programok (k\u00fcl\u00f6n\u00f6sk\u00e9ppen a Struktur\u00e1lis Alapokb\u00f3l finansz\u00edrozott Operat\u00edv Programok) v\u00e9grehajt\u00e1sa hat\u00e9konyabb\u00e1 v\u00e1ljon.<\/p>\n<p>A r\u00e9sztvev\u0151k a projekt eredm\u00e9nyek\u00e9nt szakpolitikai aj\u00e1nl\u00e1sokat \u00e9s cselekv\u00e9si terveket fogalmaznak meg arra vonatkoz\u00f3an, hogy fejleszt\u00e9spolitikai eszk\u00f6z\u00f6kkel mik\u00e9nt seg\u00edthet\u0151 el\u0151 a m\u00e1s r\u00e9gi\u00f3kban j\u00f3l m\u0171k\u00f6d\u0151 innov\u00e1ci\u00f3s mechanizmusok (k\u00fcl\u00f6n\u00f6sen ny\u00edlt innov\u00e1ci\u00f3s \u00e9s \u201cliving lab\u201d alap\u00fa m\u00f3dszerek) \u00e9s finansz\u00edroz\u00e1si modellek adapt\u00e1ci\u00f3ja \u00e9s azok r\u00e9gi\u00f3k k\u00f6z\u00f6tti \u00f6sszekapcsol\u00e1sa.<\/p>\n<p style=\"text-align: center\"><a class=\"btn btn-secondary\" href=\"http:\/\/www.interregeurope.eu\/helium\/\" target=\"_blank\" rel=\"noopener\">A projekt honlapja<\/a><\/p>\n<p><strong>Projekt szerepl\u0151k<\/strong><\/p>\n<p>Konzorciumvezet\u0151: Brainport Development N.V. (NL)<\/p>\n<p><strong>EMK szerepv\u00e1llal\u00e1sa:<\/strong> konzorciumi tag<\/p>\n<p><strong>Tov\u00e1bbi konzorciumi tagok\/partnerek:<\/strong><\/p>\n<ul>\n<li>Thomas More Kempen VZW (BE)<\/li>\n<li>City of Eindhoven (NL)<\/li>\n<li>Liverpool John Moores University (UK)<\/li>\n<li>Liverpool City Region Local Enterprise Partnership (UK)<\/li>\n<li>Semmelweis Egyetem Eg\u00e9szs\u00e9g\u00fcgyi Menedzserk\u00e9pz\u0151 K\u00f6zpont (EMK)<\/li>\n<li>\u00c1llami Eg\u00e9szs\u00e9g\u00fcgyi Ell\u00e1t\u00f3 K\u00f6zpont (\u00c1EEK)<\/li>\n<li>University of Porto (PT)<\/li>\n<li>Portuguese National Innovation Agency (PT)<\/li>\n<\/ul>\n<p><strong>EMK kontakt<\/strong><\/p>\n<p>N\u00e9v: Kis M\u00e1rton<br \/>\nTelefon: 06\/1-488-7635<br \/>\nE-mail: kis.marton@emk.sote.hu<\/p>\n","protected":false},"excerpt":{"rendered":"<p>PGI01462 2016.04.01. \u2013 2020.09.30. Projekt tartalma, c\u00e9lja Az INTERREG Europe Program \u00f6t eur\u00f3pai r\u00e9gi\u00f3 (Magyarorsz\u00e1g mellett Eindhoven, Antwerpen, Liverpool \u00e9s Porto t\u00e9rs\u00e9ge) \u00f6sszefog\u00e1s\u00e1val val\u00f3sul meg. C\u00e9lja a r\u00e9gi\u00f3k k\u00f6z\u00f6tti tapasztalatcsere, szakpolitikai tanul\u00e1s \u00e9s j\u00f3 gyakorlatok megoszt\u00e1sa az eg\u00e9szs\u00e9g\u00fcgyi innov\u00e1ci\u00f3hoz kapcsol\u00f3d\u00f3an, abb\u00f3l a c\u00e9lb\u00f3l, hogy a fejleszt\u00e9si politik\u00e1k \u00e9s programok (k\u00fcl\u00f6n\u00f6sk\u00e9ppen a Struktur\u00e1lis Alapokb\u00f3l finansz\u00edrozott Operat\u00edv &hellip;<\/p>\n","protected":false},"author":101539,"featured_media":0,"parent":15855,"menu_order":14,"comment_status":"closed","ping_status":"closed","template":"","meta":{"_acf_changed":false,"footnotes":""},"categories":[],"tags":[835],"class_list":["post-13832","page","type-page","status-publish","hentry","tag-helium"],"acf":[],"_links":{"self":[{"href":"https:\/\/semmelweis.hu\/emk\/wp-json\/wp\/v2\/pages\/13832","targetHints":{"allow":["GET"]}}],"collection":[{"href":"https:\/\/semmelweis.hu\/emk\/wp-json\/wp\/v2\/pages"}],"about":[{"href":"https:\/\/semmelweis.hu\/emk\/wp-json\/wp\/v2\/types\/page"}],"author":[{"embeddable":true,"href":"https:\/\/semmelweis.hu\/emk\/wp-json\/wp\/v2\/users\/101539"}],"replies":[{"embeddable":true,"href":"https:\/\/semmelweis.hu\/emk\/wp-json\/wp\/v2\/comments?post=13832"}],"version-history":[{"count":5,"href":"https:\/\/semmelweis.hu\/emk\/wp-json\/wp\/v2\/pages\/13832\/revisions"}],"predecessor-version":[{"id":25322,"href":"https:\/\/semmelweis.hu\/emk\/wp-json\/wp\/v2\/pages\/13832\/revisions\/25322"}],"up":[{"embeddable":true,"href":"https:\/\/semmelweis.hu\/emk\/wp-json\/wp\/v2\/pages\/15855"}],"wp:attachment":[{"href":"https:\/\/semmelweis.hu\/emk\/wp-json\/wp\/v2\/media?parent=13832"}],"wp:term":[{"taxonomy":"category","embeddable":true,"href":"https:\/\/semmelweis.hu\/emk\/wp-json\/wp\/v2\/categories?post=13832"},{"taxonomy":"post_tag","embeddable":true,"href":"https:\/\/semmelweis.hu\/emk\/wp-json\/wp\/v2\/tags?post=13832"}],"curies":[{"name":"wp","href":"https:\/\/api.w.org\/{rel}","templated":true}]}}