{"id":13830,"date":"2019-04-03T10:16:20","date_gmt":"2019-04-03T08:16:20","guid":{"rendered":"http:\/\/semmelweis.hu\/emk\/?page_id=13830"},"modified":"2025-06-05T14:05:28","modified_gmt":"2025-06-05T12:05:28","slug":"3-europai-egyuttmukodes-az-egeszsegugyi-technologia-ertekeles-teren","status":"publish","type":"page","link":"https:\/\/semmelweis.hu\/emk\/szakertoi-tevekenyseg-projektek\/lezart-projektek\/3-europai-egyuttmukodes-az-egeszsegugyi-technologia-ertekeles-teren\/","title":{"rendered":"3. Eur\u00f3pai egy\u00fcttm\u0171k\u00f6d\u00e9s az eg\u00e9szs\u00e9g\u00fcgyi technol\u00f3gia-\u00e9rt\u00e9kel\u00e9s ter\u00e9n"},"content":{"rendered":"<p style=\"text-align: justify\">JA-01-2015 EUnetHTA Joint Action 3<\/p>\n<p style=\"text-align: justify\">2016.06.01. \u2013 2020.05.31.<\/p>\n<p style=\"text-align: justify\"><strong>Projekt tartalma, c\u00e9lja<\/strong><\/p>\n<p style=\"text-align: justify\">Az eg\u00e9szs\u00e9g\u00fcgyi technol\u00f3gia-\u00e9rt\u00e9kel\u00e9ssel kor\u00e1bban m\u00e1r k\u00e9t uni\u00f3s egy\u00fcttes fell\u00e9p\u00e9s foglalkozott, az EUNetHTA Joint Action 1 (2010-2012) \u00e9s az EUNetHTA Joint Action 2 (2012-2015). Az EU Eg\u00e9szs\u00e9g\u00fcgyi Program (Health Programme) 2015. \u00e9vi munkaterve alapj\u00e1n 2016-ban elindult az EUNetHTA 3, amely n\u00e9gy \u00e9vig fog tartani. Magyarorsz\u00e1gr\u00f3l az EMMI k\u00e9t int\u00e9zm\u00e9nyt jel\u00f6lt az egy\u00fcttes fell\u00e9p\u00e9sben val\u00f3 r\u00e9szv\u00e9telre, a Semmelweis Egyetemet \u00e9s az OGY\u00c9I-t. A jelenleg az OGY\u00c9I szervezeti egys\u00e9gek\u00e9nt m\u0171k\u00f6d\u0151 Technol\u00f3gia-\u00e9rt\u00e9kel\u00e9si Iroda (T\u00c9I) az els\u0151 kett\u0151 EUNetHTA egy\u00fcttes fell\u00e9p\u00e9sekben is r\u00e9szt vett. A Semmelweis Egyetem most el\u0151sz\u00f6r kapcsol\u00f3dik be az EUNetHTA munk\u00e1j\u00e1ba.<\/p>\n<p style=\"text-align: justify\">Az EUNetHTA 3 \u00e1ltal\u00e1nos c\u00e9lkit\u0171z\u00e9se az eg\u00e9szs\u00e9g\u00fcgyi technol\u00f3gia-\u00e9rt\u00e9kel\u00e9s (HTA) felhaszn\u00e1l\u00e1s\u00e1nak, min\u0151s\u00e9g\u00e9nek \u00e9s hat\u00e9konys\u00e1g\u00e1nak n\u00f6vel\u00e9se eur\u00f3pai szinten. A HTA eur\u00f3pai fejleszt\u00e9s\u00e9re az\u00e9rt van sz\u00fcks\u00e9g, hogy az hozz\u00e1j\u00e1rulhasson az eg\u00e9szs\u00e9g\u00fcgyi ell\u00e1t\u00e1sban \u00e9s az eg\u00e9szs\u00e9g\u00fcgyi technol\u00f3gi\u00e1ban a bizony\u00edt\u00e9kon alapul\u00f3, fenntarthat\u00f3 \u00e9s m\u00e9lt\u00e1nyos d\u00f6nt\u00e9sek meghozatal\u00e1hoz, valamint seg\u00edtse a nemzeti \u00e9s region\u00e1lis szint\u0171 HTA jelent\u00e9sek elk\u00e9sz\u00edt\u00e9s\u00e9t \u00e9s m\u00e1s tev\u00e9kenys\u00e9geket, mindenekel\u0151tt a p\u00e1rhuzamoss\u00e1gok megel\u0151z\u00e9se r\u00e9v\u00e9n. Az EUNetHTA 3 specifikus c\u00e9lja a fenti \u00e1ltal\u00e1nos c\u00e9lkit\u0171z\u00e9sek megval\u00f3s\u00edt\u00e1sa \u00e9rdek\u00e9ben egy fenntarthat\u00f3 eur\u00f3pai HTA H\u00e1l\u00f3zat l\u00e9trehoz\u00e1sa, amely az egy\u00fcttes fell\u00e9p\u00e9s befejez\u00e9se, 2020 ut\u00e1n fenntarthat\u00f3 m\u00f3don tud majd tov\u00e1bb m\u0171k\u00f6dni.<\/p>\n<p style=\"text-align: justify\">Az EUNetHTA JA3 keret\u00e9ben az al\u00e1bbi munkar\u00e9szek (Work Package) fognak m\u0171k\u00f6dni:<\/p>\n<ul style=\"text-align: justify\">\n<li>WP1 Koordin\u00e1ci\u00f3 (vezet\u0151: ZIN, Hollandia)<\/li>\n<li>WP2 Disszemin\u00e1ci\u00f3 (ISCIII, Spanyolorsz\u00e1g)<\/li>\n<li>WP3 \u00c9rt\u00e9kel\u00e9s (TLV, Sv\u00e9dorsz\u00e1g)<\/li>\n<li>WP4 K\u00f6z\u00f6s el\u0151\u00e1ll\u00edt\u00e1s (NIPH, Norv\u00e9gia)<\/li>\n<li>WP5 tudom\u00e1nyos bizony\u00edt\u00e9kok el\u0151\u00e1ll\u00edt\u00e1sa \u00e9s ir\u00e1nymutat\u00e1s (HAS, Franciaorsz\u00e1g)<\/li>\n<li>WP6 Min\u0151s\u00e9gmenedzsment (IQWIG, N\u00e9metorsz\u00e1g)<\/li>\n<li>WP7 Nemzeti v\u00e9grehajt\u00e1s \u00e9s hat\u00e1s (NICE, UK)<\/li>\n<\/ul>\n<p style=\"text-align: justify\">A Semmelweis Egyetem a WP2, WP4, WP6, WP7 munkacsomagokban v\u00e1llalt feladatokat.<\/p>\n<p><a class=\"btn btn-secondary\" href=\"http:\/\/www.eunethta.eu\/\" target=\"_blank\" rel=\"noopener\">A projekt honlapja<\/a><\/p>\n<p style=\"text-align: justify\"><strong>Projekt szerepl\u0151k<\/strong><\/p>\n<p style=\"text-align: justify\">Konzorciumvezet\u0151: C\/O National Health Care Institute (ZIN)<\/p>\n<p style=\"text-align: justify\">EMK szerepv\u00e1llal\u00e1sa: konzorciumi tag<\/p>\n<p><a class=\"btn btn-secondary\" href=\"http:\/\/eunethta.eu\/contactus\/all\/356\/all\" target=\"_blank\" rel=\"noopener\">Tov\u00e1bbi konzorciumi tagok\/partnerek<\/a><\/p>\n<p style=\"text-align: justify\"><strong>EMK kontakt<\/strong><\/p>\n<p style=\"text-align: justify\">N\u00e9v: Szegner P\u00e9ter<br \/>\nTelefon: +36 1 488 7609<br \/>\nE-mail: <a href=\"mailto:szegner@emk.sote.hu\">szegner@emk.sote.hu<\/a>\u00a0<\/p>\n","protected":false},"excerpt":{"rendered":"<p>JA-01-2015 EUnetHTA Joint Action 3 2016.06.01. \u2013 2020.05.31. Projekt tartalma, c\u00e9lja Az eg\u00e9szs\u00e9g\u00fcgyi technol\u00f3gia-\u00e9rt\u00e9kel\u00e9ssel kor\u00e1bban m\u00e1r k\u00e9t uni\u00f3s egy\u00fcttes fell\u00e9p\u00e9s foglalkozott, az EUNetHTA Joint Action 1 (2010-2012) \u00e9s az EUNetHTA Joint Action 2 (2012-2015). Az EU Eg\u00e9szs\u00e9g\u00fcgyi Program (Health Programme) 2015. \u00e9vi munkaterve alapj\u00e1n 2016-ban elindult az EUNetHTA 3, amely n\u00e9gy \u00e9vig fog tartani. Magyarorsz\u00e1gr\u00f3l &hellip;<\/p>\n","protected":false},"author":101539,"featured_media":0,"parent":15855,"menu_order":0,"comment_status":"closed","ping_status":"closed","template":"","meta":{"_acf_changed":false,"footnotes":""},"categories":[],"tags":[795],"class_list":["post-13830","page","type-page","status-publish","hentry","tag-eunethta"],"acf":[],"_links":{"self":[{"href":"https:\/\/semmelweis.hu\/emk\/wp-json\/wp\/v2\/pages\/13830","targetHints":{"allow":["GET"]}}],"collection":[{"href":"https:\/\/semmelweis.hu\/emk\/wp-json\/wp\/v2\/pages"}],"about":[{"href":"https:\/\/semmelweis.hu\/emk\/wp-json\/wp\/v2\/types\/page"}],"author":[{"embeddable":true,"href":"https:\/\/semmelweis.hu\/emk\/wp-json\/wp\/v2\/users\/101539"}],"replies":[{"embeddable":true,"href":"https:\/\/semmelweis.hu\/emk\/wp-json\/wp\/v2\/comments?post=13830"}],"version-history":[{"count":6,"href":"https:\/\/semmelweis.hu\/emk\/wp-json\/wp\/v2\/pages\/13830\/revisions"}],"predecessor-version":[{"id":25242,"href":"https:\/\/semmelweis.hu\/emk\/wp-json\/wp\/v2\/pages\/13830\/revisions\/25242"}],"up":[{"embeddable":true,"href":"https:\/\/semmelweis.hu\/emk\/wp-json\/wp\/v2\/pages\/15855"}],"wp:attachment":[{"href":"https:\/\/semmelweis.hu\/emk\/wp-json\/wp\/v2\/media?parent=13830"}],"wp:term":[{"taxonomy":"category","embeddable":true,"href":"https:\/\/semmelweis.hu\/emk\/wp-json\/wp\/v2\/categories?post=13830"},{"taxonomy":"post_tag","embeddable":true,"href":"https:\/\/semmelweis.hu\/emk\/wp-json\/wp\/v2\/tags?post=13830"}],"curies":[{"name":"wp","href":"https:\/\/api.w.org\/{rel}","templated":true}]}}