{"id":209,"date":"2022-11-21T14:40:32","date_gmt":"2022-11-21T13:40:32","guid":{"rendered":"https:\/\/semmelweis.hu\/ellenorzesi-igazgatosag\/?page_id=209"},"modified":"2026-09-01T11:28:51","modified_gmt":"2026-09-01T09:28:51","slug":"iratmintak","status":"publish","type":"page","link":"https:\/\/semmelweis.hu\/ellenorzesi-igazgatosag\/iratmintak\/","title":{"rendered":"Iratmint\u00e1k"},"content":{"rendered":"<p><a href=\"https:\/\/semmelweis.hu\/ellenorzesi-igazgatosag\/files\/2026\/09\/2_sz_iratminta_Ertekelo_lap.pdf\">2. sz\u00e1m\u00fa iratminta \u2013 \u00c9rt\u00e9kel\u0151 lap<\/a><\/p>\n<p><a href=\"https:\/\/semmelweis.hu\/ellenorzesi-igazgatosag\/files\/2026\/09\/3_sz_iratminta_Kepzesi_terv.pdf\">3. sz\u00e1m\u00fa iratminta \u2212 K\u00e9pz\u00e9si terv<\/a><\/p>\n<p><a href=\"https:\/\/semmelweis.hu\/ellenorzesi-igazgatosag\/files\/2026\/09\/4_sz_iratminta_Ell_lista_eves_ellen_terv_elok_minbizt.pdf\">4. sz\u00e1m\u00fa iratminta \u2212 Ellen\u0151rz\u00e9si lista az \u00e9ves ellen\u0151rz\u00e9si terv el\u0151k\u00e9sz\u00edt\u00e9s\u00e9nek folyamatos min\u0151s\u00e9gbiztos\u00edt\u00e1s\u00e1hoz<\/a><\/p>\n<p><a href=\"https:\/\/semmelweis.hu\/ellenorzesi-igazgatosag\/files\/2026\/09\/5_sz_iratminta_Ell_lista_a_kock_foly_minbiztz.pdf\">5. sz\u00e1m\u00fa iratminta \u2212 Ellen\u0151rz\u00e9si lista a kock\u00e1zatelemz\u00e9s folyamatos min\u0151s\u00e9gbiztos\u00edt\u00e1s\u00e1hoz<\/a><\/p>\n<p><a href=\"https:\/\/semmelweis.hu\/ellenorzesi-igazgatosag\/files\/2026\/09\/6_sz_iratminta_Eves_ellenorzesi_terv.pdf\">6. sz\u00e1m\u00fa iratminta \u2212 \u00c9ves ellen\u0151rz\u00e9si terv<\/a><\/p>\n<p><a href=\"https:\/\/semmelweis.hu\/ellenorzesi-igazgatosag\/files\/2026\/09\/7_sz_iratminta_Az_eves_ellen_terv_vegrehajt_szuks_kapacitas.pdf\">7. sz\u00e1m\u00fa iratminta \u2013 Az \u00e9ves ellen\u0151rz\u00e9si terv v\u00e9grehajt\u00e1s\u00e1hoz sz\u00fcks\u00e9ges kapacit\u00e1s meghat\u00e1roz\u00e1sa<\/a><\/p>\n<p><a href=\"https:\/\/semmelweis.hu\/ellenorzesi-igazgatosag\/files\/2026\/09\/17_sz_iratminta_Ell_jel_terv_megk_jovahagyasra_kancellarnak.pdf\">17. sz\u00e1m\u00fa iratminta \u2013\u00a0Ellen\u0151rz\u00e9si jelent\u00e9s tervezet megk\u00fcld\u00e9se j\u00f3v\u00e1hagy\u00e1s c\u00e9lj\u00e1b\u00f3l a Semmelweis Egyetem kancell\u00e1rja r\u00e9sz\u00e9re (elektronikus \u00faton)<\/a><\/p>\n<p><a href=\"https:\/\/semmelweis.hu\/ellenorzesi-igazgatosag\/files\/2026\/09\/22_sz_iratminta_Intezkedesek_nyilvantartasa.pdf\">22. sz\u00e1m\u00fa iratminta \u2013 Int\u00e9zked\u00e9sek nyilv\u00e1ntart\u00e1sa<\/a><\/p>\n<p><a href=\"https:\/\/semmelweis.hu\/ellenorzesi-igazgatosag\/files\/2026\/09\/24_sz_iratminta_A_belso_ellenorzesi_fokusz.pdf\">24. sz\u00e1m\u00fa iratminta \u2013 Bels\u0151 ellen\u0151rz\u00e9si f\u00f3kusz<\/a><\/p>\n<p><a href=\"https:\/\/semmelweis.hu\/ellenorzesi-igazgatosag\/files\/2026\/09\/25_sz_iratminta_Ell_modok_alapveto_vizsg_elj_modok.pdf\">25. sz\u00e1m\u00fa mell\u00e9klet \u2013 Ellen\u0151rz\u00e9si m\u00f3dok, alapvet\u0151 vizsg\u00e1lati elj\u00e1r\u00e1si m\u00f3dok<\/a><\/p>\n<p><a href=\"https:\/\/semmelweis.hu\/ellenorzesi-igazgatosag\/files\/2026\/09\/26_sz_iratminta_Interju_kerdoiv_a_vezetes_elvarasainak_megism.pdf\">26. sz\u00e1m\u00fa mell\u00e9klet \u2013 Interj\u00fa k\u00e9rd\u0151\u00edv a vezet\u00e9s elv\u00e1r\u00e1sainak megismer\u00e9s\u00e9re<\/a><\/p>\n<p><a href=\"https:\/\/semmelweis.hu\/ellenorzesi-igazgatosag\/files\/2026\/09\/27_sz_iratminta_Kockazatok.pdf\">27. sz\u00e1m\u00fa mell\u00e9klet \u2013 Kock\u00e1zatok<\/a><\/p>\n","protected":false},"excerpt":{"rendered":"<p><a href=\"https:\/\/semmelweis.hu\/ellenorzesi-igazgatosag\/files\/2026\/09\/2_sz_iratminta_Ertekelo_lap.pdf\">2. sz\u00e1m\u00fa iratminta \u2013 \u00c9rt\u00e9kel\u0151 lap<\/a><br \/>\n<a href=\"https:\/\/semmelweis.hu\/ellenorzesi-igazgatosag\/files\/2026\/09\/3_sz_iratminta_Kepzesi_terv.pdf\">3. sz\u00e1m\u00fa iratminta \u2212 K\u00e9pz\u00e9si terv<\/a><br \/>\n<a href=\"https:\/\/semmelweis.hu\/ellenorzesi-igazgatosag\/files\/2026\/09\/4_sz_iratminta_Ell_lista_eves_ellen_terv_elok_minbizt.pdf\">4. sz\u00e1m\u00fa iratminta \u2212 Ellen\u0151rz\u00e9si lista az \u00e9ves ellen\u0151rz\u00e9si terv el\u0151k\u00e9sz\u00edt\u00e9s\u00e9nek folyamatos min\u0151s\u00e9gbiztos\u00edt\u00e1s\u00e1hoz<\/a><br \/>\n<a href=\"https:\/\/semmelweis.hu\/ellenorzesi-igazgatosag\/files\/2026\/09\/5_sz_iratminta_Ell_lista_a_kock_foly_minbiztz.pdf\">5. sz\u00e1m\u00fa iratminta \u2212 Ellen\u0151rz\u00e9si lista a kock\u00e1zatelemz\u00e9s folyamatos min\u0151s\u00e9gbiztos\u00edt\u00e1s\u00e1hoz<\/a><br \/>\n<a href=\"https:\/\/semmelweis.hu\/ellenorzesi-igazgatosag\/files\/2026\/09\/6_sz_iratminta_Eves_ellenorzesi_terv.pdf\">6. sz\u00e1m\u00fa iratminta \u2212 \u00c9ves ellen\u0151rz\u00e9si terv<\/a><br \/>\n<a href=\"https:\/\/semmelweis.hu\/ellenorzesi-igazgatosag\/files\/2026\/09\/7_sz_iratminta_Az_eves_ellen_terv_vegrehajt_szuks_kapacitas.pdf\">7. sz\u00e1m\u00fa iratminta \u2013 Az \u00e9ves ellen\u0151rz\u00e9si terv v\u00e9grehajt\u00e1s\u00e1hoz sz\u00fcks\u00e9ges kapacit\u00e1s meghat\u00e1roz\u00e1sa<\/a><br \/>\n<a href=\"https:\/\/semmelweis.hu\/ellenorzesi-igazgatosag\/files\/2026\/09\/17_sz_iratminta_Ell_jel_terv_megk_jovahagyasra_kancellarnak.pdf\">17. sz\u00e1m\u00fa iratminta \u2013\u00a0Ellen\u0151rz\u00e9si jelent\u00e9s tervezet megk\u00fcld\u00e9se j\u00f3v\u00e1hagy\u00e1s c\u00e9lj\u00e1b\u00f3l a Semmelweis Egyetem kancell\u00e1rja r\u00e9sz\u00e9re (elektronikus \u00faton)<\/a><br \/>\n<a href=\"https:\/\/semmelweis.hu\/ellenorzesi-igazgatosag\/files\/2026\/09\/22_sz_iratminta_Intezkedesek_nyilvantartasa.pdf\">22. sz\u00e1m\u00fa iratminta \u2013 Int\u00e9zked\u00e9sek nyilv\u00e1ntart\u00e1sa<\/a><br \/>\n<a href=\"https:\/\/semmelweis.hu\/ellenorzesi-igazgatosag\/files\/2026\/09\/24_sz_iratminta_A_belso_ellenorzesi_fokusz.pdf\">24. sz\u00e1m\u00fa iratminta \u2013 Bels\u0151 ellen\u0151rz\u00e9si f\u00f3kusz<\/a><br \/>\n<a href=\"https:\/\/semmelweis.hu\/ellenorzesi-igazgatosag\/files\/2026\/09\/25_sz_iratminta_Ell_modok_alapveto_vizsg_elj_modok.pdf\">25. sz\u00e1m\u00fa mell\u00e9klet \u2013 Ellen\u0151rz\u00e9si m\u00f3dok, alapvet\u0151 vizsg\u00e1lati elj\u00e1r\u00e1si m\u00f3dok<\/a><br \/>\n<a href=\"https:\/\/semmelweis.hu\/ellenorzesi-igazgatosag\/files\/2026\/09\/26_sz_iratminta_Interju_kerdoiv_a_vezetes_elvarasainak_megism.pdf\">26. sz\u00e1m\u00fa mell\u00e9klet \u2013 Interj\u00fa k\u00e9rd\u0151\u00edv a vezet\u00e9s elv\u00e1r\u00e1sainak megismer\u00e9s\u00e9re<\/a><br \/>\n<a href=\"https:\/\/semmelweis.hu\/ellenorzesi-igazgatosag\/files\/2026\/09\/27_sz_iratminta_Kockazatok.pdf\">27. sz\u00e1m\u00fa mell\u00e9klet \u2013 Kock\u00e1zatok<\/a><\/p>\n","protected":false},"author":101922,"featured_media":0,"parent":0,"menu_order":3,"comment_status":"closed","ping_status":"closed","template":"","meta":{"_acf_changed":false,"footnotes":""},"categories":[],"tags":[7],"class_list":["post-209","page","type-page","status-publish","hentry","tag-kapcsolodo-oldalak"],"acf":[],"_links":{"self":[{"href":"https:\/\/semmelweis.hu\/ellenorzesi-igazgatosag\/wp-json\/wp\/v2\/pages\/209","targetHints":{"allow":["GET"]}}],"collection":[{"href":"https:\/\/semmelweis.hu\/ellenorzesi-igazgatosag\/wp-json\/wp\/v2\/pages"}],"about":[{"href":"https:\/\/semmelweis.hu\/ellenorzesi-igazgatosag\/wp-json\/wp\/v2\/types\/page"}],"author":[{"embeddable":true,"href":"https:\/\/semmelweis.hu\/ellenorzesi-igazgatosag\/wp-json\/wp\/v2\/users\/101922"}],"replies":[{"embeddable":true,"href":"https:\/\/semmelweis.hu\/ellenorzesi-igazgatosag\/wp-json\/wp\/v2\/comments?post=209"}],"version-history":[{"count":10,"href":"https:\/\/semmelweis.hu\/ellenorzesi-igazgatosag\/wp-json\/wp\/v2\/pages\/209\/revisions"}],"predecessor-version":[{"id":497,"href":"https:\/\/semmelweis.hu\/ellenorzesi-igazgatosag\/wp-json\/wp\/v2\/pages\/209\/revisions\/497"}],"wp:attachment":[{"href":"https:\/\/semmelweis.hu\/ellenorzesi-igazgatosag\/wp-json\/wp\/v2\/media?parent=209"}],"wp:term":[{"taxonomy":"category","embeddable":true,"href":"https:\/\/semmelweis.hu\/ellenorzesi-igazgatosag\/wp-json\/wp\/v2\/categories?post=209"},{"taxonomy":"post_tag","embeddable":true,"href":"https:\/\/semmelweis.hu\/ellenorzesi-igazgatosag\/wp-json\/wp\/v2\/tags?post=209"}],"curies":[{"name":"wp","href":"https:\/\/api.w.org\/{rel}","templated":true}]}}

Iratminták

<p><a href="https://semmelweis.hu/ellenorzesi-igazgatosag/files/2026/09/2_sz_iratminta_Ertekelo_lap.pdf">2. számú iratminta – Értékelő lap</a></p>
<p><a href="https://semmelweis.hu/ellenorzesi-igazgatosag/files/2026/09/3_sz_iratminta_Kepzesi_terv.pdf">3. számú iratminta − Képzési terv</a></p>
<p><a href="https://semmelweis.hu/ellenorzesi-igazgatosag/files/2026/09/4_sz_iratminta_Ell_lista_eves_ellen_terv_elok_minbizt.pdf">4. számú iratminta − Ellenőrzési lista az éves ellenőrzési terv előkészítésének folyamatos minőségbiztosításához</a></p>
<p><a href="https://semmelweis.hu/ellenorzesi-igazgatosag/files/2026/09/5_sz_iratminta_Ell_lista_a_kock_foly_minbiztz.pdf">5. számú iratminta − Ellenőrzési lista a kockázatelemzés folyamatos minőségbiztosításához</a></p>
<p><a href="https://semmelweis.hu/ellenorzesi-igazgatosag/files/2026/09/6_sz_iratminta_Eves_ellenorzesi_terv.pdf">6. számú iratminta − Éves ellenőrzési terv</a></p>
<p><a href="https://semmelweis.hu/ellenorzesi-igazgatosag/files/2026/09/7_sz_iratminta_Az_eves_ellen_terv_vegrehajt_szuks_kapacitas.pdf">7. számú iratminta – Az éves ellenőrzési terv végrehajtásához szükséges kapacitás meghatározása</a></p>
<p><a href="https://semmelweis.hu/ellenorzesi-igazgatosag/files/2026/09/17_sz_iratminta_Ell_jel_terv_megk_jovahagyasra_kancellarnak.pdf">17. számú iratminta – Ellenőrzési jelentés tervezet megküldése jóváhagyás céljából a Semmelweis Egyetem kancellárja részére (elektronikus úton)</a></p>
<p><a href="https://semmelweis.hu/ellenorzesi-igazgatosag/files/2026/09/22_sz_iratminta_Intezkedesek_nyilvantartasa.pdf">22. számú iratminta – Intézkedések nyilvántartása</a></p>
<p><a href="https://semmelweis.hu/ellenorzesi-igazgatosag/files/2026/09/24_sz_iratminta_A_belso_ellenorzesi_fokusz.pdf">24. számú iratminta – Belső ellenőrzési fókusz</a></p>
<p><a href="https://semmelweis.hu/ellenorzesi-igazgatosag/files/2026/09/25_sz_iratminta_Ell_modok_alapveto_vizsg_elj_modok.pdf">25. számú melléklet – Ellenőrzési módok, alapvető vizsgálati eljárási módok</a></p>
<p><a href="https://semmelweis.hu/ellenorzesi-igazgatosag/files/2026/09/26_sz_iratminta_Interju_kerdoiv_a_vezetes_elvarasainak_megism.pdf">26. számú melléklet – Interjú kérdőív a vezetés elvárásainak megismerésére</a></p>
<p><a href="https://semmelweis.hu/ellenorzesi-igazgatosag/files/2026/09/27_sz_iratminta_Kockazatok.pdf">27. számú melléklet – Kockázatok</a></p>

<p><a href="https://semmelweis.hu/ellenorzesi-igazgatosag/files/2026/09/2_sz_iratminta_Ertekelo_lap.pdf">2. számú iratminta – Értékelő lap</a><br />
<a href="https://semmelweis.hu/ellenorzesi-igazgatosag/files/2026/09/3_sz_iratminta_Kepzesi_terv.pdf">3. számú iratminta − Képzési terv</a><br />
<a href="https://semmelweis.hu/ellenorzesi-igazgatosag/files/2026/09/4_sz_iratminta_Ell_lista_eves_ellen_terv_elok_minbizt.pdf">4. számú iratminta − Ellenőrzési lista az éves ellenőrzési terv előkészítésének folyamatos minőségbiztosításához</a><br />
<a href="https://semmelweis.hu/ellenorzesi-igazgatosag/files/2026/09/5_sz_iratminta_Ell_lista_a_kock_foly_minbiztz.pdf">5. számú iratminta − Ellenőrzési lista a kockázatelemzés folyamatos minőségbiztosításához</a><br />
<a href="https://semmelweis.hu/ellenorzesi-igazgatosag/files/2026/09/6_sz_iratminta_Eves_ellenorzesi_terv.pdf">6. számú iratminta − Éves ellenőrzési terv</a><br />
<a href="https://semmelweis.hu/ellenorzesi-igazgatosag/files/2026/09/7_sz_iratminta_Az_eves_ellen_terv_vegrehajt_szuks_kapacitas.pdf">7. számú iratminta – Az éves ellenőrzési terv végrehajtásához szükséges kapacitás meghatározása</a><br />
<a href="https://semmelweis.hu/ellenorzesi-igazgatosag/files/2026/09/17_sz_iratminta_Ell_jel_terv_megk_jovahagyasra_kancellarnak.pdf">17. számú iratminta – Ellenőrzési jelentés tervezet megküldése jóváhagyás céljából a Semmelweis Egyetem kancellárja részére (elektronikus úton)</a><br />
<a href="https://semmelweis.hu/ellenorzesi-igazgatosag/files/2026/09/22_sz_iratminta_Intezkedesek_nyilvantartasa.pdf">22. számú iratminta – Intézkedések nyilvántartása</a><br />
<a href="https://semmelweis.hu/ellenorzesi-igazgatosag/files/2026/09/24_sz_iratminta_A_belso_ellenorzesi_fokusz.pdf">24. számú iratminta – Belső ellenőrzési fókusz</a><br />
<a href="https://semmelweis.hu/ellenorzesi-igazgatosag/files/2026/09/25_sz_iratminta_Ell_modok_alapveto_vizsg_elj_modok.pdf">25. számú melléklet – Ellenőrzési módok, alapvető vizsgálati eljárási módok</a><br />
<a href="https://semmelweis.hu/ellenorzesi-igazgatosag/files/2026/09/26_sz_iratminta_Interju_kerdoiv_a_vezetes_elvarasainak_megism.pdf">26. számú melléklet – Interjú kérdőív a vezetés elvárásainak megismerésére</a><br />
<a href="https://semmelweis.hu/ellenorzesi-igazgatosag/files/2026/09/27_sz_iratminta_Kockazatok.pdf">27. számú melléklet – Kockázatok</a></p>
