{"id":19,"date":"2021-05-18T13:32:07","date_gmt":"2021-05-18T11:32:07","guid":{"rendered":"http:\/\/semmelweis.hu\/ellenorzesi-igazgatosag\/?page_id=19"},"modified":"2026-02-26T09:40:48","modified_gmt":"2026-02-26T08:40:48","slug":"munkatarsak","status":"publish","type":"page","link":"https:\/\/semmelweis.hu\/ellenorzesi-igazgatosag\/munkatarsak\/","title":{"rendered":"Munkat\u00e1rsak"},"content":{"rendered":"<p>&nbsp;<\/p>\n<table style=\"height: 692px;width: 100.003%\" cellspacing=\"5\" cellpadding=\"5\">\n<tbody>\n<tr style=\"height: 101px\">\n<td style=\"width: 386.283px;height: 101px\">Orosz-Kecsk\u00e9s M\u00e1ria<\/td>\n<td style=\"width: 161.833px;height: 101px\"><span style=\"font-size: 12pt\"><strong>igazgat\u00f3<\/strong><\/span><\/td>\n<td style=\"width: 789.917px;height: 101px\"><span style=\"font-size: 12pt\">Telefon: (06 1) 459 1500 \/ 57818<\/span><br \/>\n<span style=\"font-size: 12pt\">Mobil: +36 20 663 2707 <\/span><br \/>\n<span style=\"font-size: 12pt\">E-mail: <a href=\"mailto:gilanyi.judit@semmelweis-univ.hu\">orosz.kecskes.maria@semmelweis.hu<\/a><\/span><\/td>\n<\/tr>\n<tr>\n<td style=\"width: 386.283px\">Turcs\u00e1n M\u00f3nika T\u00edmea<\/td>\n<td style=\"width: 161.833px\">\n<p>igazgat\u00f3helyettes, bels\u0151 ellen\u0151r<\/p>\n<\/td>\n<td style=\"width: 789.917px\">Telefon: (06 1) 459 1500 \/ 57815<br \/>\nMobil: +36 30 877 3983<br \/>\nE-mail: <a href=\"mailto:gilanyi.judit@semmelweis-univ.hu\">turcsan.monika@semmelweis.hu<\/a><\/td>\n<\/tr>\n<tr>\n<td style=\"width: 386.283px\">Horv\u00e1th-T\u00f6reki Ram\u00f3na<\/td>\n<td style=\"width: 161.833px\">\u00fcgyint\u00e9z\u0151<\/td>\n<td style=\"width: 789.917px\">Telefon: (06 1) 459 1500 \/ 57811<br \/>\nMobil: +36 20 825 9595<br \/>\nE-mail: <a href=\"mailto:benedek.krisztina_erzsebet@semmelweis-univ.hu\">horvath.ramona@semmelweis.hu<\/a><\/td>\n<\/tr>\n<tr>\n<td style=\"width: 386.283px\" scope=\"row\">Benedek Krisztina<\/td>\n<td style=\"width: 161.833px\" scope=\"row\">bels\u0151 ellen\u0151r<\/td>\n<td style=\"width: 789.917px\" scope=\"row\">Telefon: (06 1) 459 1500 \/ 57814<br \/>\nMobil: +36 20 663 2684 <br \/>\nE-mail: <a href=\"mailto:benedek.krisztina_erzsebet@semmelweis-univ.hu\">benedek.krisztina@semmelweis.hu<\/a><\/td>\n<\/tr>\n<tr>\n<td style=\"width: 386.283px\">Both Csaba<\/td>\n<td style=\"width: 161.833px\">bels\u0151 ellen\u0151r<\/td>\n<td style=\"width: 789.917px\">Telefon: (06 1) 459 1500 \/ 57812<br \/>\nMobil: +36 20 670 1522<br \/>\nE-mail: <a href=\"mailto:benedek.krisztina_erzsebet@semmelweis-univ.hu\">both.csaba@semmelweis.hu<\/a><\/td>\n<\/tr>\n<tr>\n<td style=\"width: 386.283px\">Gil\u00e1nyi Judit<\/td>\n<td style=\"width: 161.833px\" scope=\"row\">bels\u0151 ellen\u0151r<\/td>\n<td style=\"width: 789.917px\" scope=\"row\">\u00a0<\/td>\n<\/tr>\n<tr>\n<td style=\"width: 386.283px\">Vatai T\u00fcnde<\/td>\n<td style=\"width: 161.833px\">bels\u0151 ellen\u0151r<\/td>\n<td style=\"width: 789.917px\">Telefon: (06 1) 459 1500 \/ 57816<br \/>\nMobil: +36 30 816 4058\u00a0<br \/>\nE-mail: <a href=\"mailto:vatai.tunde@semmelweis.hu\">vatai.tunde@semmelweis.hu<\/a><\/td>\n<\/tr>\n<\/tbody>\n<\/table>\n","protected":false},"excerpt":{"rendered":"<p>&nbsp; Orosz-Kecsk\u00e9s M\u00e1ria igazgat\u00f3 Telefon: (06 1) 459 1500 \/ 57818 Mobil: +36 20 663 2707 E-mail: <a href=\"mailto:gilanyi.judit@semmelweis-univ.hu\">orosz.kecskes.maria@semmelweis.hu<\/a> Turcs\u00e1n M\u00f3nika T\u00edmea igazgat\u00f3helyettes, bels\u0151 ellen\u0151r Telefon: (06 1) 459 1500 \/ 57815 Mobil: +36 30 877 3983 E-mail: <a href=\"mailto:gilanyi.judit@semmelweis-univ.hu\">turcsan.monika@semmelweis.hu<\/a> Horv\u00e1th-T\u00f6reki Ram\u00f3na \u00fcgyint\u00e9z\u0151 Telefon: (06 1) 459 1500 \/ 57811 Mobil: +36 20 825 9595 E-mail: <a href=\"mailto:benedek.krisztina_erzsebet@semmelweis-univ.hu\">horvath.ramona@semmelweis.hu<\/a> Benedek Krisztina bels\u0151 &hellip;<\/p>\n","protected":false},"author":12,"featured_media":0,"parent":0,"menu_order":1,"comment_status":"closed","ping_status":"closed","template":"","meta":{"_acf_changed":false,"footnotes":""},"categories":[],"tags":[7],"class_list":["post-19","page","type-page","status-publish","hentry","tag-kapcsolodo-oldalak"],"acf":[],"_links":{"self":[{"href":"https:\/\/semmelweis.hu\/ellenorzesi-igazgatosag\/wp-json\/wp\/v2\/pages\/19","targetHints":{"allow":["GET"]}}],"collection":[{"href":"https:\/\/semmelweis.hu\/ellenorzesi-igazgatosag\/wp-json\/wp\/v2\/pages"}],"about":[{"href":"https:\/\/semmelweis.hu\/ellenorzesi-igazgatosag\/wp-json\/wp\/v2\/types\/page"}],"author":[{"embeddable":true,"href":"https:\/\/semmelweis.hu\/ellenorzesi-igazgatosag\/wp-json\/wp\/v2\/users\/12"}],"replies":[{"embeddable":true,"href":"https:\/\/semmelweis.hu\/ellenorzesi-igazgatosag\/wp-json\/wp\/v2\/comments?post=19"}],"version-history":[{"count":13,"href":"https:\/\/semmelweis.hu\/ellenorzesi-igazgatosag\/wp-json\/wp\/v2\/pages\/19\/revisions"}],"predecessor-version":[{"id":435,"href":"https:\/\/semmelweis.hu\/ellenorzesi-igazgatosag\/wp-json\/wp\/v2\/pages\/19\/revisions\/435"}],"wp:attachment":[{"href":"https:\/\/semmelweis.hu\/ellenorzesi-igazgatosag\/wp-json\/wp\/v2\/media?parent=19"}],"wp:term":[{"taxonomy":"category","embeddable":true,"href":"https:\/\/semmelweis.hu\/ellenorzesi-igazgatosag\/wp-json\/wp\/v2\/categories?post=19"},{"taxonomy":"post_tag","embeddable":true,"href":"https:\/\/semmelweis.hu\/ellenorzesi-igazgatosag\/wp-json\/wp\/v2\/tags?post=19"}],"curies":[{"name":"wp","href":"https:\/\/api.w.org\/{rel}","templated":true}]}}