{"id":13,"date":"2020-06-16T08:54:42","date_gmt":"2020-06-16T06:54:42","guid":{"rendered":"http:\/\/semmelweis.hu\/ellenorzesi-igazgatosag\/?page_id=13"},"modified":"2025-05-17T10:11:46","modified_gmt":"2025-05-17T08:11:46","slug":"elerhetoseg","status":"publish","type":"page","link":"https:\/\/semmelweis.hu\/ellenorzesi-igazgatosag\/elerhetoseg\/","title":{"rendered":"El\u00e9rhet\u0151s\u00e9g"},"content":{"rendered":"<p style=\"text-align: center\"><strong>1085 Budapest, R\u00f6kk Szil\u00e1rd u. 13. I. emelet 121-125. sz. irod\u00e1k<br \/>\n<\/strong><\/p>\n<p style=\"text-align: center\"><strong>Postac\u00edm: 1085 Budapest, \u00dcll\u0151i \u00fat 26.; 1428 Budapest, Pf. 2.<\/strong><\/p>\n<p style=\"text-align: center\">Telefon: +36 1 459 1500\/57811<\/p>\n<p style=\"text-align: center\">E-mail: <a href=\"mailto:ellenorzesi.igazgatosag@semmelweis-univ.hu\">ellenorzesi.igazgatosag@semmelweis.hu<\/a> |\u00a0<a href=\"mailto:bizalmas.ellenorzes@semmelweis-univ.hu\">bizalmas.ellenorzes@semmelweis.hu<\/a><\/p>\n\n<!-- iframe plugin v.4.9 wordpress.org\/plugins\/iframe\/ -->\n<iframe loading=\"lazy\" src=\"https:\/\/www.google.com\/maps\/embed?pb=!1m18!1m12!1m3!1d2696.1351494441983!2d19.06408931562637!3d47.48728047917696!2m3!1f0!2f0!3f0!3m2!1i1024!2i768!4f13.1!3m3!1m2!1s0x4741dc59f18cc997%3A0xcbd7d2844b0399ee!2zQnVkYXBlc3QsIMOcbGzFkWkgw7p0IDI1LCAxMTkx!5e0!3m2!1shu!2shu!4v1548845092111\" width=\"100%\" height=\"300\" scrolling=\"yes\" class=\"iframe-class\" frameborder=\"0\"><\/iframe>\n\n","protected":false},"excerpt":{"rendered":"<p>1085 Budapest, R\u00f6kk Szil\u00e1rd u. 13. I. emelet 121-125. sz. irod\u00e1k<\/p>\n<p>Postac\u00edm: 1085 Budapest, \u00dcll\u0151i \u00fat 26.; 1428 Budapest, Pf. 2.<br \/>\nTelefon: +36 1 459 1500\/57811<br \/>\nE-mail: <a href=\"mailto:ellenorzesi.igazgatosag@semmelweis-univ.hu\">ellenorzesi.igazgatosag@semmelweis.hu<\/a> |\u00a0<a href=\"mailto:bizalmas.ellenorzes@semmelweis-univ.hu\">bizalmas.ellenorzes@semmelweis.hu<\/a><\/p>\n","protected":false},"author":12,"featured_media":0,"parent":0,"menu_order":6,"comment_status":"closed","ping_status":"closed","template":"template-fullwidth.php","meta":{"_acf_changed":false,"footnotes":""},"categories":[],"tags":[7],"class_list":["post-13","page","type-page","status-publish","hentry","tag-kapcsolodo-oldalak"],"acf":[],"_links":{"self":[{"href":"https:\/\/semmelweis.hu\/ellenorzesi-igazgatosag\/wp-json\/wp\/v2\/pages\/13","targetHints":{"allow":["GET"]}}],"collection":[{"href":"https:\/\/semmelweis.hu\/ellenorzesi-igazgatosag\/wp-json\/wp\/v2\/pages"}],"about":[{"href":"https:\/\/semmelweis.hu\/ellenorzesi-igazgatosag\/wp-json\/wp\/v2\/types\/page"}],"author":[{"embeddable":true,"href":"https:\/\/semmelweis.hu\/ellenorzesi-igazgatosag\/wp-json\/wp\/v2\/users\/12"}],"replies":[{"embeddable":true,"href":"https:\/\/semmelweis.hu\/ellenorzesi-igazgatosag\/wp-json\/wp\/v2\/comments?post=13"}],"version-history":[{"count":12,"href":"https:\/\/semmelweis.hu\/ellenorzesi-igazgatosag\/wp-json\/wp\/v2\/pages\/13\/revisions"}],"predecessor-version":[{"id":379,"href":"https:\/\/semmelweis.hu\/ellenorzesi-igazgatosag\/wp-json\/wp\/v2\/pages\/13\/revisions\/379"}],"wp:attachment":[{"href":"https:\/\/semmelweis.hu\/ellenorzesi-igazgatosag\/wp-json\/wp\/v2\/media?parent=13"}],"wp:term":[{"taxonomy":"category","embeddable":true,"href":"https:\/\/semmelweis.hu\/ellenorzesi-igazgatosag\/wp-json\/wp\/v2\/categories?post=13"},{"taxonomy":"post_tag","embeddable":true,"href":"https:\/\/semmelweis.hu\/ellenorzesi-igazgatosag\/wp-json\/wp\/v2\/tags?post=13"}],"curies":[{"name":"wp","href":"https:\/\/api.w.org\/{rel}","templated":true}]}}