{"id":7926,"date":"2026-09-02T16:02:45","date_gmt":"2026-09-02T14:02:45","guid":{"rendered":"https:\/\/semmelweis.hu\/elettan\/?page_id=7926"},"modified":"2026-09-03T19:41:54","modified_gmt":"2026-09-03T17:41:54","slug":"tanulmanyi-ugyek","status":"publish","type":"page","link":"https:\/\/semmelweis.hu\/elettan\/oktatas\/tanulmanyi-ugyek\/","title":{"rendered":"Tanulm\u00e1nyi \u00fcgyek"},"content":{"rendered":"<h3>TANULM\u00c1NYI \u00dcGYEK:<\/h3>\n<h3 style=\"text-align: center\"><span style=\"color: #ff0000\">Figyelem! B\u00e1rmilyen tanulm\u00e1nyi \u00fcggyel (\u00e1tjelentkez\u00e9s &#8230;stb) csak el\u0151zetes e-mailes megkeres\u00e9s ut\u00e1n foglalkozunk!<\/span><\/h3>\n<h3><a href=\"https:\/\/semmelweis.hu\/telefonkonyv?act=mt&amp;inst_id=10&amp;emp_id=700\">Dr. Pethe\u0151 G\u00e1bor tanulm\u00e1nyi felel\u0151s<\/a><\/h3>\n<p>Email: <span class=\"emp-email\">petheo.gabor[kukac]semmelweis.hu; t<\/span>anulm\u00e1nyi \u00fcgyben csak Neptunazonos\u00edt\u00f3 + Kar alapj\u00e1n tudunk elj\u00e1rni!<\/p>\n<ul>\n<li><a href=\"https:\/\/semmelweis.hu\/elettan\/files\/2014\/04\/K\u00fcl\u00f6nb\u00f6zeti14-1.pdf\">Az Orvosi \u00e9s fogorvosi \u00e9lettan tant\u00e1rgy befogad\u00e1sa az \u00c1OK-n <\/a><\/li>\n<li><a href=\"https:\/\/semmelweis.hu\/elettan\/files\/2014\/01\/TUF-t\u00e1j.pdf\">T\u00e1j\u00e9koztat\u00f3<\/a> az Orvosi \u00e9lettan tant\u00e1rgyat \u00fajb\u00f3l felvev\u0151 MO \u00e9s MF hallgat\u00f3k sz\u00e1m\u00e1ra, <a href=\"https:\/\/semmelweis.hu\/elettan\/files\/2022\/01\/TUF-kervenyminta.doc\">K\u00e9rv\u00e9ny (minta)<\/a><\/li>\n<\/ul>\n","protected":false},"excerpt":{"rendered":"<p>TANULM\u00c1NYI \u00dcGYEK:<br \/>\nFigyelem! B\u00e1rmilyen tanulm\u00e1nyi \u00fcggyel (\u00e1tjelentkez\u00e9s &#8230;stb) csak el\u0151zetes e-mailes megkeres\u00e9s ut\u00e1n foglalkozunk!<br \/>\n<a href=\"https:\/\/semmelweis.hu\/telefonkonyv?act=mt&amp;inst_id=10&amp;emp_id=700\">Dr. Pethe\u0151 G\u00e1bor tanulm\u00e1nyi felel\u0151s<\/a><br \/>\nEmail: petheo.gabor[kukac]semmelweis.hu; tanulm\u00e1nyi \u00fcgyben csak Neptunazonos\u00edt\u00f3 + Kar alapj\u00e1n tudunk elj\u00e1rni!<\/p>\n<p><a href=\"https:\/\/semmelweis.hu\/elettan\/files\/2014\/04\/K\u00fcl\u00f6nb\u00f6zeti14-1.pdf\">Az Orvosi \u00e9s fogorvosi \u00e9lettan tant\u00e1rgy befogad\u00e1sa az \u00c1OK-n <\/a><br \/>\n<a href=\"https:\/\/semmelweis.hu\/elettan\/files\/2014\/01\/TUF-t\u00e1j.pdf\">T\u00e1j\u00e9koztat\u00f3<\/a> az Orvosi \u00e9lettan tant\u00e1rgyat \u00fajb\u00f3l felvev\u0151 MO \u00e9s MF hallgat\u00f3k sz\u00e1m\u00e1ra, <a href=\"https:\/\/semmelweis.hu\/elettan\/files\/2022\/01\/TUF-kervenyminta.doc\">K\u00e9rv\u00e9ny (minta)<\/a><\/p>\n","protected":false},"author":101470,"featured_media":0,"parent":10,"menu_order":0,"comment_status":"closed","ping_status":"closed","template":"","meta":{"_acf_changed":false,"footnotes":""},"categories":[],"tags":[],"class_list":["post-7926","page","type-page","status-publish","hentry"],"acf":[],"_links":{"self":[{"href":"https:\/\/semmelweis.hu\/elettan\/wp-json\/wp\/v2\/pages\/7926","targetHints":{"allow":["GET"]}}],"collection":[{"href":"https:\/\/semmelweis.hu\/elettan\/wp-json\/wp\/v2\/pages"}],"about":[{"href":"https:\/\/semmelweis.hu\/elettan\/wp-json\/wp\/v2\/types\/page"}],"author":[{"embeddable":true,"href":"https:\/\/semmelweis.hu\/elettan\/wp-json\/wp\/v2\/users\/101470"}],"replies":[{"embeddable":true,"href":"https:\/\/semmelweis.hu\/elettan\/wp-json\/wp\/v2\/comments?post=7926"}],"version-history":[{"count":5,"href":"https:\/\/semmelweis.hu\/elettan\/wp-json\/wp\/v2\/pages\/7926\/revisions"}],"predecessor-version":[{"id":8031,"href":"https:\/\/semmelweis.hu\/elettan\/wp-json\/wp\/v2\/pages\/7926\/revisions\/8031"}],"up":[{"embeddable":true,"href":"https:\/\/semmelweis.hu\/elettan\/wp-json\/wp\/v2\/pages\/10"}],"wp:attachment":[{"href":"https:\/\/semmelweis.hu\/elettan\/wp-json\/wp\/v2\/media?parent=7926"}],"wp:term":[{"taxonomy":"category","embeddable":true,"href":"https:\/\/semmelweis.hu\/elettan\/wp-json\/wp\/v2\/categories?post=7926"},{"taxonomy":"post_tag","embeddable":true,"href":"https:\/\/semmelweis.hu\/elettan\/wp-json\/wp\/v2\/tags?post=7926"}],"curies":[{"name":"wp","href":"https:\/\/api.w.org\/{rel}","templated":true}]}}

Tanulmányi ügyek

<h3>TANULMÁNYI ÜGYEK:</h3>
<h3 style="text-align: center"><span style="color: #ff0000">Figyelem! Bármilyen tanulmányi üggyel (átjelentkezés &#8230;stb) csak előzetes e-mailes megkeresés után foglalkozunk!</span></h3>
<h3><a href="https://semmelweis.hu/telefonkonyv?act=mt&amp;inst_id=10&amp;emp_id=700">Dr. Petheő Gábor tanulmányi felelős</a></h3>
<p>Email: <span class="emp-email">petheo.gabor[kukac]semmelweis.hu; t</span>anulmányi ügyben csak Neptunazonosító + Kar alapján tudunk eljárni!</p>
<ul>
<li><a href="https://semmelweis.hu/elettan/files/2014/04/Különbözeti14-1.pdf">Az Orvosi és fogorvosi élettan tantárgy befogadása az ÁOK-n </a></li>
<li><a href="https://semmelweis.hu/elettan/files/2014/01/TUF-táj.pdf">Tájékoztató</a> az Orvosi élettan tantárgyat újból felvevő MO és MF hallgatók számára, <a href="https://semmelweis.hu/elettan/files/2022/01/TUF-kervenyminta.doc">Kérvény (minta)</a></li>
</ul>

<p>TANULMÁNYI ÜGYEK:<br />
Figyelem! Bármilyen tanulmányi üggyel (átjelentkezés &#8230;stb) csak előzetes e-mailes megkeresés után foglalkozunk!<br />
<a href="https://semmelweis.hu/telefonkonyv?act=mt&amp;inst_id=10&amp;emp_id=700">Dr. Petheő Gábor tanulmányi felelős</a><br />
Email: petheo.gabor[kukac]semmelweis.hu; tanulmányi ügyben csak Neptunazonosító + Kar alapján tudunk eljárni!</p>
<p><a href="https://semmelweis.hu/elettan/files/2014/04/Különbözeti14-1.pdf">Az Orvosi és fogorvosi élettan tantárgy befogadása az ÁOK-n </a><br />
<a href="https://semmelweis.hu/elettan/files/2014/01/TUF-táj.pdf">Tájékoztató</a> az Orvosi élettan tantárgyat újból felvevő MO és MF hallgatók számára, <a href="https://semmelweis.hu/elettan/files/2022/01/TUF-kervenyminta.doc">Kérvény (minta)</a></p>
