{"id":6780,"date":"2024-09-24T15:01:22","date_gmt":"2024-09-24T13:01:22","guid":{"rendered":"https:\/\/semmelweis.hu\/elettan\/?page_id=6780"},"modified":"2025-11-14T23:10:09","modified_gmt":"2025-11-14T22:10:09","slug":"6780-2","status":"publish","type":"page","link":"https:\/\/semmelweis.hu\/elettan\/6780-2\/","title":{"rendered":"TDK t\u00e9m\u00e1k (magyar)"},"content":{"rendered":"<table width=\"746\">\n<tbody>\n<tr>\n<td style=\"text-align: center\" colspan=\"2\" width=\"746\">\n<p><strong>TDK t\u00e9m\u00e1k<\/strong><\/p>\n<p><strong>2025\/26<\/strong><\/p>\n<\/td>\n<\/tr>\n<tr>\n<td>&nbsp;<\/td>\n<td>&nbsp;<\/td>\n<\/tr>\n<tr>\n<td width=\"373\"><strong>T\u00e9ma c\u00edme<\/strong><\/td>\n<td width=\"373\"><strong>T\u00e9mavezet\u0151 neve (fokozattal)<\/strong><\/td>\n<\/tr>\n<tr>\n<td width=\"373\">Az angiotenzin II hat\u00e1sainak vizsg\u00e1lata simaizom sejtek m\u0171k\u00f6d\u00e9s\u00e9ben<\/td>\n<td width=\"373\">Dr. Balla Andr\u00e1s, egyetemi docens, PhD<\/td>\n<\/tr>\n<tr>\n<td width=\"373\">A DUSP enzimek szerepe az angiotenzin II hat\u00e1saiban.<\/p>\n<p>\n<\/td>\n<td width=\"373\">Dr. Balla Andr\u00e1s egyetemi docens, PhD<\/td>\n<\/tr>\n<tr>\n<td width=\"373\">Az oxidat\u00edv \u00e9s nitr\u00f3zat\u00edv folyamatok szerepe a kardiovaszkul\u00e1ris rendszer \u00e9lettani \u00e9s patol\u00f3gi\u00e1s \u00e1llapotaiban.<\/td>\n<td width=\"373\">Dr. Benk\u0151 Rita, egyetemi adjunktus, PhD, Dr. Horv\u00e1th Eszter M\u00e1ria, egyetemi docens, PhD<\/td>\n<\/tr>\n<tr>\n<td width=\"373\">A TRESK h\u00e1tt\u00e9r K+ csatorna szab\u00e1lyoz\u00e1s\u00e1nak vizsg\u00e1lata<\/td>\n<td width=\"373\">Dr. Czirj\u00e1k G\u00e1bor, egyetemi tan\u00e1r, az MTA doktora<\/td>\n<\/tr>\n<tr>\n<td width=\"373\">A TREK-1 \u00e9s TREK-2 h\u00e1tt\u00e9r K+ csatorn\u00e1k szab\u00e1lyoz\u00e1s\u00e1nak vizsg\u00e1lata<\/td>\n<td width=\"373\">Dr. Czirj\u00e1k G\u00e1bor, egyetemi tan\u00e1r, az MTA doktora<\/td>\n<\/tr>\n<tr>\n<td width=\"373\">A GTP-\u00e1z aktiv\u00e1l\u00f3 feh\u00e9rj\u00e9k szerepe gyullad\u00e1ssal j\u00e1r\u00f3 betegs\u00e9gekben.<\/td>\n<td width=\"373\">Dr. Cs\u00e9p\u00e1nyi-K\u00f6mi Roland, egyetemi docens, PhD<\/td>\n<\/tr>\n<tr>\n<td width=\"373\">A GTP-\u00e1z aktiv\u00e1l\u00f3 feh\u00e9rj\u00e9k szerep\u00e9nek vizsg\u00e1lata T-sejtekben<\/td>\n<td width=\"373\">Dr. Cs\u00e9p\u00e1nyi-K\u00f6mi Roland, egyetemi docens, PhD<\/td>\n<\/tr>\n<tr>\n<td width=\"373\">A bikarbon\u00e1t szerepe a neutrofil granulocit\u00e1k m\u0171k\u00f6d\u00e9s\u00e9nek szab\u00e1lyoz\u00e1s\u00e1ban<\/td>\n<td width=\"373\">Dr. Cs\u00e9p\u00e1nyi-K\u00f6mi Roland, egyetemi docens, PhD<\/td>\n<\/tr>\n<tr>\n<td width=\"373\">Optikai topogr\u00e1fi\u00e1val t\u00f6rt\u00e9n\u0151 eml\u0151 tumordiagnosztika \u00e9lettani h\u00e1tter\u00e9nek vizsg\u00e1lata<\/td>\n<td width=\"373\">Dr. Eke Andr\u00e1s, egyetemi docens, PhD<\/td>\n<\/tr>\n<tr>\n<td width=\"373\">A sz\u00f6vets\u00e9r\u00fcl\u00e9s \u00e1ltal kiv\u00e1ltott gyullad\u00e1sos v\u00e1lasz vizsg\u00e1lata<\/td>\n<td width=\"373\">Dr. Enyedi Bal\u00e1zs, egytemi docens, PhD<\/td>\n<\/tr>\n<tr>\n<td width=\"373\">A sz\u00f6vets\u00e9r\u00fcl\u00e9s sor\u00e1n beind\u00edtott jel\u00e1tviteli utak \u00e9s a kialakul\u00f3 sejtmagduzzad\u00e1s vizsg\u00e1lata<\/td>\n<td width=\"373\">Dr. Enyedi Bal\u00e1zs, egytemi docens, PhD<\/td>\n<\/tr>\n<tr>\n<td width=\"373\">A steril gyullad\u00e1sos v\u00e1lasz vizsg\u00e1lata \u00faj fluoreszcens m\u00e9r\u0151szond\u00e1kkal \u00e9s optogenetikai eszk\u00f6z\u00f6kkel<\/td>\n<td width=\"373\">Dr. Enyedi Bal\u00e1zs, egytemi docens, PhD<\/td>\n<\/tr>\n<tr>\n<td width=\"373\">2P t\u00edpus\u00fa h\u00e1tt\u00e9r k\u00e1liumcsatorn\u00e1k funkci\u00f3ja \u00e9s szab\u00e1lyoz\u00e1sa<\/td>\n<td width=\"373\">Dr. Enyedi P\u00e9ter, egyetemi tan\u00e1r, az MTA doktora<\/td>\n<\/tr>\n<tr>\n<td width=\"373\">K\u00e1liumcsatorn\u00e1k a kisv\u00e9rk\u00f6ri kering\u00e9s ereiben<\/td>\n<td width=\"373\">Dr. Enyedi P\u00e9ter, egyetemi tan\u00e1r, az MTA doktora, Dr. Alm\u00e1ssy J\u00e1nos egyetemi adjunktus, PhD<\/td>\n<\/tr>\n<tr>\n<td width=\"373\">Peroxidazin feh\u00e9rj\u00e9k m\u0171k\u00f6d\u00e9se<\/td>\n<td width=\"373\">Dr. Geiszt Mikl\u00f3s, egyetemi tan\u00e1r, az MTA doktora, Dr. Sirokm\u00e1ny G\u00e1bor egyetemi docens, PhD<\/td>\n<\/tr>\n<tr>\n<td width=\"373\">Reakt\u00edv oxig\u00e9ntermel\u0151 enzimek vizsg\u00e1lata<\/td>\n<td width=\"373\">Dr. Geiszt Mikl\u00f3s, egyetemi tan\u00e1r, az MTA doktora, Dr. Sirokm\u00e1ny G\u00e1bor, egyetemi docens PhD<\/td>\n<\/tr>\n<tr>\n<td width=\"373\">NADPH-oxid\u00e1z \u00e9s peroxid\u00e1z enzimek vizsg\u00e1lata<\/td>\n<td width=\"373\">Dr. Geiszt Mikl\u00f3s, egyetemi tan\u00e1r, az MTA doktora, Dr. Sirokm\u00e1ny G\u00e1bor, egyetemi docens, PhD<\/td>\n<\/tr>\n<tr>\n<td width=\"373\">Az oszteoklaszt-aktiv\u00e1l\u00f3d\u00e1s molekul\u00e1ris mechanizmusainak vizsg\u00e1lata a csont\u00e1tt\u00e9tek kialakul\u00e1sa sor\u00e1n<\/td>\n<td width=\"373\">Dr. Gy\u0151ri D\u00e1vid S\u00e1ndor, egyetemi adjunktus, PhD<\/td>\n<\/tr>\n<tr>\n<td width=\"373\">D vitamin szupplement\u00e1ci\u00f3 \u00e9s hiperandrog\u00e9n \u00e1llapot szerepe a PCOS vaszkul\u00e1ris v\u00e1ltoz\u00e1saira<\/td>\n<td width=\"373\">Dr. Horv\u00e1th Eszter M\u00e1ria, egyetemi docens, PhD, Dr. B\u00e1nyai B\u00e1lint, egyetemi tan\u00e1rseg\u00e9d<\/td>\n<\/tr>\n<tr>\n<td width=\"373\">Az oxidat\u00edv \u00e9s nitr\u00f3zat\u00edv folyamatok \u00e9s a (ADP-rib\u00f3z) polimer\u00e1z aktiv\u00e1ci\u00f3 diab\u00e9tesz mellituszban \u00e9s inzulinrezisztens \u00e1llapotokban, k\u00fcl\u00f6n\u00f6s tekintettel a k\u00e9s\u0151i sz\u00f6v\u0151dm\u00e9nyek kialakul\u00e1s\u00e1ra. \u00daj diagnosztikus \u00e9s ter\u00e1pi\u00e1s elj\u00e1r\u00e1sok vizsg\u00e1lata.<\/td>\n<td width=\"373\">Dr. Horv\u00e1th Eszter M\u00e1ria, egyetemi docens, PhD, Dr. Benk\u0151 Rita, egyetemi adjunktus, PhD<\/td>\n<\/tr>\n<tr>\n<td width=\"373\">Poli(ADP-rib\u00f3z) polimer\u00e1z szerepe Crohn betegs\u00e9g \u00e1llatmodellj\u00e9ben<\/td>\n<td width=\"373\">Dr. Horv\u00e1th Eszter M\u00e1ria, egyetemi docens, PhD, Dr. Benk\u0151 Rita, egyetemi adjunktus, PhD<\/td>\n<\/tr>\n<tr>\n<td width=\"373\">HCN csatorn\u00e1k szerepe az \u00e9rfunkci\u00f3 \u00e9s az endokrin rendszer szab\u00e1lyoz\u00e1s\u00e1ban<\/td>\n<td width=\"373\">Dr. Horv\u00e1th Eszter M\u00e1ria, egyetemi docens, PhD, Dr. Benk\u0151 Rita, egyetemi adjunktus, PhD<\/td>\n<\/tr>\n<tr>\n<td width=\"373\">G-feh\u00e9rj\u00e9t\u0151l f\u00fcggetlen mechanizmusok szerepe a 7TM receptorok jel\u00e1tvitel\u00e9ben.<\/td>\n<td width=\"373\">Dr. Hunyady L\u00e1szl\u00f3, egyetemi tan\u00e1r, az MTA rendes tagja<\/td>\n<\/tr>\n<tr>\n<td width=\"373\">A G-feh\u00e9rj\u00e9khez kapcsolt receptorok m\u0171k\u00f6d\u00e9s\u00e9nek szab\u00e1lyoz\u00e1sa.<\/td>\n<td width=\"373\">Dr. Hunyady L\u00e1szl\u00f3, egyetemi tan\u00e1r, az MTA rendes tagja<\/td>\n<\/tr>\n<tr>\n<td width=\"373\">Az angiotenzin II g\u00e9nexpresszi\u00f3ra kifejtett hat\u00e1sainak \u00e9lettani jelent\u0151s\u00e9ge<\/td>\n<td width=\"373\">Dr. Hunyady L\u00e1szl\u00f3, egyetemi tan\u00e1r, az MTA rendes tagja; Dr. Balla Andr\u00e1s, egyetemi docens, PhD<\/td>\n<\/tr>\n<tr>\n<td width=\"373\">A nyirokrendszer fejl\u0151d\u00e9s\u00e9nek vizsg\u00e1lata transzg\u00e9nikus egerek seg\u00edts\u00e9g\u00e9vel<\/td>\n<td width=\"373\">Dr. Jakus Zolt\u00e1n, egyetemi docens, PhD<\/td>\n<\/tr>\n<tr>\n<td width=\"373\">A nyirokrendszer \u00e9s a nyirok\u00e9rn\u00f6veked\u00e9si jelp\u00e1ly\u00e1k szervspecifikus szerep\u00e9nek vizsg\u00e1lata fiziol\u00f3gi\u00e1s \u00e9s pathol\u00f3gi\u00e1s k\u00f6r\u00fclm\u00e9nyek k\u00f6z\u00f6tt<\/td>\n<td width=\"373\">Dr. Jakus Zolt\u00e1n, egyetemi docens, PhD<\/td>\n<\/tr>\n<tr>\n<td width=\"373\">A nyirokrendszer \u00e9s a nyirokn\u00f6veked\u00e9si jelp\u00e1ly\u00e1k szerep\u00e9nek vizsg\u00e1lata gyullad\u00e1sos betegs\u00e9gekben<\/td>\n<td width=\"373\">Dr. Jakus Zolt\u00e1n, egyetemi docens, PhD<\/td>\n<\/tr>\n<tr>\n<td width=\"373\">A nukleozid-m\u00f3dos\u00edtott mRNS-ek hat\u00e1smechanizmus\u00e1nak jellemz\u00e9se \u00e1llatmodellekben<\/td>\n<td width=\"373\">Dr. Jakus Zolt\u00e1n, egyetemi docens, PhD<\/td>\n<\/tr>\n<tr>\n<td width=\"373\">A cirkadi\u00e1n ritmus szab\u00e1lyoz\u00e1s\u00e1nak molekul\u00e1ris alapjai<\/td>\n<td width=\"373\">Dr. K\u00e1ldi Krisztina, egyetemi tan\u00e1r, PhD<\/td>\n<\/tr>\n<tr>\n<td width=\"373\">Feh\u00e9rjeinterakci\u00f3k kimutat\u00e1s\u00e1ra alkalmas m\u00f3dszerek be\u00e1ll\u00edt\u00e1sa \u00e9s alkalmaz\u00e1sa a cirkadi\u00e1n ritmus vizsg\u00e1lat\u00e1ban<\/td>\n<td width=\"373\">Dr. K\u00e1ldi Krisztina, egyetemi tan\u00e1r, PhD<\/td>\n<\/tr>\n<tr>\n<td width=\"373\">Fagocita v\u00e1laszreakci\u00f3k napi ritmus\u00e1nak vizsg\u00e1lata<\/td>\n<td width=\"373\">Dr. K\u00e1ldi Krisztina, egyetemi tan\u00e1r, PhD, Dr. Ella Krisztina, egyetemi adjunktus, PhD<\/td>\n<\/tr>\n<tr>\n<td width=\"373\">A metabolizmus \u00e9s a cirkadi\u00e1n ritmus k\u00f6lcs\u00f6nhat\u00e1sainak vizsg\u00e1lata<\/td>\n<td width=\"373\">Dr. K\u00e1ldi Krisztina, egyetemi tan\u00e1r, PhD, Dr. Ella Krisztina, egyetemi adjunktus, PhD<\/td>\n<\/tr>\n<tr>\n<td width=\"373\">A cirkadi\u00e1n \u00f3ra hat\u00e1sa immunsejtek m\u0171k\u00f6d\u00e9s\u00e9re<\/td>\n<td width=\"373\">Dr. K\u00e1ldi Krisztina, egyetemi tan\u00e1r, PhD, Dr. Ella Krisztina, egyetemi adjunktus, PhD<\/td>\n<\/tr>\n<tr>\n<td width=\"373\">Pigment\u00e1ci\u00f3 szerep\u00e9nek vizsg\u00e1lata ferropt\u00f3zis szab\u00e1lyoz\u00e1s\u00e1ban melanocyta \u00e9s melanoma sejtekben<\/td>\n<td width=\"373\">Dr. Kem\u00e9ny Lajos, tudom\u00e1nyos f\u0151munkat\u00e1rs<\/td>\n<\/tr>\n<tr>\n<td width=\"373\">Melanoma immunter\u00e1pi\u00e1ban kialakul\u00f3 rezisztencia mechanizmusok vizsg\u00e1lata<\/td>\n<td width=\"373\">Dr. Kem\u00e9ny Lajos, tudom\u00e1nyos f\u0151munkat\u00e1rs<\/td>\n<\/tr>\n<tr>\n<td width=\"373\">MITF szerep\u00e9n\u00e9nek vizsg\u00e1lata melanocita \u00e9s melanoma sejtek t\u00fal\u00e9l\u00e9s\u00e9ben<\/td>\n<td width=\"373\">Dr. Kem\u00e9ny Lajos, tudom\u00e1nyos f\u0151munkat\u00e1rs<\/td>\n<\/tr>\n<tr>\n<td width=\"373\">MITF szerep\u00e9nek vizsg\u00e1lata melanocita \u00e9s melanoma sejtek ferroptotikus sejthal\u00e1l\u00e1ban<\/td>\n<td width=\"373\">Dr. Kem\u00e9ny Lajos, tudom\u00e1nyos f\u0151munkat\u00e1rs<\/td>\n<\/tr>\n<tr>\n<td width=\"373\">CMB complex szab\u00e1lyoz\u00e1s\u00e1nak vizsg\u00e1lata keratinocyt\u00e1kban<\/td>\n<td width=\"373\">Dr. Kem\u00e9ny Lajos, tudom\u00e1nyos f\u0151munkat\u00e1rs<\/td>\n<\/tr>\n<tr>\n<td width=\"373\">Oktat\u00e1sm\u00f3dszertani vizsg\u00e1latok az orvos \u00e9s fogorvosk\u00e9pz\u00e9s ter\u00fclet\u00e9n<\/td>\n<td width=\"373\">Dr. Kiss Levente, egyetemi docens, PhD<\/td>\n<\/tr>\n<tr>\n<td width=\"373\">\u00c1raml\u00e1si citometri\u00e1n alapul\u00f3 kliniai diagnosztikai elj\u00e1r\u00e1sok<\/td>\n<td width=\"373\">Dr. L\u0151rincz M\u00e1rton \u00c1kos, egyetemi adjunktus, PhD<\/td>\n<\/tr>\n<tr>\n<td width=\"373\">Neutrofil eredet\u0171 extracellul\u00e1ris vezikul\u00e1k elt\u00e1rolhat\u00f3s\u00e1g\u00e1nak vizsg\u00e1lata<\/td>\n<td width=\"373\">Dr. L\u0151rincz M\u00e1rton \u00c1kos, egyetemi adjunktus, PhD, Nagy M\u00e1tka, tan\u00e1rseg\u00e9d, PhD hallgat\u00f3<\/td>\n<\/tr>\n<tr>\n<td width=\"373\">Neutrofil eredet\u0171 extracellul\u00e1ris vezikul\u00e1k szerep\u00e9nek vizsg\u00e1lata az intercellul\u00e1ris kommunik\u00e1ci\u00f3ban<\/td>\n<td width=\"373\">Dr. L\u0151rincz M\u00e1rton \u00c1kos, egyetemi adjunktus, PhD, Nagy M\u00e1tka, tan\u00e1rseg\u00e9d, PhD hallgat\u00f3<\/td>\n<\/tr>\n<tr>\n<td width=\"373\">Immunsejtek jel\u00e1tviteli folyamatainak vizsg\u00e1lata genetikai megk\u00f6zel\u00edt\u00e9ssel<\/td>\n<td width=\"373\">Dr. M\u00f3csai Attila, egyetemi tan\u00e1r, a Magyar Tudom\u00e1nyos Akad\u00e9mia levelez\u0151 tagja<\/td>\n<\/tr>\n<tr>\n<td width=\"373\">A velesz\u00fcletett immunrendszer m\u0171k\u00f6d\u00e9s\u00e9nek vizsg\u00e1lata CRISPR\/Cas9-alap\u00fa g\u00e9nszerkeszt\u00e9si m\u00f3dszerekkel<\/td>\n<td width=\"373\">Dr. M\u00f3csai Attila, egyetemi tan\u00e1r, a Magyar Tudom\u00e1nyos Akad\u00e9mia levelez\u0151 tagja<\/td>\n<\/tr>\n<tr>\n<td width=\"373\">Az autoimmun gyullad\u00e1sos betegs\u00e9gek molekul\u00e1ris mechanizmusainak a vizsg\u00e1lata<\/td>\n<td width=\"373\">Dr. M\u00f3csai Attila, egyetemi tan\u00e1r, a Magyar Tudom\u00e1nyos Akad\u00e9mia levelez\u0151 tagja<\/td>\n<\/tr>\n<tr>\n<td width=\"373\">\u00daj ter\u00e1pi\u00e1s c\u00e9lpontok azonos\u00edt\u00e1sa gyullad\u00e1sos betegs\u00e9gekben<\/td>\n<td width=\"373\">Dr. M\u00f3csai Attila, egyetemi tan\u00e1r, a Magyar Tudom\u00e1nyos Akad\u00e9mia levelez\u0151 tagja<\/td>\n<\/tr>\n<tr>\n<td width=\"373\">Molekul\u00e1ris szint\u0171 folyamatok az oszteoklasztok m\u0171k\u00f6d\u00e9s\u00e9ben \u00e9s a csontlebont\u00e1sban<\/td>\n<td width=\"373\">Dr. M\u00f3csai Attila, egyetemi tan\u00e1r, a Magyar Tudom\u00e1nyos Akad\u00e9mia levelez\u0151 tagja<\/td>\n<\/tr>\n<tr>\n<td width=\"373\">\u00c9rfal biomechanikai \u00e9s farmako-fiziol\u00f3giai szab\u00e1lyoz\u00f3 mechanizmusok k\u00eds\u00e9rletes hipert\u00f3ni\u00e1ban.<\/td>\n<td width=\"373\">Dr. N\u00e1dasy Gy\u00f6rgy, egyetemi docens, PhD<\/td>\n<\/tr>\n<tr>\n<td width=\"373\">Agyi rezisztenciaerek v\u00e1ltoz\u00e1sai terhess\u00e9gben \u00e9s edz\u00e9s hat\u00e1s\u00e1ra<\/td>\n<td width=\"373\">Dr. N\u00e1dasy Gy\u00f6rgy, egyetemi docens, PhD<\/td>\n<\/tr>\n<tr>\n<td width=\"373\">A szinoviocit\u00e1k jel\u00e1tvitel\u00e9nek vizsg\u00e1lata autoimmun \u00edz\u00fcleti gyullad\u00e1sban<\/td>\n<td width=\"373\">Dr. N\u00e9meth Tam\u00e1s, egyetemi docens, PhD<\/td>\n<\/tr>\n<tr>\n<td width=\"373\">A Dectin-2 szerepe autoimmun folyamatokban<\/td>\n<td width=\"373\">Dr. N\u00e9meth Tam\u00e1s, egyetemi docens, PhD<\/td>\n<\/tr>\n<tr>\n<td width=\"373\">G\u00e1tl\u00f3szerek hat\u00e1s\u00e1nak vizsg\u00e1lata autoimmun gyullad\u00e1sban<\/td>\n<td width=\"373\">Dr. N\u00e9meth Tam\u00e1s, egyetemi docens, PhD<\/td>\n<\/tr>\n<tr>\n<td width=\"373\">Autoimmun betegs\u00e9gmodellek be\u00e1ll\u00edt\u00e1sa<\/td>\n<td width=\"373\">Dr. N\u00e9meth Tam\u00e1s, egyetemi docens, PhD<\/td>\n<\/tr>\n<tr>\n<td width=\"373\">Feh\u00e9rv\u00e9rsejtek vizsg\u00e1lata sziszt\u00e9m\u00e1s lupus erythematosus-ban<\/td>\n<td width=\"373\">Dr. N\u00e9meth Tam\u00e1s, egyetemi docens, PhD<\/td>\n<\/tr>\n<tr>\n<td width=\"373\">A sziszt\u00e9m\u00e1s lupus erythematosus patogenezis\u00e9nek vizsg\u00e1lata<\/td>\n<td width=\"373\">Dr. N\u00e9meth Tam\u00e1s, egyetemi docens, PhD<\/td>\n<\/tr>\n<tr>\n<td width=\"373\">A NADPH-oxid\u00e1z 5 funkci\u00f3inak vizsg\u00e1lata<\/td>\n<td width=\"373\">Dr. Pethe\u0151 G\u00e1bor, egyetemi docens, PhD, Dr. Geiszt Mikl\u00f3s egyetemi tan\u00e1r, az MTA doktora<\/td>\n<\/tr>\n<tr>\n<td width=\"373\">Vaszkul\u00e1ris adapt\u00e1ci\u00f3 terhess\u00e9gi hipert\u00f3ni\u00e1ban<\/td>\n<td width=\"373\">Dr. Szekeres M\u00e1ria, tudom\u00e1nyos munkat\u00e1rs PhD, Dr. Koller \u00c1kos, egyetemi tan\u00e1r, DSc<\/td>\n<\/tr>\n<tr>\n<td width=\"373\">CB1 kannabinoid receptorok szerepe az erek m\u0171k\u00f6d\u00e9s\u00e9ben \u00e9s sz\u00f6vettani szerkezet\u00e9ben<\/td>\n<td width=\"373\">Dr. Szekeres M\u00e1ria, tudom\u00e1nyos munkat\u00e1rs, PhD, Dr. B\u00e1nyai B\u00e1lint, egyetemi tan\u00e1rseg\u00e9d<\/td>\n<\/tr>\n<tr>\n<td width=\"373\">Neutrofil granulocit\u00e1k funkci\u00f3 v\u00e1ltoz\u00e1sa szepszisben<\/td>\n<td width=\"373\">Dr. Tim\u00e1r Csaba, egytemi adjunktus, PhD<\/td>\n<\/tr>\n<tr>\n<td width=\"373\">Neutrofil eredet\u0171 extracellul\u00e1ris vezikul\u00e1k felsz\u00edn\u00e9nek jellemz\u00e9se<\/td>\n<td width=\"373\">Dr. Tim\u00e1r Csaba, egytemi adjunktus, PhD<\/td>\n<\/tr>\n<tr>\n<td width=\"373\">\u00daj lehet\u0151s\u00e9gek a receptor-ligand interakci\u00f3 vizsg\u00e1lat\u00e1ban<\/td>\n<td width=\"373\">Dr. T\u00f3th Andr\u00e1s, tudom\u00e1nyos munkat\u00e1rs, PhD, Dr. Hunyady L\u00e1szl\u00f3, egyetemi tan\u00e1r, az MTA rendes tagja<\/td>\n<\/tr>\n<tr>\n<td width=\"373\">Az inozitol lipidek sejt\u00e9lettani hat\u00e1sainak vizsg\u00e1lata<\/td>\n<td width=\"373\">Dr. T\u00f3th D\u00e1niel, egyetemi adjunktus, PhD, Dr. V\u00e1rnai P\u00e9ter egyetemi tan\u00e1r, az MTA doktora<\/td>\n<\/tr>\n<tr>\n<td width=\"373\">Foszfoinozitidek metabolizmus\u00e1nak vizsg\u00e1lata akutan induk\u00e1lhat\u00f3 enzimdegrad\u00e1ci\u00f3val<\/td>\n<td width=\"373\">Dr. T\u00f3th D\u00e1niel, egyetemi adjunktus, PhD, Dr. V\u00e1rnai P\u00e9ter egyetemi tan\u00e1r, az MTA doktora<\/td>\n<\/tr>\n<tr>\n<td width=\"373\">Inozitol lipidek sejten bel\u00fcli mennyis\u00e9g\u00e9nek v\u00e1ltoztat\u00e1s\u00e1ra alkalmas m\u00f3dszerek fejleszt\u00e9se<\/td>\n<td width=\"373\">Dr. T\u00f3th D\u00e1niel, egyetemi adjunktus, PhD, Dr. V\u00e1rnai P\u00e9ter egyetemi tan\u00e1r, az MTA doktora<\/td>\n<\/tr>\n<tr>\n<td width=\"373\">Inozitol lipidek sejten bel\u00fcli kimutat\u00e1s\u00e1ra alaklmas m\u00f3dszerek fejleszt\u00e9se<\/td>\n<td width=\"373\">Dr. T\u00f3th D\u00e1niel, egyetemi adjunktus, PhD, Dr. V\u00e1rnai P\u00e9ter egyetemi tan\u00e1r, az MTA doktora<\/td>\n<\/tr>\n<tr>\n<td width=\"373\">A ligand-receptor kapcsolat \u00e9s a receptor jel\u00e1tvitel bioinformatikai vizsg\u00e1lata<\/td>\n<td width=\"373\">Dr. Turu G\u00e1bor, egyetemi docens PhD<\/td>\n<\/tr>\n<tr>\n<td width=\"373\">A foszforil\u00e1ci\u00f3 szerepe a G-feh\u00e9rj\u00e9hez kapcsolt receptorok szab\u00e1lyoz\u00e1s\u00e1ban<\/td>\n<td width=\"373\">Dr. Turu G\u00e1bor, egyetemi docens PhD, Dr. Hunyady L\u00e1szl\u00f3, egyetemi tan\u00e1r, az MTA rendes tagja<\/td>\n<\/tr>\n<tr>\n<td width=\"373\">A receptorok jel\u00e1tviteli hat\u00e9konys\u00e1g\u00e1t meghat\u00e1roz\u00f3 param\u00e9terek vizsg\u00e1lata<\/td>\n<td width=\"373\">Dr. Turu G\u00e1bor, egyetemi docens, PhD, Dr. Kov\u00e1cs Orsolya T\u00fcnde, egyetemi adjunktus, PhD<\/td>\n<\/tr>\n<tr>\n<td width=\"373\">A receptorok jel\u00e1tviteli hat\u00e9konys\u00e1g\u00e1t meghat\u00e1roz\u00f3 param\u00e9terek vizsg\u00e1lata<\/td>\n<td width=\"373\">Dr. Turu G\u00e1bor, egyetemi docens, PhD, Dr. T\u00f3th Andr\u00e1s, tudom\u00e1nyos munkat\u00e1rs, PhD<\/td>\n<\/tr>\n<tr>\n<td width=\"373\">A laktoperoxid\u00e1z enzim szerepe \u00e9s \u00e9lettani funkci\u00f3i<\/td>\n<td width=\"373\">Dr. Geiszt Mikl\u00f3s egyetemi tan\u00e1r, az MTA doktora, Dr. Bal\u00e1zs Bernadett, egyetemi adjunktus, PhD<\/td>\n<\/tr>\n<\/tbody>\n<\/table>\n","protected":false},"excerpt":{"rendered":"<p>TDK t\u00e9m\u00e1k 2025\/26 &nbsp; &nbsp; T\u00e9ma c\u00edme T\u00e9mavezet\u0151 neve (fokozattal) Az angiotenzin II hat\u00e1sainak vizsg\u00e1lata simaizom sejtek m\u0171k\u00f6d\u00e9s\u00e9ben Dr. Balla Andr\u00e1s, egyetemi docens, PhD A DUSP enzimek szerepe az angiotenzin II hat\u00e1saiban. Dr. Balla Andr\u00e1s egyetemi docens, PhD Az oxidat\u00edv \u00e9s nitr\u00f3zat\u00edv folyamatok szerepe a kardiovaszkul\u00e1ris rendszer \u00e9lettani \u00e9s patol\u00f3gi\u00e1s \u00e1llapotaiban. Dr. Benk\u0151 Rita, egyetemi &hellip;<\/p>\n","protected":false},"author":101165,"featured_media":0,"parent":0,"menu_order":0,"comment_status":"closed","ping_status":"closed","template":"","meta":{"_acf_changed":false,"footnotes":""},"categories":[],"tags":[],"class_list":["post-6780","page","type-page","status-publish","hentry"],"acf":[],"_links":{"self":[{"href":"https:\/\/semmelweis.hu\/elettan\/wp-json\/wp\/v2\/pages\/6780","targetHints":{"allow":["GET"]}}],"collection":[{"href":"https:\/\/semmelweis.hu\/elettan\/wp-json\/wp\/v2\/pages"}],"about":[{"href":"https:\/\/semmelweis.hu\/elettan\/wp-json\/wp\/v2\/types\/page"}],"author":[{"embeddable":true,"href":"https:\/\/semmelweis.hu\/elettan\/wp-json\/wp\/v2\/users\/101165"}],"replies":[{"embeddable":true,"href":"https:\/\/semmelweis.hu\/elettan\/wp-json\/wp\/v2\/comments?post=6780"}],"version-history":[{"count":3,"href":"https:\/\/semmelweis.hu\/elettan\/wp-json\/wp\/v2\/pages\/6780\/revisions"}],"predecessor-version":[{"id":7400,"href":"https:\/\/semmelweis.hu\/elettan\/wp-json\/wp\/v2\/pages\/6780\/revisions\/7400"}],"wp:attachment":[{"href":"https:\/\/semmelweis.hu\/elettan\/wp-json\/wp\/v2\/media?parent=6780"}],"wp:term":[{"taxonomy":"category","embeddable":true,"href":"https:\/\/semmelweis.hu\/elettan\/wp-json\/wp\/v2\/categories?post=6780"},{"taxonomy":"post_tag","embeddable":true,"href":"https:\/\/semmelweis.hu\/elettan\/wp-json\/wp\/v2\/tags?post=6780"}],"curies":[{"name":"wp","href":"https:\/\/api.w.org\/{rel}","templated":true}]}}