{"id":5378,"date":"2021-06-24T11:38:46","date_gmt":"2021-06-24T09:38:46","guid":{"rendered":"https:\/\/semmelweis.hu\/elettan\/?page_id=5378"},"modified":"2025-11-14T21:57:44","modified_gmt":"2025-11-14T20:57:44","slug":"rektori-palyamunka","status":"publish","type":"page","link":"https:\/\/semmelweis.hu\/elettan\/tdk\/rektori-palyamunka\/","title":{"rendered":"Rektori p\u00e1lyamunka"},"content":{"rendered":"<p style=\"text-align: center\"><strong>REKTORI P\u00c1LY\u00c1ZAT<\/strong><\/p>\n<p style=\"text-align: center\"><img loading=\"lazy\" decoding=\"async\" class=\"\" src=\"https:\/\/mersz.hu\/blog\/wp-content\/uploads\/2020\/11\/Kutatasi-moodszerek_MERSZ-960x502.jpg\" alt=\"Kutat\u00e1si m\u00f3dszerek\" width=\"212\" height=\"111\" \/><\/p>\n<p style=\"text-align: center\"><a href=\"https:\/\/semmelweis.hu\/tdk\/palyazatok\/rektori-palyazat\/\">20<\/a>24<a href=\"https:\/\/semmelweis.hu\/tdk\/palyazatok\/rektori-palyazat\/\">\/25-\u00f6s tan\u00e9v\u00a0 &#8211; inform\u00e1ci\u00f3k, elj\u00e1r\u00e1srend <\/a>(TDK honlap t\u00e1j\u00e9koztat\u00e1sa)<\/p>\n<p style=\"text-align: center\"><a href=\"https:\/\/semmelweis.hu\/tdk\/files\/2022\/09\/Hallgatoi_kituntetesekrol_szolo_szabalyzat_hataly_2022_IX.10-tol.pdf?_gl=1*rwm05k*_up*MQ..*_ga*OTE3ODAxMzQ3LjE3MTA3NzQ4MTc.*_ga_5B3MMKXDLW*MTcxMDc3NDgxNy4xLjAuMTcxMDc3NDgxNy4wLjAuMA..\">Rektori p\u00e1lyamunka &#8211; Szab\u00e1lyzat <\/a>(let\u00f6lthet\u0151)<\/p>\n<p style=\"text-align: center\"><a href=\"https:\/\/semmelweis.hu\/tdk\/rektori-palyazat-2023-2024-meghirdetett-temak\/?_gl=1*gd3bzy*_up*MQ..*_ga*MTAwNDY0MTM3LjE3MTA3NzQ5OTc.*_ga_5B3MMKXDLW*MTcxMDc3NDk5Ni4xLjAuMTcxMDc3NDk5Ni4wLjAuMA..\">P\u00e1lyat\u00e9tel c\u00edmek (\u00c9lettani Int\u00e9zetre klikk)<\/a><\/p>\n<p style=\"text-align: center\"><a href=\"https:\/\/semmelweis.hu\/elettan\/oktatas\/szakdolgozat-temakorok\/rektori-palyamunka-szakdolgozatkent-valo-ervenyesitese\/\">Rektori p\u00e1lyamunka, mint szakdolgozat <\/a>(elj\u00e1r\u00e1s rendje)<\/p>\n<p>&nbsp;<\/p>\n<p style=\"text-align: center\">Hat\u00e1rid\u0151k:<\/p>\n<p style=\"text-align: center\">Bead\u00e1si hat\u00e1rid\u0151: <span style=\"color: #ff0000\"><strong>aktu\u00e1lis tan\u00e9v okt\u00f3ber 15-ig<\/strong> a t\u00e9m\u00e1t ki\u00edr\u00f3 Int\u00e9zetn\u00e9l<br \/>\n<\/span><\/p>\n<p style=\"text-align: center\">\u00a0<\/p>\n<p>&nbsp;<\/p>\n<p>&nbsp;<\/p>\n<p>&nbsp;<\/p>\n<p>&nbsp;<\/p>\n","protected":false},"excerpt":{"rendered":"<p>REKTORI P\u00c1LY\u00c1ZAT<\/p>\n<p><a href=\"https:\/\/semmelweis.hu\/tdk\/palyazatok\/rektori-palyazat\/\">20<\/a>24<a href=\"https:\/\/semmelweis.hu\/tdk\/palyazatok\/rektori-palyazat\/\">\/25-\u00f6s tan\u00e9v\u00a0 &#8211; inform\u00e1ci\u00f3k, elj\u00e1r\u00e1srend <\/a>(TDK honlap t\u00e1j\u00e9koztat\u00e1sa)<br \/>\n<a href=\"https:\/\/semmelweis.hu\/tdk\/files\/2022\/09\/Hallgatoi_kituntetesekrol_szolo_szabalyzat_hataly_2022_IX.10-tol.pdf?_gl=1*rwm05k*_up*MQ..*_ga*OTE3ODAxMzQ3LjE3MTA3NzQ4MTc.*_ga_5B3MMKXDLW*MTcxMDc3NDgxNy4xLjAuMTcxMDc3NDgxNy4wLjAuMA..\">Rektori p\u00e1lyamunka &#8211; Szab\u00e1lyzat <\/a>(let\u00f6lthet\u0151)<br \/>\n<a href=\"https:\/\/semmelweis.hu\/tdk\/rektori-palyazat-2023-2024-meghirdetett-temak\/?_gl=1*gd3bzy*_up*MQ..*_ga*MTAwNDY0MTM3LjE3MTA3NzQ5OTc.*_ga_5B3MMKXDLW*MTcxMDc3NDk5Ni4xLjAuMTcxMDc3NDk5Ni4wLjAuMA..\">P\u00e1lyat\u00e9tel c\u00edmek (\u00c9lettani Int\u00e9zetre klikk)<\/a><br \/>\n<a href=\"https:\/\/semmelweis.hu\/elettan\/oktatas\/szakdolgozat-temakorok\/rektori-palyamunka-szakdolgozatkent-valo-ervenyesitese\/\">Rektori p\u00e1lyamunka, mint szakdolgozat <\/a>(elj\u00e1r\u00e1s rendje)<br \/>\n&nbsp;<br \/>\nHat\u00e1rid\u0151k:<br \/>\nBead\u00e1si hat\u00e1rid\u0151: aktu\u00e1lis tan\u00e9v okt\u00f3ber 15-ig a t\u00e9m\u00e1t ki\u00edr\u00f3 Int\u00e9zetn\u00e9l<\/p>\n<p>\u00a0<br \/>\n&nbsp;<br \/>\n&nbsp;<br \/>\n&nbsp;<br \/>\n&nbsp;<\/p>\n","protected":false},"author":101165,"featured_media":0,"parent":5095,"menu_order":20,"comment_status":"closed","ping_status":"closed","template":"","meta":{"_acf_changed":false,"footnotes":""},"categories":[],"tags":[],"class_list":["post-5378","page","type-page","status-publish","hentry"],"acf":[],"_links":{"self":[{"href":"https:\/\/semmelweis.hu\/elettan\/wp-json\/wp\/v2\/pages\/5378","targetHints":{"allow":["GET"]}}],"collection":[{"href":"https:\/\/semmelweis.hu\/elettan\/wp-json\/wp\/v2\/pages"}],"about":[{"href":"https:\/\/semmelweis.hu\/elettan\/wp-json\/wp\/v2\/types\/page"}],"author":[{"embeddable":true,"href":"https:\/\/semmelweis.hu\/elettan\/wp-json\/wp\/v2\/users\/101165"}],"replies":[{"embeddable":true,"href":"https:\/\/semmelweis.hu\/elettan\/wp-json\/wp\/v2\/comments?post=5378"}],"version-history":[{"count":9,"href":"https:\/\/semmelweis.hu\/elettan\/wp-json\/wp\/v2\/pages\/5378\/revisions"}],"predecessor-version":[{"id":7394,"href":"https:\/\/semmelweis.hu\/elettan\/wp-json\/wp\/v2\/pages\/5378\/revisions\/7394"}],"up":[{"embeddable":true,"href":"https:\/\/semmelweis.hu\/elettan\/wp-json\/wp\/v2\/pages\/5095"}],"wp:attachment":[{"href":"https:\/\/semmelweis.hu\/elettan\/wp-json\/wp\/v2\/media?parent=5378"}],"wp:term":[{"taxonomy":"category","embeddable":true,"href":"https:\/\/semmelweis.hu\/elettan\/wp-json\/wp\/v2\/categories?post=5378"},{"taxonomy":"post_tag","embeddable":true,"href":"https:\/\/semmelweis.hu\/elettan\/wp-json\/wp\/v2\/tags?post=5378"}],"curies":[{"name":"wp","href":"https:\/\/api.w.org\/{rel}","templated":true}]}}