{"id":3237,"date":"2017-12-20T16:03:10","date_gmt":"2017-12-20T15:03:10","guid":{"rendered":"http:\/\/semmelweis.hu\/elettan\/?page_id=3237"},"modified":"2024-07-09T15:45:38","modified_gmt":"2024-07-09T13:45:38","slug":"vekop-palyazat","status":"publish","type":"page","link":"https:\/\/semmelweis.hu\/elettan\/vekop-palyazatok\/vekop-palyazat\/","title":{"rendered":"Kis\u00e1llatok in vivo folyamatainak 3D k\u00e9palkot\u00f3 vizsg\u00e1lat\u00e1hoz sz\u00fcks\u00e9ges m\u0171szeregy\u00fcttes beszerz\u00e9se"},"content":{"rendered":"<p><a href=\"https:\/\/semmelweis.hu\/elettan\/files\/2024\/07\/infoblokk_kedv_final_felso_cmyk_ERFA.jpg\"><img loading=\"lazy\" decoding=\"async\" class=\"size-medium wp-image-6702 alignright\" src=\"https:\/\/semmelweis.hu\/elettan\/files\/2024\/07\/infoblokk_kedv_final_felso_cmyk_ERFA-300x207.jpg\" alt=\"\" width=\"300\" height=\"207\" srcset=\"https:\/\/semmelweis.hu\/elettan\/files\/2024\/07\/infoblokk_kedv_final_felso_cmyk_ERFA-300x207.jpg 300w, https:\/\/semmelweis.hu\/elettan\/files\/2024\/07\/infoblokk_kedv_final_felso_cmyk_ERFA-1024x708.jpg 1024w, https:\/\/semmelweis.hu\/elettan\/files\/2024\/07\/infoblokk_kedv_final_felso_cmyk_ERFA-768x531.jpg 768w, https:\/\/semmelweis.hu\/elettan\/files\/2024\/07\/infoblokk_kedv_final_felso_cmyk_ERFA-175x120.jpg 175w, https:\/\/semmelweis.hu\/elettan\/files\/2024\/07\/infoblokk_kedv_final_felso_cmyk_ERFA-753x520.jpg 753w, https:\/\/semmelweis.hu\/elettan\/files\/2024\/07\/infoblokk_kedv_final_felso_cmyk_ERFA.jpg 1453w\" sizes=\"auto, (max-width: 300px) 100vw, 300px\" \/><\/a><\/p>\n<p style=\"text-align: center\"><strong>Kis\u00e1llatok in vivo folyamatainak 3D k\u00e9palkot\u00f3 vizsg\u00e1lat\u00e1hoz sz\u00fcks\u00e9ges m\u0171szeregy\u00fcttes beszerz\u00e9se<\/strong><\/p>\n<p style=\"text-align: center\"><strong>VEKOP-2.3.3-15-2016-0006<\/strong><\/p>\n<p><strong>\u00a0<\/strong>A projekt c\u00e9lja a kutat\u00e1si infrastrukt\u00fara jelent\u0151s fejleszt\u00e9se a Semmelweis Egyetemen az in vivo folyamatok 3D k\u00e9palkot\u00f3 m\u00f3dszerekkel t\u00f6rt\u00e9n\u0151 vizsg\u00e1lat\u00e1hoz. A megval\u00f3sult \u00a0innovat\u00edv fejleszt\u00e9s a m\u00e1r kor\u00e1bban is rendelkez\u00e9sre \u00e1ll\u00f3 m\u0171szerekkel egy\u00fctt egy nemzetk\u00f6zileg kiemelten versenyk\u00e9pes \u00e9s hat\u00e9kony m\u0171szer- \u00e9s ezzel egy\u00fctt kutat\u00e1si \u00e9s szolg\u00e1ltat\u00e1si portf\u00f3li\u00f3 kialak\u00edt\u00e1s\u00e1t tette lehet\u0151v\u00e9, amelynek a f\u0151 feladata a tudom\u00e1nyos kiv\u00e1l\u00f3s\u00e1g szolg\u00e1lata. A portf\u00f3li\u00f3 \u201ecore facility\u201d-k\u00e9nt el\u00e9rhet\u0151 a hazai \u00e9s a nemzetk\u00f6zi partnerek sz\u00e9les k\u00f6r\u00e9nek.<\/p>\n<p>A 363 526\u00a0646 forint t\u00e1mogat\u00e1si \u00f6sszeg\u0171, 100%-os t\u00e1mogat\u00e1s\u00fa projekt szakmai vezet\u0151je Dr. M\u00f3csai Attila, az \u00c9lettani Int\u00e9zet egyetemi tan\u00e1ra volt. A T\u00e1mogat\u00f3 az Eur\u00f3pai Region\u00e1lis Fejleszt\u00e9si Alapb\u00f3l (<strong>ERFA<\/strong>) \u00e9s hazai k\u00f6zponti k\u00f6lts\u00e9gvet\u00e9si el\u0151ir\u00e1nyzatb\u00f3l ny\u00fajtotta a t\u00e1mogat\u00e1st.<\/p>\n<p>A projekt fizikai befejez\u00e9s\u00e9nek d\u00e1tuma 2022.03.31.<\/p>\n<p><strong>\u00a0A projekt sor\u00e1n az al\u00e1bbi k\u00e9sz\u00fcl\u00e9keket szerezt\u00fck be:<\/strong><\/p>\n<p>1) Nagy felbont\u00e1s\u00fa mikro-CT k\u00e9sz\u00fcl\u00e9k a sz\u00f6veti strukt\u00fara r\u00e9szletes vizsg\u00e1lat\u00e1ra.<\/p>\n<p>2) Hordozhat\u00f3 nagy felbont\u00e1s\u00fa ultrahang-k\u00e9sz\u00fcl\u00e9k kis testt\u00f6meg\u0171 egerek (ak\u00e1r magzatok) \u00e9s kisebb patk\u00e1nyok vizsg\u00e1lat\u00e1ra, bele\u00e9rtve a speci\u00e1lis technol\u00f3gi\u00e1t ig\u00e9nyl\u0151 val\u00f3s idej\u0171 kardiol\u00f3giai vizsg\u00e1latokat is.<\/p>\n<p>3) Hordozhat\u00f3 k\u00f6zepes felbont\u00e1s\u00fa ultrahang-k\u00e9sz\u00fcl\u00e9k nagyobb testt\u00f6meg\u0171 patk\u00e1nyok, nyulak \u00e9s nagy\u00e1llatok vizsg\u00e1lat\u00e1ra, bele\u00e9rtve a speci\u00e1lis technol\u00f3gi\u00e1t ig\u00e9nyl\u0151 val\u00f3s idej\u0171 kardiol\u00f3giai vizsg\u00e1latokat is.<\/p>\n<p style=\"text-align: justify\">nagy\u00e1llatok vizsg\u00e1lat\u00e1ra, bele\u00e9rtve a speci\u00e1lis technol\u00f3gi\u00e1t ig\u00e9nyl\u0151 val\u00f3s idej\u0171 kardiol\u00f3giai vizsg\u00e1latokat is<\/p>\n","protected":false},"excerpt":{"rendered":"<p><a href=\"https:\/\/semmelweis.hu\/elettan\/files\/2024\/07\/infoblokk_kedv_final_felso_cmyk_ERFA.jpg\"><\/a> Kis\u00e1llatok in vivo folyamatainak 3D k\u00e9palkot\u00f3 vizsg\u00e1lat\u00e1hoz sz\u00fcks\u00e9ges m\u0171szeregy\u00fcttes beszerz\u00e9se VEKOP-2.3.3-15-2016-0006 \u00a0A projekt c\u00e9lja a kutat\u00e1si infrastrukt\u00fara jelent\u0151s fejleszt\u00e9se a Semmelweis Egyetemen az in vivo folyamatok 3D k\u00e9palkot\u00f3 m\u00f3dszerekkel t\u00f6rt\u00e9n\u0151 vizsg\u00e1lat\u00e1hoz. A megval\u00f3sult \u00a0innovat\u00edv fejleszt\u00e9s a m\u00e1r kor\u00e1bban is rendelkez\u00e9sre \u00e1ll\u00f3 m\u0171szerekkel egy\u00fctt egy nemzetk\u00f6zileg kiemelten versenyk\u00e9pes \u00e9s hat\u00e9kony m\u0171szer- \u00e9s ezzel egy\u00fctt kutat\u00e1si \u00e9s &hellip;<\/p>\n","protected":false},"author":133,"featured_media":0,"parent":4351,"menu_order":17,"comment_status":"closed","ping_status":"closed","template":"","meta":{"_acf_changed":false,"footnotes":""},"categories":[],"tags":[],"class_list":["post-3237","page","type-page","status-publish","hentry"],"acf":[],"_links":{"self":[{"href":"https:\/\/semmelweis.hu\/elettan\/wp-json\/wp\/v2\/pages\/3237","targetHints":{"allow":["GET"]}}],"collection":[{"href":"https:\/\/semmelweis.hu\/elettan\/wp-json\/wp\/v2\/pages"}],"about":[{"href":"https:\/\/semmelweis.hu\/elettan\/wp-json\/wp\/v2\/types\/page"}],"author":[{"embeddable":true,"href":"https:\/\/semmelweis.hu\/elettan\/wp-json\/wp\/v2\/users\/133"}],"replies":[{"embeddable":true,"href":"https:\/\/semmelweis.hu\/elettan\/wp-json\/wp\/v2\/comments?post=3237"}],"version-history":[{"count":10,"href":"https:\/\/semmelweis.hu\/elettan\/wp-json\/wp\/v2\/pages\/3237\/revisions"}],"predecessor-version":[{"id":6705,"href":"https:\/\/semmelweis.hu\/elettan\/wp-json\/wp\/v2\/pages\/3237\/revisions\/6705"}],"up":[{"embeddable":true,"href":"https:\/\/semmelweis.hu\/elettan\/wp-json\/wp\/v2\/pages\/4351"}],"wp:attachment":[{"href":"https:\/\/semmelweis.hu\/elettan\/wp-json\/wp\/v2\/media?parent=3237"}],"wp:term":[{"taxonomy":"category","embeddable":true,"href":"https:\/\/semmelweis.hu\/elettan\/wp-json\/wp\/v2\/categories?post=3237"},{"taxonomy":"post_tag","embeddable":true,"href":"https:\/\/semmelweis.hu\/elettan\/wp-json\/wp\/v2\/tags?post=3237"}],"curies":[{"name":"wp","href":"https:\/\/api.w.org\/{rel}","templated":true}]}}