{"id":3178,"date":"2017-11-28T11:17:09","date_gmt":"2017-11-28T10:17:09","guid":{"rendered":"http:\/\/semmelweis.hu\/elettan\/?page_id=3178"},"modified":"2025-11-14T15:16:11","modified_gmt":"2025-11-14T14:16:11","slug":"tdk-temak","status":"publish","type":"page","link":"https:\/\/semmelweis.hu\/elettan\/tdk-2\/tdk-temak\/","title":{"rendered":"TDK t\u00e9m\u00e1k"},"content":{"rendered":"<p style=\"text-align: center\"><a href=\"https:\/\/semmelweis.hu\/elettan\/6780-2\/\">TDK t\u00e9m\u00e1k magyarul<\/a><\/p>\n<p style=\"text-align: center\"><span style=\"color: #ff0000\"><a href=\"https:\/\/semmelweis.hu\/elettan\/de\/wissenschaftlicher-studentenkreis\/tdk-themen-deutsch\/\">TDK t\u00e9m\u00e1k n\u00e9met nyelven<\/a><\/span><\/p>\n<p style=\"text-align: center\"><a href=\"https:\/\/semmelweis.hu\/elettan\/en\/tdk-topics\/\"><span style=\"color: #339966\">TDK t\u00e9m\u00e1k angol nyelven<\/span><\/a><\/p>\n","protected":false},"excerpt":{"rendered":"<p><a href=\"https:\/\/semmelweis.hu\/elettan\/6780-2\/\">TDK t\u00e9m\u00e1k magyarul<\/a><br \/>\n<a href=\"https:\/\/semmelweis.hu\/elettan\/de\/wissenschaftlicher-studentenkreis\/tdk-themen-deutsch\/\">TDK t\u00e9m\u00e1k n\u00e9met nyelven<\/a><br \/>\n<a href=\"https:\/\/semmelweis.hu\/elettan\/en\/tdk-topics\/\">TDK t\u00e9m\u00e1k angol nyelven<\/a><\/p>\n","protected":false},"author":133,"featured_media":0,"parent":5550,"menu_order":7,"comment_status":"closed","ping_status":"closed","template":"","meta":{"_acf_changed":false,"footnotes":""},"categories":[],"tags":[],"class_list":["post-3178","page","type-page","status-publish","hentry"],"acf":[],"_links":{"self":[{"href":"https:\/\/semmelweis.hu\/elettan\/wp-json\/wp\/v2\/pages\/3178","targetHints":{"allow":["GET"]}}],"collection":[{"href":"https:\/\/semmelweis.hu\/elettan\/wp-json\/wp\/v2\/pages"}],"about":[{"href":"https:\/\/semmelweis.hu\/elettan\/wp-json\/wp\/v2\/types\/page"}],"author":[{"embeddable":true,"href":"https:\/\/semmelweis.hu\/elettan\/wp-json\/wp\/v2\/users\/133"}],"replies":[{"embeddable":true,"href":"https:\/\/semmelweis.hu\/elettan\/wp-json\/wp\/v2\/comments?post=3178"}],"version-history":[{"count":8,"href":"https:\/\/semmelweis.hu\/elettan\/wp-json\/wp\/v2\/pages\/3178\/revisions"}],"predecessor-version":[{"id":7379,"href":"https:\/\/semmelweis.hu\/elettan\/wp-json\/wp\/v2\/pages\/3178\/revisions\/7379"}],"up":[{"embeddable":true,"href":"https:\/\/semmelweis.hu\/elettan\/wp-json\/wp\/v2\/pages\/5550"}],"wp:attachment":[{"href":"https:\/\/semmelweis.hu\/elettan\/wp-json\/wp\/v2\/media?parent=3178"}],"wp:term":[{"taxonomy":"category","embeddable":true,"href":"https:\/\/semmelweis.hu\/elettan\/wp-json\/wp\/v2\/categories?post=3178"},{"taxonomy":"post_tag","embeddable":true,"href":"https:\/\/semmelweis.hu\/elettan\/wp-json\/wp\/v2\/tags?post=3178"}],"curies":[{"name":"wp","href":"https:\/\/api.w.org\/{rel}","templated":true}]}}