{"id":2293,"date":"2016-10-04T12:13:20","date_gmt":"2016-10-04T10:13:20","guid":{"rendered":"http:\/\/semmelweis.hu\/elettan\/?page_id=2293"},"modified":"2025-09-03T11:29:07","modified_gmt":"2025-09-03T09:29:07","slug":"general-information","status":"publish","type":"page","link":"https:\/\/semmelweis.hu\/elettan\/en\/teaching\/general-information\/","title":{"rendered":"General information"},"content":{"rendered":"<h3 style=\"text-align: center\">LECTURES (2025\/26\/1):<\/h3>\n<p style=\"text-align: center\">EOK, T\u0171zolt\u00f3 street 37-47<\/p>\n<p style=\"text-align: center\"><strong>EM:<\/strong>\u00a0<\/p>\n<p style=\"text-align: center\">\u00a0 Szent-Gy\u00f6rgyi Albert lecture hall<\/p>\n<p style=\"text-align: center\"><span style=\"font-size: 14pt\">Monday:<\/span>16:00- 17:45<span style=\"font-size: 14pt\">; Wednesday: 15:30-17:15; Thursday: 8:00-9:45<br \/>\n<\/span><\/p>\n<p style=\"text-align: center\"><strong>ED:<\/strong>\u00a0<\/p>\n<p style=\"text-align: center\"><span style=\"font-size: 14pt\">Tuesday: 12:45-14:30 (B\u00e9k\u00e9sy lecture hall);<\/span><\/p>\n<p style=\"text-align: center\"><span style=\"font-size: 14pt\"> Thursday 12:00-13:45; (Hevesy Gy\u00f6rgy lecture hall)<br \/>\n<\/span><\/p>\n<p style=\"text-align: center\"><span style=\"font-size: 14pt\"> Friday: 11:00-12:45 (B\u00e9k\u00e9sy Gy\u00f6rgy lecture hall)<br \/>\n<\/span><\/p>\n<p>&nbsp;<\/p>\n<h3 style=\"text-align: center\">TEACHING ADMINISTRATION:<\/h3>\n<p style=\"text-align: center\">Monday: 13:00 p.m.-15:00 p.m.<\/p>\n<p style=\"text-align: center\">Dr. Andr\u00e1s BALLA; phone: 36-1-459-1500\/ext. 60450; EOK Building, Room 4.403<\/p>\n<p style=\"text-align: center\">e-mail: balla.andras@semmelweis.hu<\/p>\n","protected":false},"excerpt":{"rendered":"<p>LECTURES (2025\/26\/1):<br \/>\nEOK, T\u0171zolt\u00f3 street 37-47<br \/>\nEM:\u00a0<br \/>\n\u00a0 Szent-Gy\u00f6rgyi Albert lecture hall<br \/>\nMonday:16:00- 17:45; Wednesday: 15:30-17:15; Thursday: 8:00-9:45<\/p>\n<p>ED:\u00a0<br \/>\nTuesday: 12:45-14:30 (B\u00e9k\u00e9sy lecture hall);<br \/>\n Thursday 12:00-13:45; (Hevesy Gy\u00f6rgy lecture hall)<\/p>\n<p> Friday: 11:00-12:45 (B\u00e9k\u00e9sy Gy\u00f6rgy lecture hall)<\/p>\n<p>&nbsp;<br \/>\nTEACHING ADMINISTRATION:<br \/>\nMonday: 13:00 p.m.-15:00 p.m.<br \/>\nDr. Andr\u00e1s BALLA; phone: 36-1-459-1500\/ext. 60450; EOK Building, Room 4.403<br \/>\ne-mail: balla.andras@semmelweis.hu<\/p>\n","protected":false},"author":133,"featured_media":0,"parent":1045,"menu_order":6,"comment_status":"closed","ping_status":"closed","template":"","meta":{"_acf_changed":false,"footnotes":""},"categories":[],"tags":[],"class_list":["post-2293","page","type-page","status-publish","hentry"],"acf":[],"_links":{"self":[{"href":"https:\/\/semmelweis.hu\/elettan\/wp-json\/wp\/v2\/pages\/2293","targetHints":{"allow":["GET"]}}],"collection":[{"href":"https:\/\/semmelweis.hu\/elettan\/wp-json\/wp\/v2\/pages"}],"about":[{"href":"https:\/\/semmelweis.hu\/elettan\/wp-json\/wp\/v2\/types\/page"}],"author":[{"embeddable":true,"href":"https:\/\/semmelweis.hu\/elettan\/wp-json\/wp\/v2\/users\/133"}],"replies":[{"embeddable":true,"href":"https:\/\/semmelweis.hu\/elettan\/wp-json\/wp\/v2\/comments?post=2293"}],"version-history":[{"count":12,"href":"https:\/\/semmelweis.hu\/elettan\/wp-json\/wp\/v2\/pages\/2293\/revisions"}],"predecessor-version":[{"id":7253,"href":"https:\/\/semmelweis.hu\/elettan\/wp-json\/wp\/v2\/pages\/2293\/revisions\/7253"}],"up":[{"embeddable":true,"href":"https:\/\/semmelweis.hu\/elettan\/wp-json\/wp\/v2\/pages\/1045"}],"wp:attachment":[{"href":"https:\/\/semmelweis.hu\/elettan\/wp-json\/wp\/v2\/media?parent=2293"}],"wp:term":[{"taxonomy":"category","embeddable":true,"href":"https:\/\/semmelweis.hu\/elettan\/wp-json\/wp\/v2\/categories?post=2293"},{"taxonomy":"post_tag","embeddable":true,"href":"https:\/\/semmelweis.hu\/elettan\/wp-json\/wp\/v2\/tags?post=2293"}],"curies":[{"name":"wp","href":"https:\/\/api.w.org\/{rel}","templated":true}]}}

<h3 style="text-align: center">LECTURES (2025/26/1):</h3>
<p style="text-align: center">EOK, Tűzoltó street 37-47</p>
<p style="text-align: center"><strong>EM:</strong> </p>
<p style="text-align: center">  Szent-Györgyi Albert lecture hall</p>
<p style="text-align: center"><span style="font-size: 14pt">Monday:</span>16:00- 17:45<span style="font-size: 14pt">; Wednesday: 15:30-17:15; Thursday: 8:00-9:45<br />
</span></p>
<p style="text-align: center"><strong>ED:</strong> </p>
<p style="text-align: center"><span style="font-size: 14pt">Tuesday: 12:45-14:30 (Békésy lecture hall);</span></p>
<p style="text-align: center"><span style="font-size: 14pt"> Thursday 12:00-13:45; (Hevesy György lecture hall)<br />
</span></p>
<p style="text-align: center"><span style="font-size: 14pt"> Friday: 11:00-12:45 (Békésy György lecture hall)<br />
</span></p>
<p>&nbsp;</p>
<h3 style="text-align: center">TEACHING ADMINISTRATION:</h3>
<p style="text-align: center">Monday: 13:00 p.m.-15:00 p.m.</p>
<p style="text-align: center">Dr. András BALLA; phone: 36-1-459-1500/ext. 60450; EOK Building, Room 4.403</p>
<p style="text-align: center">e-mail: balla.andras@semmelweis.hu</p>

<p>LECTURES (2025/26/1):<br />
EOK, Tűzoltó street 37-47<br />
EM: <br />
  Szent-Györgyi Albert lecture hall<br />
Monday:16:00- 17:45; Wednesday: 15:30-17:15; Thursday: 8:00-9:45</p>
<p>ED: <br />
Tuesday: 12:45-14:30 (Békésy lecture hall);<br />
 Thursday 12:00-13:45; (Hevesy György lecture hall)</p>
<p> Friday: 11:00-12:45 (Békésy György lecture hall)</p>
<p>&nbsp;<br />
TEACHING ADMINISTRATION:<br />
Monday: 13:00 p.m.-15:00 p.m.<br />
Dr. András BALLA; phone: 36-1-459-1500/ext. 60450; EOK Building, Room 4.403<br />
e-mail: balla.andras@semmelweis.hu</p>
