{"id":203,"date":"2013-07-30T10:49:58","date_gmt":"2013-07-30T08:49:58","guid":{"rendered":"http:\/\/semmelweis-egyetem.hu\/elettan\/?page_id=203"},"modified":"2026-02-16T09:09:55","modified_gmt":"2026-02-16T08:09:55","slug":"kiserletes-elettan-2","status":"publish","type":"page","link":"https:\/\/semmelweis.hu\/elettan\/oktatas\/valaszthato-kurzusok\/kiserletes-elettan-2\/","title":{"rendered":"K\u00eds\u00e9rletes \u00e9lettan"},"content":{"rendered":"<p><!--:hu--><\/p>\n<p style=\"text-align: center\"><span style=\"color: #333399\"><b>K\u00cdS\u00c9RLETES \u00c9LETTAN TUDOM\u00c1NYOS ALAPJAI<br \/>\n<\/b><\/span><\/p>\n<p style=\"text-align: center\"><b>2025\/26. tan\u00e9v II. f\u00e9l\u00e9v<\/b><\/p>\n<p style=\"text-align: center\"><span style=\"color: #e0d5d5\"><strong><span style=\"color: #000000\">H\u00e9tf\u0151: 17:30-19:15<\/span><\/strong><\/span><\/p>\n<p style=\"text-align: center\">\u00c9lettani Int\u00e9zet K\u00f6nyvt\u00e1ra (EOK III. em.)<\/p>\n<p style=\"text-align: center\"><a href=\"https:\/\/semmelweis.hu\/elettan\/files\/2023\/02\/Kiserletes-sejtelettan-kovtelmenyrendszer.pdf\">k\u00f6vetelm\u00e9nyrendszer<\/a> (2024\/25, v\u00e1ltozatlan)<\/p>\n<p style=\"text-align: center\"><a href=\"https:\/\/semmelweis.hu\/elettan\/files\/2023\/02\/Kiserletes_eloadas_tavasz.pdf\"><span style=\"color: #0000ff\"><span style=\"color: #000000\">az el\u0151ad\u00e1sok<\/span><\/span> tematik\u00e1ja (2025\/26<\/a><a href=\"https:\/\/semmelweis.hu\/elettan\/files\/2023\/02\/Kiserletes_eloadas_tavasz.pdf\">)<\/a><\/p>\n<p style=\"text-align: center\">\u00a0<\/p>\n<p><span style=\"color: #e0d5d5\"><span style=\"color: #0000ff\"><br \/>\n<\/span><\/span><b> <\/b><\/p>\n<p><!--:--><\/p>\n<p>&nbsp;<\/p>\n","protected":false},"excerpt":{"rendered":"<p>K\u00cdS\u00c9RLETES \u00c9LETTAN TUDOM\u00c1NYOS ALAPJAI<\/p>\n<p>2025\/26. tan\u00e9v II. f\u00e9l\u00e9v<br \/>\nH\u00e9tf\u0151: 17:30-19:15<br \/>\n\u00c9lettani Int\u00e9zet K\u00f6nyvt\u00e1ra (EOK III. em.)<br \/>\n<a href=\"https:\/\/semmelweis.hu\/elettan\/files\/2023\/02\/Kiserletes-sejtelettan-kovtelmenyrendszer.pdf\">k\u00f6vetelm\u00e9nyrendszer<\/a> (2024\/25, v\u00e1ltozatlan)<br \/>\n<a href=\"https:\/\/semmelweis.hu\/elettan\/files\/2023\/02\/Kiserletes_eloadas_tavasz.pdf\">az el\u0151ad\u00e1sok tematik\u00e1ja (2025\/26<\/a><a href=\"https:\/\/semmelweis.hu\/elettan\/files\/2023\/02\/Kiserletes_eloadas_tavasz.pdf\">)<\/a><br \/>\n\u00a0<\/p>\n<p>&nbsp;<\/p>\n","protected":false},"author":116,"featured_media":0,"parent":199,"menu_order":16,"comment_status":"closed","ping_status":"closed","template":"","meta":{"_acf_changed":false,"footnotes":""},"categories":[],"tags":[],"class_list":["post-203","page","type-page","status-publish","hentry"],"acf":[],"_links":{"self":[{"href":"https:\/\/semmelweis.hu\/elettan\/wp-json\/wp\/v2\/pages\/203","targetHints":{"allow":["GET"]}}],"collection":[{"href":"https:\/\/semmelweis.hu\/elettan\/wp-json\/wp\/v2\/pages"}],"about":[{"href":"https:\/\/semmelweis.hu\/elettan\/wp-json\/wp\/v2\/types\/page"}],"author":[{"embeddable":true,"href":"https:\/\/semmelweis.hu\/elettan\/wp-json\/wp\/v2\/users\/116"}],"replies":[{"embeddable":true,"href":"https:\/\/semmelweis.hu\/elettan\/wp-json\/wp\/v2\/comments?post=203"}],"version-history":[{"count":11,"href":"https:\/\/semmelweis.hu\/elettan\/wp-json\/wp\/v2\/pages\/203\/revisions"}],"predecessor-version":[{"id":7462,"href":"https:\/\/semmelweis.hu\/elettan\/wp-json\/wp\/v2\/pages\/203\/revisions\/7462"}],"up":[{"embeddable":true,"href":"https:\/\/semmelweis.hu\/elettan\/wp-json\/wp\/v2\/pages\/199"}],"wp:attachment":[{"href":"https:\/\/semmelweis.hu\/elettan\/wp-json\/wp\/v2\/media?parent=203"}],"wp:term":[{"taxonomy":"category","embeddable":true,"href":"https:\/\/semmelweis.hu\/elettan\/wp-json\/wp\/v2\/categories?post=203"},{"taxonomy":"post_tag","embeddable":true,"href":"https:\/\/semmelweis.hu\/elettan\/wp-json\/wp\/v2\/tags?post=203"}],"curies":[{"name":"wp","href":"https:\/\/api.w.org\/{rel}","templated":true}]}}