{"id":189,"date":"2013-07-30T10:32:31","date_gmt":"2013-07-30T08:32:31","guid":{"rendered":"http:\/\/semmelweis-egyetem.hu\/elettan\/?page_id=189"},"modified":"2026-03-25T10:42:51","modified_gmt":"2026-03-25T09:42:51","slug":"az-intezet-tdk-s-hallgatoi","status":"publish","type":"page","link":"https:\/\/semmelweis.hu\/elettan\/tdk-2\/az-intezet-tdk-s-hallgatoi\/","title":{"rendered":"A TDK-s hallgat\u00f3k n\u00e9vsora"},"content":{"rendered":"<p><!--:hu--><\/p>\n<p style=\"text-align: center\"><strong><span style=\"font-size: medium\"><span style=\"font-family: georgia,palatino\">Az \u00c9lettani Int\u00e9zet Di\u00e1kk\u00f6r\u00f6seinek n\u00e9vsora:<\/span><\/span><\/strong><\/p>\n<ul>\n<li style=\"text-align: center\">2025\/2026 tan\u00e9v<a href=\"https:\/\/semmelweis.hu\/elettan\/files\/2025\/11\/Elettan_TDK_hallgatok_jelentes_2025_26_1_honpalra_korr.pdf\">\u00a0 I. f\u00e9l\u00e9v<\/a>; <a href=\"https:\/\/semmelweis.hu\/elettan\/files\/2026\/03\/Elettan_TDK_hallgatok_jelentes_2025_26_2_honlapra.pdf\">II. f\u00e9l\u00e9v<\/a><\/li>\n<li style=\"text-align: center\">2024\/2025 tan\u00e9v <a href=\"https:\/\/semmelweis.hu\/elettan\/files\/2025\/06\/Elettan_TDK_hallgatok_2024_25_1_honlapra.pdf\">I. f\u00e9l\u00e9v<\/a>; <a href=\"https:\/\/semmelweis.hu\/elettan\/files\/2025\/06\/Elettan_TDK_hallgatok_2024_25_2_honlapra.pdf\">II. f\u00e9l\u00e9v<\/a><\/li>\n<li style=\"text-align: center\"><a href=\"https:\/\/semmelweis.hu\/elettan\/files\/2023\/10\/202324_tdk_hallgatoi-lista.pdf\">2023\/2024 tan\u00e9v<\/a><\/li>\n<li style=\"text-align: center\"><a href=\"https:\/\/semmelweis.hu\/elettan\/files\/2022\/11\/Elettan-TDK-jelentes-2022_23_1_mod20221104_honlapra.pdf\">2022\/2023 tan\u00e9v<\/a><\/li>\n<li style=\"text-align: center\"><a href=\"https:\/\/semmelweis.hu\/elettan\/files\/2021\/11\/TDK-hallgatok-2021_22_I_elettani_intezet_20211122_honlapra.pdf\">2021\/2022 tan\u00e9v<\/a><\/li>\n<li style=\"text-align: center\"><a href=\"https:\/\/semmelweis.hu\/elettan\/files\/2021\/04\/TDK-2020_21_II_\u00e9lettani_int\u00e9zet_jelent\u00e9s_20120331_1.pdf\">2020\/2021 tan\u00e9v<\/a><\/li>\n<li style=\"text-align: center\"><a href=\"https:\/\/semmelweis.hu\/elettan\/files\/2019\/10\/TDK-2019_20_\u00e9lettani_int\u00e9zet_hallgat\u00f3k_honlapra.pdf\">2019\/2020 tan\u00e9v<\/a><\/li>\n<li style=\"text-align: center\"><a href=\"https:\/\/semmelweis.hu\/elettan\/files\/2019\/05\/TDK-hallagt\u00f3k-2019_m\u00e1sodik-f\u00e9l\u00e9v_\u00c9lettaniInt\u00e9zet_honlapra.pdf\">2018\/2019 tan\u00e9v<\/a><\/li>\n<li style=\"text-align: center\"><a href=\"https:\/\/semmelweis.hu\/elettan\/files\/2017\/10\/Hallgatok_neptun_n\u00e9lk\u00fcl_jo.pdf\">2017\/2018 tan\u00e9v<\/a><\/li>\n<li style=\"text-align: center\"><a href=\"https:\/\/semmelweis.hu\/elettan\/files\/2016\/11\/\u00c9lettani-Int\u00e9zet-TDKsok-201617.pdf\">2016\/2017 tan\u00e9v<\/a><\/li>\n<li style=\"text-align: center\"><a href=\"https:\/\/semmelweis.hu\/elettan\/files\/2016\/01\/TDK-n\u00e9vsor-\u00c9lettani-Int\u00e9zet-2015_16.pdf\">2015\/2016 tan\u00e9v<\/a><\/li>\n<li style=\"text-align: center\"><a href=\"https:\/\/semmelweis.hu\/elettan\/files\/2015\/02\/TDK-2014_15-\u00c9lettan_r.pdf\">2014\/2015 tan\u00e9v<\/a><\/li>\n<li style=\"text-align: center\"><a href=\"https:\/\/semmelweis.hu\/elettan\/files\/2013\/10\/TDK-TAGOK13r.pdf\">2013\/2014 tan\u00e9v<\/a><\/li>\n<li style=\"text-align: center\"><a href=\"https:\/\/semmelweis.hu\/elettan\/files\/2017\/01\/TAGOK-12.pdf\">2012\/2013 tan\u00e9v<\/a><\/li>\n<\/ul>\n<p><!--:--><\/p>\n","protected":false},"excerpt":{"rendered":"<p>Az \u00c9lettani Int\u00e9zet Di\u00e1kk\u00f6r\u00f6seinek n\u00e9vsora:<\/p>\n<p>2025\/2026 tan\u00e9v<a href=\"https:\/\/semmelweis.hu\/elettan\/files\/2025\/11\/Elettan_TDK_hallgatok_jelentes_2025_26_1_honpalra_korr.pdf\">\u00a0 I. f\u00e9l\u00e9v<\/a>; <a href=\"https:\/\/semmelweis.hu\/elettan\/files\/2026\/03\/Elettan_TDK_hallgatok_jelentes_2025_26_2_honlapra.pdf\">II. f\u00e9l\u00e9v<\/a><br \/>\n2024\/2025 tan\u00e9v <a href=\"https:\/\/semmelweis.hu\/elettan\/files\/2025\/06\/Elettan_TDK_hallgatok_2024_25_1_honlapra.pdf\">I. f\u00e9l\u00e9v<\/a>; <a href=\"https:\/\/semmelweis.hu\/elettan\/files\/2025\/06\/Elettan_TDK_hallgatok_2024_25_2_honlapra.pdf\">II. f\u00e9l\u00e9v<\/a><br \/>\n<a href=\"https:\/\/semmelweis.hu\/elettan\/files\/2023\/10\/202324_tdk_hallgatoi-lista.pdf\">2023\/2024 tan\u00e9v<\/a><br \/>\n<a href=\"https:\/\/semmelweis.hu\/elettan\/files\/2022\/11\/Elettan-TDK-jelentes-2022_23_1_mod20221104_honlapra.pdf\">2022\/2023 tan\u00e9v<\/a><br \/>\n<a href=\"https:\/\/semmelweis.hu\/elettan\/files\/2021\/11\/TDK-hallgatok-2021_22_I_elettani_intezet_20211122_honlapra.pdf\">2021\/2022 tan\u00e9v<\/a><br \/>\n<a href=\"https:\/\/semmelweis.hu\/elettan\/files\/2021\/04\/TDK-2020_21_II_\u00e9lettani_int\u00e9zet_jelent\u00e9s_20120331_1.pdf\">2020\/2021 tan\u00e9v<\/a><br \/>\n<a href=\"https:\/\/semmelweis.hu\/elettan\/files\/2019\/10\/TDK-2019_20_\u00e9lettani_int\u00e9zet_hallgat\u00f3k_honlapra.pdf\">2019\/2020 tan\u00e9v<\/a><br \/>\n<a href=\"https:\/\/semmelweis.hu\/elettan\/files\/2019\/05\/TDK-hallagt\u00f3k-2019_m\u00e1sodik-f\u00e9l\u00e9v_\u00c9lettaniInt\u00e9zet_honlapra.pdf\">2018\/2019 tan\u00e9v<\/a><br \/>\n<a href=\"https:\/\/semmelweis.hu\/elettan\/files\/2017\/10\/Hallgatok_neptun_n\u00e9lk\u00fcl_jo.pdf\">2017\/2018 tan\u00e9v<\/a><br \/>\n<a href=\"https:\/\/semmelweis.hu\/elettan\/files\/2016\/11\/\u00c9lettani-Int\u00e9zet-TDKsok-201617.pdf\">2016\/2017 tan\u00e9v<\/a><br \/>\n<a href=\"https:\/\/semmelweis.hu\/elettan\/files\/2016\/01\/TDK-n\u00e9vsor-\u00c9lettani-Int\u00e9zet-2015_16.pdf\">2015\/2016 tan\u00e9v<\/a><br \/>\n<a href=\"https:\/\/semmelweis.hu\/elettan\/files\/2015\/02\/TDK-2014_15-\u00c9lettan_r.pdf\">2014\/2015 tan\u00e9v<\/a><br \/>\n<a href=\"https:\/\/semmelweis.hu\/elettan\/files\/2013\/10\/TDK-TAGOK13r.pdf\">2013\/2014 tan\u00e9v<\/a><br \/>\n<a href=\"https:\/\/semmelweis.hu\/elettan\/files\/2017\/01\/TAGOK-12.pdf\">2012\/2013 tan\u00e9v<\/a><\/p>\n","protected":false},"author":116,"featured_media":0,"parent":5550,"menu_order":6,"comment_status":"closed","ping_status":"closed","template":"","meta":{"_acf_changed":false,"footnotes":""},"categories":[],"tags":[],"class_list":["post-189","page","type-page","status-publish","hentry"],"acf":[],"_links":{"self":[{"href":"https:\/\/semmelweis.hu\/elettan\/wp-json\/wp\/v2\/pages\/189","targetHints":{"allow":["GET"]}}],"collection":[{"href":"https:\/\/semmelweis.hu\/elettan\/wp-json\/wp\/v2\/pages"}],"about":[{"href":"https:\/\/semmelweis.hu\/elettan\/wp-json\/wp\/v2\/types\/page"}],"author":[{"embeddable":true,"href":"https:\/\/semmelweis.hu\/elettan\/wp-json\/wp\/v2\/users\/116"}],"replies":[{"embeddable":true,"href":"https:\/\/semmelweis.hu\/elettan\/wp-json\/wp\/v2\/comments?post=189"}],"version-history":[{"count":12,"href":"https:\/\/semmelweis.hu\/elettan\/wp-json\/wp\/v2\/pages\/189\/revisions"}],"predecessor-version":[{"id":4096,"href":"https:\/\/semmelweis.hu\/elettan\/wp-json\/wp\/v2\/pages\/189\/revisions\/4096"}],"up":[{"embeddable":true,"href":"https:\/\/semmelweis.hu\/elettan\/wp-json\/wp\/v2\/pages\/5550"}],"wp:attachment":[{"href":"https:\/\/semmelweis.hu\/elettan\/wp-json\/wp\/v2\/media?parent=189"}],"wp:term":[{"taxonomy":"category","embeddable":true,"href":"https:\/\/semmelweis.hu\/elettan\/wp-json\/wp\/v2\/categories?post=189"},{"taxonomy":"post_tag","embeddable":true,"href":"https:\/\/semmelweis.hu\/elettan\/wp-json\/wp\/v2\/tags?post=189"}],"curies":[{"name":"wp","href":"https:\/\/api.w.org\/{rel}","templated":true}]}}