{"id":1047,"date":"2014-06-18T12:44:52","date_gmt":"2014-06-18T10:44:52","guid":{"rendered":"http:\/\/semmelweis.hu\/elettan\/?page_id=1047"},"modified":"2026-03-23T09:08:46","modified_gmt":"2026-03-23T08:08:46","slug":"unterricht","status":"publish","type":"page","link":"https:\/\/semmelweis.hu\/elettan\/de\/unterricht\/","title":{"rendered":"Allgemeine Informationen"},"content":{"rendered":"<div>\n<h3 style=\"text-align: center\"><span style=\"color: #ff0000;font-size: 14pt\"><strong>Achtung!<\/strong> Studiumsbezogene Fragen werden ausschlie\u00dflich nach vorheriger E-Mail-Anfrage bearbeitet! <\/span><\/h3>\n<h3 style=\"text-align: center\"><strong style=\"color: #003366;font-family: georgia, palatino;font-size: medium\">Zust\u00e4ndig f\u00fcr die Studenten:<\/strong><\/h3>\n<\/div>\n<div style=\"text-align: center\"><span style=\"font-family: georgia,palatino;font-size: medium;color: #003366\"><span style=\"color: #333333\">Dr. G\u00e1bor PETHE\u0150, Dozent<\/span><\/span><\/div>\n<h5 style=\"text-align: center\"><span style=\"font-size: small;font-family: georgia,palatino\"><span style=\"color: #003366\"><strong>Telefon: <\/strong><span style=\"color: #000000\">(+36-1-459-1500)\/<\/span><strong><span style=\"color: #333333\">60436<\/span>, <\/strong><\/span><\/span><\/h5>\n<h3 style=\"text-align: center\"><span style=\"font-size: small;font-family: georgia,palatino\"><span style=\"font-size: small;font-family: georgia,palatino\"><span style=\"color: #003366\"><strong>Email<span style=\"color: #000000\">:<\/span><\/strong><\/span><\/span><\/span><span style=\"font-size: 10pt\"> petheo.gabor[\u00e4t]semmelweis.hu<\/span><\/h3>\n<h4 style=\"text-align: center\"><span style=\"font-size: 12pt;color: #ff0000\">Angabe des Neptun-IDs und der Fakult\u00e4t ist f\u00fcr die Studierenden der Semmelweis Universit\u00e4t erforderlich!<\/span><\/h4>\n<h6 style=\"text-align: center\"><span style=\"font-size: 12pt;color: #ff0000\">Pers\u00f6nliche Besprechung ist ausschlie\u00dflich nach Terminabstimmung per E-Mail m\u00f6glich, worin kurze Beschreibung des Problems erforderlich ist!<\/span><\/h6>\n<p>&nbsp;<\/p>\n<p style=\"text-align: left\"><span style=\"font-size: medium;color: #003366\"><span style=\"font-family: georgia,palatino\"><span class=\"prop prop_content freetext\" title=\"t\u00f6bbes sz\u00e1m\">VERLAUTBARUNGEN <\/span>:<\/span><\/span><\/p>\n<p>Anforderungen f\u00fcr den Kurs Medizinische Physiologie (Bitte ignorieren Sie den Wasserzeichenvermerk &#8222;Nem hat\u00e1lyos\u00edtott&#8221;!): AOKELT1100_<a href=\"https:\/\/semmelweis.hu\/elettan\/files\/2025\/09\/DM_I_tankov.pdf\">1N<\/a> \/ <a href=\"https:\/\/semmelweis.hu\/elettan\/files\/2025\/09\/DM_II_tankov.pdf\">2N<\/a> (<span style=\"color: #ff0000\">2025\/26<\/span>), AOKELT792_<a href=\"https:\/\/semmelweis.hu\/elettan\/files\/2024\/08\/AOKELT792_1N-202425-korr.pdf\">1N<\/a> \/ <a href=\"https:\/\/semmelweis.hu\/elettan\/files\/2024\/08\/AOKELT792_2N-202425.pdf\">2N<\/a> (2024\/25), AOKELT792_<a href=\"https:\/\/semmelweis.hu\/elettan\/files\/2023\/08\/AOKELT792_1N_-202324_1_DE.pdf\">1N<\/a> \/ <a href=\"https:\/\/semmelweis.hu\/elettan\/files\/2023\/08\/AOKELT792_2N_-202324_2_DE.pdf\">2N<\/a> (<span style=\"color: #000000\">2023\/24<\/span>), AOKELT792_<a href=\"https:\/\/semmelweis.hu\/elettan\/files\/2022\/09\/AOKELT792_1N_-202223_1.pdf\">1N<\/a> \/ <a href=\"https:\/\/semmelweis.hu\/elettan\/files\/2023\/02\/AOKELT792_2N_-202223_2_DE.pdf\">2N<\/a> (2022\/23), AOKELT792_<a href=\"https:\/\/semmelweis.hu\/elettan\/files\/2021\/08\/AOKELT792_1N_-202122_1_DE.pdf\">1N<\/a> \/ <a href=\"https:\/\/semmelweis.hu\/elettan\/files\/2022\/01\/AOKELT792_2N_-202122_2_DE_rev.pdf\">2N<\/a> <span style=\"color: #000000\">(2021\/22<\/span>), <a href=\"https:\/\/semmelweis.hu\/elettan\/files\/2020\/09\/AOKELT792_1N_-202021_1_DE.pdf\">AOKELT792_1N<\/a> \/ <a href=\"https:\/\/semmelweis.hu\/elettan\/files\/2022\/01\/AOKELT792_2N_-202021_2_DE_rev1.pdf\">2N <\/a>(<span style=\"color: #000000\">2020\/21<\/span>) und <a href=\"https:\/\/semmelweis.hu\/elettan\/files\/2019\/09\/Anforderungsdatenblatt_Physiologie-DM-2019_20_1_T.pdf\">AOKELT466_1N<\/a> \/ <a href=\"https:\/\/semmelweis.hu\/elettan\/files\/2019\/09\/Anforderungsdatenblatt_Physiologie-DM-2019_20_2_T.pdf\">2N<\/a> <span style=\"color: #000000\">(2019\/20)<\/span> und <a href=\"https:\/\/semmelweis.hu\/elettan\/files\/2018\/09\/nemetAOK1819_1.pdf\">AOKELT466_1N<\/a>\/ <a href=\"https:\/\/semmelweis.hu\/elettan\/files\/2018\/09\/nemetAOK1819_2.pdf\">2N<\/a> (2018\/2019)<\/p>\n<p>Anforderungen f\u00fcr den Kurs Medizinische und Zahnmedizinische Physiologie: FOKOELT349_<a href=\"https:\/\/semmelweis.hu\/elettan\/files\/2025\/09\/FOKOELT349_1N_-202526_1_DE.pdf\">1N<\/a> \/ <a href=\"https:\/\/semmelweis.hu\/elettan\/files\/2025\/09\/FOKOELT349_2N_-202526_2_DE.pdf\">2N<\/a> (<span style=\"color: #ff0000\">2025\/26<\/span>), FOKOELT349_<a href=\"https:\/\/semmelweis.hu\/elettan\/files\/2024\/08\/FOKOELT349_1N_-202425_1_DE-Mocsai-Signed-2024-04-12.pdf\">1N<\/a> \/ <a href=\"https:\/\/semmelweis.hu\/elettan\/files\/2024\/08\/FOKOELT349_2N_-202425_2_DE-Mocsai-Signed-2024-04-12.pdf\">2N<\/a> <span style=\"color: #000000\">(2024\/25),<\/span> FOKOELT349_<a href=\"https:\/\/semmelweis.hu\/elettan\/files\/2023\/08\/FOKOELT349_1N_-202324_1_DE.pdf\">1N<\/a> \/ <a href=\"https:\/\/semmelweis.hu\/elettan\/files\/2023\/08\/FOKOELT349_2N_-202324_2_DE.pdf\">2N<\/a> <span style=\"color: #000000\">(2023\/24), <\/span>FOKOELT349_<a href=\"https:\/\/semmelweis.hu\/elettan\/files\/2022\/09\/FOKOELT349_1N_-202223_1.pdf\">1N<\/a> \/ <a href=\"https:\/\/semmelweis.hu\/elettan\/files\/2023\/02\/FOKOELT349_2N_-202223_2_DE-1.pdf\">2N<\/a> <span style=\"color: #000000\">(2022\/23),<\/span> FOKOELT349_<a href=\"https:\/\/semmelweis.hu\/elettan\/files\/2022\/01\/FOKOELT349_1N_-202122_1_DE-rev.pdf\">1N<\/a> \/ <a href=\"https:\/\/semmelweis.hu\/elettan\/files\/2022\/01\/FOKOELT349_2N_-202122_2_DE-rev.pdf\">2N<\/a> (<span style=\"color: #000000\">2021\/22<\/span>),\u00a0<a href=\"https:\/\/semmelweis.hu\/elettan\/files\/2020\/09\/FOKOELT238_1N_-202021_1_DE.pdf\">FOKOELT238_1N<\/a> <span style=\"color: #666699\">\/ <a href=\"https:\/\/semmelweis.hu\/elettan\/files\/2021\/02\/FOKOELT238_2N_-202021_2_DE-rev1.pdf\">2N<\/a> <\/span><span style=\"color: #000000\">(2020\/21)<\/span> und <span style=\"color: #666699\"><a href=\"https:\/\/semmelweis.hu\/elettan\/files\/2019\/09\/nemetFOK1920_1r\u00e9gi_jav_T.pdf\">FOKOELT124_1N<\/a> \/ <a href=\"https:\/\/semmelweis.hu\/elettan\/files\/2019\/09\/nemetFOK1920_2r\u00e9gi_jav_T.pdf\">2N <\/a><\/span><span style=\"color: #000000\">(2019\/20)<\/span> und <a href=\"https:\/\/semmelweis.hu\/elettan\/files\/2018\/09\/nemetFOK1819_1.pdf\">FOKOELT124_1N<\/a> \/ <a href=\"https:\/\/semmelweis.hu\/elettan\/files\/2018\/09\/nemetFOK1819_2.pdf\">2N<\/a> <span style=\"color: #000000\">(2018\/19)<\/span><\/p>\n<p>Mitteilung an die Student\/-innen (DM, DZ), die das <a href=\"https:\/\/semmelweis.hu\/elettan\/files\/2017\/08\/TUF-t\u00e1j_DE.pdf\">Fach Physiologie I.\/II. erneut aufnehmen<\/a><\/p>\n<p><a href=\"https:\/\/semmelweis.hu\/elettan\/files\/2018\/09\/K\u00fcl\u00f6nb\u00f6zeti-AOK-vs-FOK-2018-_DE.pdf\">Akzeptanz des Faches \u201eMedizinische und Zahnmedizinische Physiologie\u201d an der Medizinischen Fakult\u00e4t<\/a><\/p>\n<p><span style=\"font-size: 12pt\"><span style=\"font-family: georgia,palatino\"><a href=\"https:\/\/semmelweis.hu\/elettan\/unterricht\/herbstsemester\/\">Kolloquium<\/a>;<\/span><a href=\"https:\/\/semmelweis.hu\/elettan\/unterricht\/fruhlingssemester\/\"><span style=\"font-family: georgia,palatino\"> Rigorosum<\/span><\/a><\/span><\/p>\n<p><a href=\"https:\/\/eref.thieme.de\/ebooks\/1396388#\/ebook_1396388_SL59074856\" target=\"_blank\" rel=\"noopener noreferrer\">Offizielles Lehrbuch<\/a> (nur Intranet!)<\/p>\n<p>Wahlfach<\/p>\n<p>Aktionsplan auf Studentischen Bewertungen der Dozentenarbeit (OMHV): <a href=\"https:\/\/semmelweis.hu\/elettan\/files\/2022\/01\/Intezkedesi-terv-DM-2025_26_1-fin.pdf\">DM<\/a>\/ <a href=\"https:\/\/semmelweis.hu\/elettan\/files\/2022\/01\/Intezkedesi-terv-DZ-2025_26_1-fin.pdf\">DZ <\/a>(<span style=\"color: #ff0000\">2025\/26\/1<\/span>)<\/p>\n","protected":false},"excerpt":{"rendered":"<p>Achtung! Studiumsbezogene Fragen werden ausschlie\u00dflich nach vorheriger E-Mail-Anfrage bearbeitet! Zust\u00e4ndig f\u00fcr die Studenten: Dr. G\u00e1bor PETHE\u0150, Dozent Telefon: (+36-1-459-1500)\/60436, Email: petheo.gabor[\u00e4t]semmelweis.hu Angabe des Neptun-IDs und der Fakult\u00e4t ist f\u00fcr die Studierenden der Semmelweis Universit\u00e4t erforderlich! Pers\u00f6nliche Besprechung ist ausschlie\u00dflich nach Terminabstimmung per E-Mail m\u00f6glich, worin kurze Beschreibung des Problems erforderlich ist! &nbsp; VERLAUTBARUNGEN : Anforderungen &hellip;<\/p>\n","protected":false},"author":116,"featured_media":0,"parent":0,"menu_order":16,"comment_status":"closed","ping_status":"closed","template":"","meta":{"_acf_changed":false,"footnotes":""},"categories":[],"tags":[],"class_list":["post-1047","page","type-page","status-publish","hentry"],"acf":[],"_links":{"self":[{"href":"https:\/\/semmelweis.hu\/elettan\/wp-json\/wp\/v2\/pages\/1047","targetHints":{"allow":["GET"]}}],"collection":[{"href":"https:\/\/semmelweis.hu\/elettan\/wp-json\/wp\/v2\/pages"}],"about":[{"href":"https:\/\/semmelweis.hu\/elettan\/wp-json\/wp\/v2\/types\/page"}],"author":[{"embeddable":true,"href":"https:\/\/semmelweis.hu\/elettan\/wp-json\/wp\/v2\/users\/116"}],"replies":[{"embeddable":true,"href":"https:\/\/semmelweis.hu\/elettan\/wp-json\/wp\/v2\/comments?post=1047"}],"version-history":[{"count":11,"href":"https:\/\/semmelweis.hu\/elettan\/wp-json\/wp\/v2\/pages\/1047\/revisions"}],"predecessor-version":[{"id":7511,"href":"https:\/\/semmelweis.hu\/elettan\/wp-json\/wp\/v2\/pages\/1047\/revisions\/7511"}],"wp:attachment":[{"href":"https:\/\/semmelweis.hu\/elettan\/wp-json\/wp\/v2\/media?parent=1047"}],"wp:term":[{"taxonomy":"category","embeddable":true,"href":"https:\/\/semmelweis.hu\/elettan\/wp-json\/wp\/v2\/categories?post=1047"},{"taxonomy":"post_tag","embeddable":true,"href":"https:\/\/semmelweis.hu\/elettan\/wp-json\/wp\/v2\/tags?post=1047"}],"curies":[{"name":"wp","href":"https:\/\/api.w.org\/{rel}","templated":true}]}}