{"id":62,"date":"2011-06-29T13:14:29","date_gmt":"2011-06-29T13:14:29","guid":{"rendered":"http:\/\/sote.webdevil.hu\/ekk\/?page_id=62"},"modified":"2025-05-14T16:51:35","modified_gmt":"2025-05-14T14:51:35","slug":"dekani-hivatal","status":"publish","type":"page","link":"https:\/\/semmelweis.hu\/ekk\/oktatas\/dekani-hivatal\/","title":{"rendered":"D\u00e9k\u00e1ni Hivatal"},"content":{"rendered":"<h4><strong>D\u00e9k\u00e1ni hivatal<\/strong><\/h4>\n<h5 style=\"margin: 0cm;margin-bottom: .0001pt\">Munkat\u00e1rsak:<\/h5>\n<p style=\"margin: 0cm;margin-bottom: .0001pt\">Dr. K\u00e9ri Di\u00e1na, hivatalvezet\u0151<\/p>\n<p style=\"margin: 0cm;margin-bottom: .0001pt\">Szand\u00e1nyi Beatrix, adminisztrat\u00edv munkat\u00e1rs<\/p>\n<p style=\"margin: 0cm;margin-bottom: .0001pt\">T\u00f3th Andr\u00e1s, tanulm\u00e1nyi szak\u00e9rt\u0151<\/p>\n<h5>\u00a0<\/h5>\n<h5 style=\"margin: 0cm;margin-bottom: .0001pt\">El\u00e9rhet\u0151s\u00e9g:<\/h5>\n<p style=\"margin: 0cm;margin-bottom: .0001pt\">1091 Budapest, \u00dcll\u0151i \u00fat 25.<\/p>\n<p style=\"margin: 0cm;margin-bottom: .0001pt\">E-mail: <a href=\"mailto:dekani@ekk.sote.hu\" target=\"_blank\" rel=\"noopener\">dekani@ekk.sote.hu<br \/>\n<\/a>Telefon: 459-1500<\/p>\n<p style=\"margin: 0cm;margin-bottom: .0001pt\">Mell\u00e9k:\u00a055635<\/p>\n<p>1091 Budapest, \u00dcll\u0151i \u00fat 25.<\/p>\n<hr \/>\n<h4><strong>\u00dcgyf\u00e9lfogad\u00e1s<\/strong><\/h4>\n<h5>Digit\u00e1lis Eg\u00e9szs\u00e9gtudom\u00e1nyi Int\u00e9zet &#8211; tanulm\u00e1nyi \u00fcgyek<\/h5>\n<p>1094 Budapest, Ferenc t\u00e9r 15. 2. emelet<br \/>\nLevelez\u00e9si c\u00edm: 1428 Budapest, Pf. 2.<\/p>\n<p>H\u00e9tf\u0151: 11:00-13:00<br \/>\nKedd: nincs \u00fcgyf\u00e9lfogad\u00e1s<br \/>\nSzerda: nincs \u00fcgyf\u00e9lfogad\u00e1s\u00a0<br \/>\nCs\u00fct\u00f6rt\u00f6k: 13:00-15:00<br \/>\nP\u00e9ntek: 09:00-11:00\u00a0\u00a0<\/p>\n<p>E-mail:\u00a0<a href=\"gyurkovics.zoltanne@semmelweis.hu\" target=\"_blank\" rel=\"noopener\">gyurkovics.zoltanne@semmelweis.hu<\/a><\/p>\n<p style=\"text-align: center\"><a class=\"btn btn-secondary\" href=\"https:\/\/semmelweis.hu\/dei\/tanulmanyi-ugyek\/bsc-tanulmanyi-ugyek\/tanulmanyi-ugyintezes\/\" target=\"_blank\" rel=\"noopener\">Tov\u00e1bbi inform\u00e1ci\u00f3<\/a><\/p>\n<hr \/>\n<h5>Eg\u00e9szs\u00e9g\u00fcgyi Menedzserk\u00e9pz\u0151 K\u00f6zpont &#8211; tanulm\u00e1nyi \u00fcgyek<\/h5>\n<p><strong>Eg\u00e9szs\u00e9g\u00fcgyi menedzser mesterk\u00e9pz\u00e9s<\/strong>: Szab\u00f3 Dalma, Sz\u0171cs Regina<br \/>\n1125 Budapest, K\u00fatv\u00f6lgyi \u00fat 2.<br \/>\nE-mail:\u00a0<a href=\"mailto:szabo.dalma@emk.semmelweis.hu\" target=\"_blank\" rel=\"noopener\">szabo.dalma@emk.semmelweis.hu<\/a><br \/>\nE-mail:\u00a0<a href=\"mailto:szucs.regina@emk.semmelweis.hu\" target=\"_blank\" rel=\"noopener\">szucs.regina@emk.semmelweis.hu<\/a><\/p>\n<p><strong>Eg\u00e9szs\u00e9g\u00fcgyi-min\u0151s\u00e9g\u00fcgyi \u00e9s betegbiztons\u00e1gi menedzsment mesterk\u00e9pz\u00e9s<\/strong><strong>: <\/strong>Szab\u00f3 Dalma<br \/>\n1125 Budapest, K\u00fatv\u00f6lgyi \u00fat 2.<br \/>\nE-mail:\u00a0<a href=\"mailto:szabo.dalma@emk.semmelweis.hu\" target=\"_blank\" rel=\"noopener\">szabo.dalma@emk.semmelweis.hu<\/a><\/p>\n<p><strong>Eg\u00e9szs\u00e9g\u00fcgyi adattudom\u00e1ny mesterk\u00e9pz\u00e9s: <\/strong>K\u00f3r\u00f3di Rita<strong><br \/>\n<\/strong>1125 Budapest, K\u00fatv\u00f6lgyi \u00fat 2.<br \/>\nE-mail: <a href=\"mailto:korodi.rita@emk.semmelweis.hu\" target=\"_blank\" rel=\"noopener\">korodi.rita@emk.semmelweis.hu<\/a><\/p>\n<p><strong>Integr\u00e1lt szoci\u00e1lis szolg\u00e1ltat\u00e1si menedzsment<\/strong>\u00a0<strong>mesterk\u00e9pz\u00e9s (ISZSZM): <br \/>\n<\/strong>Horkai Vikt\u00f3ria<br \/>\n1125 Budapest, K\u00fatv\u00f6lgyi \u00fat 2.<br \/>\nE-mail: <a href=\"mailto:horkai.viktoria@emk.semmelweis.hu\" target=\"_blank\" rel=\"noopener\">horkai.viktoria@emk.semmelweis.hu<\/a><\/p>\n<p style=\"text-align: center\"><a class=\"btn btn-secondary\" href=\"https:\/\/semmelweis.hu\/emk\/oktatas\/mesterkepzes\/\">Tov\u00e1bbi inform\u00e1ci\u00f3<\/a><\/p>\n<hr \/>\n<h5>Ment\u00e1lhigi\u00e9n\u00e9 Int\u00e9zet &#8211; tanulm\u00e1nyi \u00fcgyek<\/h5>\n<p>1089 Budapest, Nagyv\u00e1rad t\u00e9r 4.<br \/>\nE-mail: <a href=\"mailto:info.mental@semmelweis.hu\" target=\"_blank\" rel=\"noopener\">info.mental@semmelweis.hu<\/a><br \/>\nTelefon: 266-0878, 266-1022<br \/>\nFax: 214-5685<br \/>\nMell\u00e9k: 56538, 56540, 56546<\/p>\n<hr \/>\n<h5>D\u00e9k\u00e1ni Hivatal &#8211; \u00e1ltal\u00e1nos \u00fcgyek<\/h5>\n<p>Szand\u00e1nyi Beatrix, adminisztrat\u00edv munkat\u00e1rs<br \/>\n1091 Budapest, \u00dcll\u0151i \u00fat 25. 2. em. 217.<br \/>\nE-mail: <a href=\"mailto:dekani@ekk.sote.hu\" target=\"_blank\" rel=\"noopener\">dekani@ekk.sote.hu<\/a><br \/>\nTelefon: 459-1500<br \/>\nMell\u00e9k: 55635<\/p>\n","protected":false},"excerpt":{"rendered":"<p>D\u00e9k\u00e1ni hivatal Munkat\u00e1rsak: Dr. K\u00e9ri Di\u00e1na, hivatalvezet\u0151 Szand\u00e1nyi Beatrix, adminisztrat\u00edv munkat\u00e1rs T\u00f3th Andr\u00e1s, tanulm\u00e1nyi szak\u00e9rt\u0151 \u00a0 El\u00e9rhet\u0151s\u00e9g: 1091 Budapest, \u00dcll\u0151i \u00fat 25. E-mail: <a href=\"mailto:dekani@ekk.sote.hu\" target=\"_blank\" rel=\"noopener\">dekani@ekk.sote.hu <\/a>Telefon: 459-1500 Mell\u00e9k:\u00a055635 1091 Budapest, \u00dcll\u0151i \u00fat 25. \u00dcgyf\u00e9lfogad\u00e1s Digit\u00e1lis Eg\u00e9szs\u00e9gtudom\u00e1nyi Int\u00e9zet &#8211; tanulm\u00e1nyi \u00fcgyek 1094 Budapest, Ferenc t\u00e9r 15. 2. emelet Levelez\u00e9si c\u00edm: 1428 Budapest, Pf. 2. &hellip;<\/p>\n","protected":false},"author":7,"featured_media":0,"parent":4,"menu_order":4,"comment_status":"closed","ping_status":"closed","template":"","meta":{"_acf_changed":false,"footnotes":""},"categories":[],"tags":[32,33,19,31,20],"class_list":["post-62","page","type-page","status-publish","hentry","tag-dei","tag-dekani-hivatal","tag-emk","tag-mesterkepzes","tag-msc"],"acf":[],"_links":{"self":[{"href":"https:\/\/semmelweis.hu\/ekk\/wp-json\/wp\/v2\/pages\/62","targetHints":{"allow":["GET"]}}],"collection":[{"href":"https:\/\/semmelweis.hu\/ekk\/wp-json\/wp\/v2\/pages"}],"about":[{"href":"https:\/\/semmelweis.hu\/ekk\/wp-json\/wp\/v2\/types\/page"}],"author":[{"embeddable":true,"href":"https:\/\/semmelweis.hu\/ekk\/wp-json\/wp\/v2\/users\/7"}],"replies":[{"embeddable":true,"href":"https:\/\/semmelweis.hu\/ekk\/wp-json\/wp\/v2\/comments?post=62"}],"version-history":[{"count":10,"href":"https:\/\/semmelweis.hu\/ekk\/wp-json\/wp\/v2\/pages\/62\/revisions"}],"predecessor-version":[{"id":5711,"href":"https:\/\/semmelweis.hu\/ekk\/wp-json\/wp\/v2\/pages\/62\/revisions\/5711"}],"up":[{"embeddable":true,"href":"https:\/\/semmelweis.hu\/ekk\/wp-json\/wp\/v2\/pages\/4"}],"wp:attachment":[{"href":"https:\/\/semmelweis.hu\/ekk\/wp-json\/wp\/v2\/media?parent=62"}],"wp:term":[{"taxonomy":"category","embeddable":true,"href":"https:\/\/semmelweis.hu\/ekk\/wp-json\/wp\/v2\/categories?post=62"},{"taxonomy":"post_tag","embeddable":true,"href":"https:\/\/semmelweis.hu\/ekk\/wp-json\/wp\/v2\/tags?post=62"}],"curies":[{"name":"wp","href":"https:\/\/api.w.org\/{rel}","templated":true}]}}