{"id":6094,"date":"2026-03-18T15:00:02","date_gmt":"2026-03-18T14:00:02","guid":{"rendered":"https:\/\/semmelweis.hu\/ekk\/?page_id=6094"},"modified":"2026-03-23T18:12:12","modified_gmt":"2026-03-23T17:12:12","slug":"betegbiztonsagi-tanszek","status":"publish","type":"page","link":"https:\/\/semmelweis.hu\/ekk\/tanszekek\/betegbiztonsagi-tanszek\/","title":{"rendered":"Betegbiztons\u00e1gi Tansz\u00e9k"},"content":{"rendered":"<p style=\"text-align: justify\">A Semmelweis Egyetem Eg\u00e9szs\u00e9g\u00fcgyi K\u00f6zszolg\u00e1lati Karon 2024. janu\u00e1r 1-\u00e9n alakult meg a <strong>Betegbiztons\u00e1gi Tansz\u00e9k<\/strong>. El\u0151dje, a Betegbiztons\u00e1gi Tansz\u00e9ki Csoport 2015-ben j\u00f6tt l\u00e9tre.\u00a0<\/p>\n<p style=\"text-align: justify\">M\u00e1r a megalakul\u00e1sukat megel\u0151z\u0151en is a munkat\u00e1rsaink sz\u00e1mos olyan szakmai tev\u00e9kenys\u00e9get v\u00e9geztek, amely indokoltt\u00e1 tette ennek az \u00faj szervezeti egys\u00e9gnek a l\u00e9trehoz\u00e1s\u00e1t.<\/p>\n<div class=\"fontos_div\">\n<p><strong>Tansz\u00e9kvezet\u0151:\u00a0<\/strong>Dr. habil. L\u00e1m Judit<\/p>\n<p><strong>Alap\u00edt\u00f3 tansz\u00e9kvezet\u0151:\u00a0<\/strong>Dr. habil. Belicza \u00c9va<\/p>\n<p><strong>A tansz\u00e9k tagjai:<\/strong> Farkas Szilvia,\u00a0Dr. L\u00e1m Judit,\u00a0Dr. Safadi Hel\u00e9na,\u00a0Sinka L\u00e1szl\u00f3n\u00e9 Adamik Erika,\u00a0<span class=\"il\">Sinka<\/span>\u00a0Fruzsina M\u00e1ria,\u00a0Dr. Surj\u00e1n Cec\u00edlia, Ugrin Irina<\/p>\n<p><strong>Kapcsolat:<\/strong>\u00a0<a href=\"mailto:belicza.eva@emk.semmelweis.hu\" target=\"_blank\" rel=\"noopener\">belicza.eva@emk.semmelweis.hu<\/a>,\u00a0<a href=\"mailto:neves@emk.semmelweis.hu\" target=\"_blank\" rel=\"noopener\">neves@emk.semmelweis.hu<\/a><\/p>\n<\/div>\n<figure id=\"attachment_6066\" aria-describedby=\"caption-attachment-6066\" style=\"width: 753px\" class=\"wp-caption aligncenter\"><img loading=\"lazy\" decoding=\"async\" class=\"wp-image-6066 size-large\" src=\"https:\/\/semmelweis.hu\/ekk\/files\/2026\/03\/LamJudit_RS234007_0E1A4636_scl-1024x683.jpg\" alt=\"Dr. L\u00e1m Judit\" width=\"753\" height=\"502\" srcset=\"https:\/\/semmelweis.hu\/ekk\/files\/2026\/03\/LamJudit_RS234007_0E1A4636_scl-1024x683.jpg 1024w, https:\/\/semmelweis.hu\/ekk\/files\/2026\/03\/LamJudit_RS234007_0E1A4636_scl-400x267.jpg 400w, https:\/\/semmelweis.hu\/ekk\/files\/2026\/03\/LamJudit_RS234007_0E1A4636_scl-768x512.jpg 768w, https:\/\/semmelweis.hu\/ekk\/files\/2026\/03\/LamJudit_RS234007_0E1A4636_scl-753x502.jpg 753w, https:\/\/semmelweis.hu\/ekk\/files\/2026\/03\/LamJudit_RS234007_0E1A4636_scl-203x135.jpg 203w, https:\/\/semmelweis.hu\/ekk\/files\/2026\/03\/LamJudit_RS234007_0E1A4636_scl.jpg 1200w\" sizes=\"auto, (max-width: 753px) 100vw, 753px\" \/><figcaption id=\"caption-attachment-6066\" class=\"wp-caption-text\">Dr. L\u00e1m Judit az Eg\u00e9szs\u00e9g\u00fcgyi Menedzserk\u00e9pz\u0151 K\u00f6zpont Betegbiztons\u00e1gi Tansz\u00e9k\u00e9nek vezet\u0151je lett 2025. december 1-t\u0151l. Kinevez\u00e9s\u00e9t 2026. m\u00e1rcius 9-\u00e9n vette \u00e1t az 1848\/49-es forradalom \u00e9s szabads\u00e1gharc 178. \u00e9vfordul\u00f3ja alkalm\u00e1b\u00f3l a Nagyv\u00e1rad t\u00e9ri Elm\u00e9leti T\u00f6mb (NET) D\u00edszterm\u00e9ben rendezett \u00fcnnepi megeml\u00e9kez\u00e9s keret\u00e9ben.<\/figcaption><\/figure>\n<hr \/>\n<p><strong>A Tansz\u00e9k kor\u00e1bbi \u00e9s aktu\u00e1lis munk\u00e1i a teljess\u00e9g ig\u00e9nye n\u00e9lk\u00fcl:<\/strong><\/p>\n<ul>\n<li style=\"text-align: justify\">2006-ban a WHO Magyarorsz\u00e1gi Irod\u00e1j\u00e1nak \u00e9s az Eg\u00e9szs\u00e9g\u00fcgyi Miniszt\u00e9riumnak a felk\u00e9r\u00e9s\u00e9re kialak\u00edtott\u00e1k a hazai\u00a0<a href=\"https:\/\/neves.nevesforum.hu\/\" target=\"_blank\" rel=\"noopener\">nem v\u00e1rt esem\u00e9nyek jelent\u00e9si rendszer\u00e9t<\/a>\u00a0(NEVES jelent\u00e9si rendszer).<\/li>\n<li style=\"text-align: justify\"><a href=\"https:\/\/info.nevesforum.hu\/\" target=\"_blank\" rel=\"noopener\">Betegbiztons\u00e1gi t\u00e9m\u00e1j\u00fa f\u00f3rumsorozatot<\/a>\u00a0ind\u00edtottak a szakmai \u00e9rdekl\u0151d\u0151k sz\u00e1m\u00e1ra.<\/li>\n<li style=\"text-align: justify\">Egy\u00fcttm\u0171k\u00f6dtek a Min\u0151s\u00e9g\u00fcgyi \u00e9s Betegbiztons\u00e1gi Strat\u00e9gia (MIBES 2011), valamint a\u00a0<a href=\"https:\/\/semmelweis.hu\/emk\/files\/2019\/04\/neked_ajanlas.pdf\" target=\"_blank\" rel=\"noopener\">NEKED aj\u00e1nl\u00e1s<\/a>\u00a0(Nemk\u00edv\u00e1natos Esem\u00e9nyek Kezel\u00e9s\u00e9re Vonatkoz\u00f3 Elj\u00e1r\u00e1srenD) kialak\u00edt\u00e1s\u00e1ban.<\/li>\n<li style=\"text-align: justify\">Akt\u00edv k\u00f6zrem\u0171k\u00f6d\u0151i voltak az eur\u00f3pai betegbiztons\u00e1g jav\u00edt\u00e1s\u00e1t c\u00e9lz\u00f3\u00a0<a href=\"http:\/\/www.pasq.eu\/\" target=\"_blank\" rel=\"noopener\">PaSQ projektnek<\/a>.<\/li>\n<li style=\"text-align: justify\">A k\u00f3rh\u00e1zak min\u0151s\u00e9g\u00e9rt\u00e9kel\u00e9s\u00e9t lehet\u0151v\u00e9 tev\u0151 WHO PATH programban a magyar orsz\u00e1gkoordin\u00e1tor szerep\u00e9t t\u00f6lt\u00f6tt\u00e9k be.<\/li>\n<li style=\"text-align: justify\">Adapt\u00e1lt\u00e1k az AHRQ betegbiztons\u00e1got t\u00e1mogat\u00f3 szervezeti kult\u00fara k\u00e9rd\u0151\u00edv\u00e9t, melynek seg\u00edts\u00e9g\u00e9vel t\u00f6bb hazai int\u00e9zm\u00e9nyben is felm\u00e9rt\u00e9k a hazai helyzetet.<\/li>\n<li style=\"text-align: justify\">R\u00e9szt vettek az Eg\u00e9szs\u00e9g\u00fcgyi K\u00f6zl\u00f6ny 2016\/15. sz\u00e1m\u00e1ban megjelent fekv\u0151- \u00e9s j\u00e1r\u00f3beteg ell\u00e1t\u00e1s, valamint gy\u00f3gyszert\u00e1ri ell\u00e1t\u00e1s standardjai 1.0 v\u00e1ltozatainak elk\u00e9sz\u00edt\u00e9s\u00e9ben \u00e9s int\u00e9zm\u00e9nyi bevezet\u00e9s\u00e9ben (<a href=\"https:\/\/info.nevesforum.hu\/2020\/06\/bella-programhoz-tartozo-anyagok\/\" target=\"_blank\" rel=\"noopener\">a T\u00c1MOP-6.2.5.A-12\/1-2012-0001\u00e9s a T\u00c1MOP 6.2.5\/B-13\/1-2014-0001 projektek<\/a>\u00a0keret\u00e9ben).<\/li>\n<li style=\"text-align: justify\">2016-ban l\u00e9trehozt\u00e1k \u00e9s elind\u00edtott\u00e1k a min\u0151s\u00e9g\u00fcgyi \u00e9s betegbiztons\u00e1gi menedzser szakir\u00e1ny\u00fa tov\u00e1bbk\u00e9pz\u00e9st.<\/li>\n<li style=\"text-align: justify\">Nemzetk\u00f6zi egy\u00fcttm\u0171k\u00f6d\u00e9s keret\u00e9ben foglalkoztak a beteg\u00e1tad\u00e1s-\u00e1tv\u00e9tel fejleszt\u00e9s\u00e9vel \u00e9s a betegbiztons\u00e1g oktat\u00e1si m\u00f3dszertan\u00e1val a\u00a0<a href=\"https:\/\/info.nevesforum.hu\/wp-content\/uploads\/2021\/05\/Betegatadas.pdf\" target=\"_blank\" rel=\"noopener\">MAP4E projektben<\/a>.<\/li>\n<li style=\"text-align: justify\">Jelent\u0151s szerepet v\u00e1llaltak az Eg\u00e9szs\u00e9g\u00fcgyi ell\u00e1t\u00f3rendszer szakmai m\u00f3dszertani fejleszt\u00e9s\u00e9t c\u00e9lz\u00f3\u00a0<a href=\"https:\/\/info.nevesforum.hu\/2021\/05\/zarokiadvany\/\" target=\"_blank\" rel=\"noopener\">EFOP 1.8.0 \u2013 VEKOP 17 jel\u0171 p\u00e1ly\u00e1zati konstrukci\u00f3<\/a>\u00a0betegbiztons\u00e1gi alprojektj\u00e9ben.<\/li>\n<li style=\"text-align: justify\">\u00daj\u00a0<a href=\"https:\/\/jogyakorlat.betegbiztonsag.info\/#\/trainings\" target=\"_blank\" rel=\"noopener\">e-learning k\u00e9pz\u00e9seket<\/a>\u00a0hoztak l\u00e9tre t\u00f6bb t\u00e9m\u00e1ban.<\/li>\n<li style=\"text-align: justify\">Hallgat\u00f3knak sz\u00f3l\u00f3 jegyzetet k\u00e9sz\u00edtettek\u00a0<a href=\"http:\/\/info.nevesforum.hu\/wp-content\/uploads\/2021\/06\/Betegbiztonsag-jegyzet.pdf\" target=\"_blank\" rel=\"noopener\">Betegbiztons\u00e1g a gyakorlatban<\/a>\u00a0c\u00edmmel.<\/li>\n<li style=\"text-align: justify\">2019 \u00f3ta \u00e9vente konferenci\u00e1t rendeznek a WHO \u00e1ltal meghirdetett\u00a0<a href=\"https:\/\/info.nevesforum.hu\/category\/Konferencia\/\" target=\"_blank\" rel=\"noopener\">Betegbiztons\u00e1gi Vil\u00e1gnap<\/a>\u00a0alkalm\u00e1b\u00f3l.<\/li>\n<li style=\"text-align: justify\">L\u00e9trehozt\u00e1k a betegbiztons\u00e1ggal kapcsolatos ismeretek megoszt\u00e1s\u00e1t szolg\u00e1l\u00f3\u00a0<a href=\"https:\/\/betegbiztonsag.info\/\" target=\"_blank\" rel=\"noopener\">https:\/\/betegbiztonsag.info\/<\/a>\u00a0honlapot.<\/li>\n<li style=\"text-align: justify\">Rendszeresen kutatnak, elemeznek \u00e9s\u00a0<a href=\"https:\/\/info.nevesforum.hu\/szakmai-publikaciok\/\">publik\u00e1lnak<\/a>\u00a0a t\u00e9m\u00e1ban.<\/li>\n<li style=\"text-align: justify\">A 2022 tavasz\u00e1n indult a\u00a0<a href=\"https:\/\/semmelweis.hu\/innovacio\/palyazat\/hazai-tamogatott-projektek\/temateruleti-kivalosagi-program-tkp\/tkp-2021-nemzetvedelem-nemzetbiztonsag-alprogram-betegut-kutatas-es-dashboard-kritikus-infrastruktura-vedelmere-jarvanyugyi-valsaghelyzetben\/\" target=\"_blank\" rel=\"noopener\">TKP2021-NVA-11 Beteg\u00fat kutat\u00e1s \u00e9s dashboard kritikus infrastrukt\u00fara v\u00e9delm\u00e9re j\u00e1rv\u00e1ny\u00fcgyi v\u00e1ls\u00e1ghelyzetben<\/a>\u00a0elnevez\u00e9s\u0171 projekt vezet\u0151ik\u00e9nt \u00e9s megval\u00f3s\u00edt\u00f3ink\u00e9nt a betegutak elemz\u00e9s\u00e9vel \u00e9s fejleszt\u00e9s\u00e9vel foglalkoztak.<\/li>\n<li style=\"text-align: justify\">Jelent\u0151s szerepet v\u00e1llalnak a 2022 tavasz\u00e1n indult Adatvez\u00e9relt Eg\u00e9szs\u00e9g Nemzeti Labor munk\u00e1j\u00e1ban, amelyben adatb\u00e1ny\u00e1szati \u00e9s statisztikai m\u00f3dszerekkel elemzik az ell\u00e1t\u00e1s min\u0151s\u00e9g\u00e9t \u00e9s biztons\u00e1g\u00e1t.<\/li>\n<li style=\"text-align: justify\">2024-ben elind\u00edtott\u00e1k az\u00a0<a href=\"https:\/\/semmelweis.hu\/emk\/oktatas\/mesterkepzes\/egeszsegugyi-minosegugyi-es-betegbiztonsagi-menedzsment-msc\/\" target=\"_blank\" rel=\"noopener\">eg\u00e9szs\u00e9g\u00fcgyi-min\u0151s\u00e9g\u00fcgyi \u00e9s betegbiztons\u00e1gi menedzsment<\/a> (EMBM) mesterk\u00e9pz\u00e9st.<\/li>\n<\/ul>\n","protected":false},"excerpt":{"rendered":"<p>A Semmelweis Egyetem Eg\u00e9szs\u00e9g\u00fcgyi K\u00f6zszolg\u00e1lati Karon 2024. janu\u00e1r 1-\u00e9n alakult meg a Betegbiztons\u00e1gi Tansz\u00e9k. El\u0151dje, a Betegbiztons\u00e1gi Tansz\u00e9ki Csoport 2015-ben j\u00f6tt l\u00e9tre.\u00a0 M\u00e1r a megalakul\u00e1sukat megel\u0151z\u0151en is a munkat\u00e1rsaink sz\u00e1mos olyan szakmai tev\u00e9kenys\u00e9get v\u00e9geztek, amely indokoltt\u00e1 tette ennek az \u00faj szervezeti egys\u00e9gnek a l\u00e9trehoz\u00e1s\u00e1t. Tansz\u00e9kvezet\u0151:\u00a0Dr. habil. L\u00e1m Judit Alap\u00edt\u00f3 tansz\u00e9kvezet\u0151:\u00a0Dr. habil. Belicza \u00c9va A tansz\u00e9k &hellip;<\/p>\n","protected":false},"author":102350,"featured_media":0,"parent":6089,"menu_order":0,"comment_status":"closed","ping_status":"closed","template":"","meta":{"_acf_changed":false,"footnotes":""},"categories":[],"tags":[49,48],"class_list":["post-6094","page","type-page","status-publish","hentry","tag-betegbiztonsag","tag-betegbiztonsagi-tanszek"],"acf":[],"_links":{"self":[{"href":"https:\/\/semmelweis.hu\/ekk\/wp-json\/wp\/v2\/pages\/6094","targetHints":{"allow":["GET"]}}],"collection":[{"href":"https:\/\/semmelweis.hu\/ekk\/wp-json\/wp\/v2\/pages"}],"about":[{"href":"https:\/\/semmelweis.hu\/ekk\/wp-json\/wp\/v2\/types\/page"}],"author":[{"embeddable":true,"href":"https:\/\/semmelweis.hu\/ekk\/wp-json\/wp\/v2\/users\/102350"}],"replies":[{"embeddable":true,"href":"https:\/\/semmelweis.hu\/ekk\/wp-json\/wp\/v2\/comments?post=6094"}],"version-history":[{"count":7,"href":"https:\/\/semmelweis.hu\/ekk\/wp-json\/wp\/v2\/pages\/6094\/revisions"}],"predecessor-version":[{"id":6144,"href":"https:\/\/semmelweis.hu\/ekk\/wp-json\/wp\/v2\/pages\/6094\/revisions\/6144"}],"up":[{"embeddable":true,"href":"https:\/\/semmelweis.hu\/ekk\/wp-json\/wp\/v2\/pages\/6089"}],"wp:attachment":[{"href":"https:\/\/semmelweis.hu\/ekk\/wp-json\/wp\/v2\/media?parent=6094"}],"wp:term":[{"taxonomy":"category","embeddable":true,"href":"https:\/\/semmelweis.hu\/ekk\/wp-json\/wp\/v2\/categories?post=6094"},{"taxonomy":"post_tag","embeddable":true,"href":"https:\/\/semmelweis.hu\/ekk\/wp-json\/wp\/v2\/tags?post=6094"}],"curies":[{"name":"wp","href":"https:\/\/api.w.org\/{rel}","templated":true}]}}