{"id":57,"date":"2011-06-29T13:04:09","date_gmt":"2011-06-29T13:04:09","guid":{"rendered":"http:\/\/sote.webdevil.hu\/ekk\/?page_id=57"},"modified":"2026-02-11T08:50:54","modified_gmt":"2026-02-11T07:50:54","slug":"kari-szabalyzatok","status":"publish","type":"page","link":"https:\/\/semmelweis.hu\/ekk\/dokumentumtar\/kari-szabalyzatok\/","title":{"rendered":"Szab\u00e1lyzatok"},"content":{"rendered":"<p>Eg\u00e9szs\u00e9g\u00fcgyi K\u00f6zszolg\u00e1lati Kar &#8211; <a href=\"https:\/\/semmelweis.hu\/ekk\/files\/2024\/11\/EKK-Kari-Szakdolgozat-Szabalyzat_fin_20231007_hat_datum.pdf\">Kari szakdolgozat szab\u00e1lyzat<\/a> (2023\/10\/07)<\/p>\n<p>Eg\u00e9szs\u00e9g\u00fcgyi K\u00f6zszolg\u00e1lati Kar &#8211; <a href=\"https:\/\/semmelweis.hu\/ekk\/files\/2025\/12\/EKK_TERITESI_ES_JUTTATASI_REND_2025_11_27_szenatusi_mod_felveteli_elj_dija.pdf\">T\u00e9r\u00edt\u00e9si \u00e9s Juttat\u00e1si Rend<\/a> (2025\/11\/27)<\/p>\n<p>Eg\u00e9szs\u00e9g\u00fcgyi K\u00f6zszolg\u00e1lati Kar &#8211; <a href=\"https:\/\/semmelweis.hu\/ekk\/files\/2025\/11\/Hallgatoi_plagium_MI_szabalyzat_EKK_630_2025_KT_honlapra.pdf\">Hallgat\u00f3i Pl\u00e1giumszab\u00e1lyzat<\/a> (2025\/11\/11)<\/p>\n<p><a href=\"https:\/\/semmelweis.hu\/ekk\/files\/2025\/11\/1_sz_melleklet_Plagiumszabalyzat_MI_nyilatkozat_fin.pdf\">Mell\u00e9klet<\/a> (Pl\u00e1giumszab\u00e1lyzat)<\/p>\n<p>Eg\u00e9szs\u00e9g\u00fcgyi K\u00f6zszolg\u00e1lati Kar &#8211;\u00a0<a href=\"https:\/\/semmelweis.hu\/ekk\/files\/2025\/11\/OMHV_EKK_629_2025_KT_honlapra.pdf\">Oktat\u00f3i munka hallgat\u00f3i v\u00e9lem\u00e9nyez\u00e9s\u00e9nek kari elj\u00e1r\u00e1si rendje<\/a> (2025\/11)<\/p>\n<p><a href=\"https:\/\/semmelweis.hu\/ekk\/files\/2025\/11\/OMHV_EKK_melleklet_kerdessor_uj.pdf\">Mell\u00e9klet<\/a> (OMHV rend)<\/p>\n<p><a href=\"https:\/\/semmelweis.hu\/ekk\/files\/2020\/05\/EKK_Publikacios_Etikai_Kodex.pdf\">Semmelweis Egyetem Eg\u00e9szs\u00e9g\u00fcgyi K\u00f6zszolg\u00e1lati Kar Kutat\u00e1si Bizotts\u00e1g \u00fcgyrendje, 1. sz. mell\u00e9klet Publik\u00e1ci\u00f3s Etikai K\u00f3dex<\/a><\/p>\n<p><a href=\"https:\/\/semmelweis.hu\/jogigfoig\/dokumentumtar\/szabalyzattar\/szervezeti-es-mukodesi-szabalyzat\/iii-konyv-hkr\/szmsz-iii-konyv-hkr-iii-12-resz-a-magyar-nyelvu-koltsegteriteses-kepzesben-reszt-vevo-hallgatok-egyes-jogairol-es-kotelezettsegeirol\/\">SZMSZ A magyar nyelv\u0171 k\u00f6lts\u00e9gt\u00e9r\u00edt\u00e9ses k\u00e9pz\u00e9sben r\u00e9szt vev\u0151 hallgat\u00f3k egyes jogair\u00f3l \u00e9s k\u00f6telezetts\u00e9geir\u0151l<\/a><\/p>\n<p><a href=\"https:\/\/semmelweis.hu\/jogigfoig\/files\/2025\/01\/SZMSZ_HKR_III_KONYV_III_6_RESZ_Hallgatok-altal-benyujtott-kerelmek-elbiralasanak-rendje_hatalyos_20241220-tol.pdf\">SZMSZ A hallgat\u00f3i jogviszonnyal kapcsolatosan beny\u00fajtott k\u00e9relmek elb\u00edr\u00e1l\u00e1s\u00e1nak rendje<\/a><\/p>\n<p><a href=\"https:\/\/semmelweis.hu\/jogigfoig\/files\/2025\/01\/SZMSZ_HKR_III_KONYV_III_7_RESZ_Jogorvoslati-Szabalyzat_hatalyos_20241220-tol.pdf\">SZMSZ Hallgat\u00f3i jogorvoslati elj\u00e1r\u00e1s rendje<\/a><\/p>\n<p><a href=\"https:\/\/semmelweis.hu\/jogigfoig\/files\/2025\/08\/SZMSZ_HKR_III_KONYV_III_8_RESZ_Az_OMHV_rendje_hatalyos20250802.pdf\">SZMSZ Az oktat\u00f3i munka hallgat\u00f3i v\u00e9lem\u00e9nyez\u00e9s\u00e9nek rendje<\/a><\/p>\n<p><a href=\"https:\/\/semmelweis.hu\/ekk\/files\/2024\/11\/Hivatasetikai-alapok-rendje_EKK_modositott_241001_hat_datum.pdf\">Eg\u00e9szs\u00e9g\u00fcgyi K\u00f6zszolg\u00e1lati Kar &#8211; Hivat\u00e1setikai alapok rendje<\/a><\/p>\n<p><a href=\"https:\/\/semmelweis.hu\/ekk\/files\/2024\/11\/EKK_publikacioosztonzo_szabalyzat_fin_1207_hat_datum.pdf\">Eg\u00e9szs\u00e9g\u00fcgyi K\u00f6zszolg\u00e1lati Kar &#8211; Publik\u00e1ci\u00f3s tev\u00e9kenys\u00e9get \u00f6szt\u00f6nz\u0151 szab\u00e1lyzat<\/a><\/p>\n<p><strong><span style=\"text-decoration: underline\">SZMSZ T\u00e9r\u00edt\u00e9si \u00e9s Juttat\u00e1si Szab\u00e1lyzat:<\/span><\/strong> <a href=\"https:\/\/semmelweis.hu\/jogigfoig\/dokumentumtar\/szabalyzattar\/szervezeti-es-mukodesi-szabalyzat\/iii-konyv-hkr\/\">SZMSZ T\u00e9r\u00edt\u00e9si \u00e9s Juttat\u00e1si Szab\u00e1lyzat<\/a>, <a href=\"https:\/\/semmelweis.hu\/jogigfoig\/dokumentumtar\/szabalyzattar\/szervezeti-es-mukodesi-szabalyzat\/iii-konyv-hkr\/\">Mell\u00e9kletek<\/a><\/p>\n<p><strong><span style=\"text-decoration: underline\">Tanulm\u00e1nyi \u00e9s Vizsgaszab\u00e1lyzat:<\/span><\/strong> <a href=\"https:\/\/semmelweis.hu\/jogigfoig\/dokumentumtar\/szabalyzattar\/szervezeti-es-mukodesi-szabalyzat\/iii-konyv-hkr\/\">SZMSZ Tanulm\u00e1nyi \u00e9s Vizsgaszab\u00e1lyzat<\/a><\/p>\n<p><strong><span style=\"text-decoration: underline\">Egy\u00e9b szab\u00e1lyzatok, jogszab\u00e1lyok el\u00e9r\u00e9se:<\/span><\/strong><\/p>\n<p>A jogszab\u00e1lyok &#8222;aznap&#8221; hat\u00e1lyos sz\u00f6vege: <a href=\"http:\/\/njt.hu\/\">http:\/\/njt.hu\/<br \/>\n<\/a><\/p>\n<p><a href=\"http:\/\/www.magyarkozlony.hu\/\" target=\"_blank\" rel=\"noopener\">Magyar K\u00f6zl\u00f6ny<\/a><\/p>\n<p><a href=\"http:\/\/www.kozlonyok.hu\/nkonline\/index.php?menuindex=0200&amp;pageindex=0210\" target=\"_blank\" rel=\"noopener\">Jogszab\u00e1lykeres\u0151<\/a><\/p>\n<p><a href=\"https:\/\/semmelweis.hu\/jogigfoig\/dokumentumtar\/szabalyzattar\/\" target=\"_blank\" rel=\"noopener\">A Semmelweis Egyetem Jogi \u00e9s Igazgat\u00e1si F\u0151igazgat\u00f3s\u00e1g szab\u00e1lyzatt\u00e1ra<\/a><\/p>\n<p>&nbsp;<\/p>\n<div style=\"font-size: 1em\">\u00a0<\/div>\n","protected":false},"excerpt":{"rendered":"<p>Eg\u00e9szs\u00e9g\u00fcgyi K\u00f6zszolg\u00e1lati Kar &#8211; <a href=\"https:\/\/semmelweis.hu\/ekk\/files\/2024\/11\/EKK-Kari-Szakdolgozat-Szabalyzat_fin_20231007_hat_datum.pdf\">Kari szakdolgozat szab\u00e1lyzat<\/a> (2023\/10\/07) Eg\u00e9szs\u00e9g\u00fcgyi K\u00f6zszolg\u00e1lati Kar &#8211; <a href=\"https:\/\/semmelweis.hu\/ekk\/files\/2025\/12\/EKK_TERITESI_ES_JUTTATASI_REND_2025_11_27_szenatusi_mod_felveteli_elj_dija.pdf\">T\u00e9r\u00edt\u00e9si \u00e9s Juttat\u00e1si Rend<\/a> (2025\/11\/27) Eg\u00e9szs\u00e9g\u00fcgyi K\u00f6zszolg\u00e1lati Kar &#8211; <a href=\"https:\/\/semmelweis.hu\/ekk\/files\/2025\/11\/Hallgatoi_plagium_MI_szabalyzat_EKK_630_2025_KT_honlapra.pdf\">Hallgat\u00f3i Pl\u00e1giumszab\u00e1lyzat<\/a> (2025\/11\/11) <a href=\"https:\/\/semmelweis.hu\/ekk\/files\/2025\/11\/1_sz_melleklet_Plagiumszabalyzat_MI_nyilatkozat_fin.pdf\">Mell\u00e9klet<\/a> (Pl\u00e1giumszab\u00e1lyzat) Eg\u00e9szs\u00e9g\u00fcgyi K\u00f6zszolg\u00e1lati Kar &#8211;\u00a0 <a href=\"https:\/\/semmelweis.hu\/ekk\/files\/2025\/11\/OMHV_EKK_629_2025_KT_honlapra.pdf\">Oktat\u00f3i munka hallgat\u00f3i v\u00e9lem\u00e9nyez\u00e9s\u00e9nek kari elj\u00e1r\u00e1si rendje<\/a> (2025\/11) <a href=\"https:\/\/semmelweis.hu\/ekk\/files\/2025\/11\/OMHV_EKK_melleklet_kerdessor_uj.pdf\">Mell\u00e9klet<\/a> (OMHV rend) <a href=\"https:\/\/semmelweis.hu\/ekk\/files\/2020\/05\/EKK_Publikacios_Etikai_Kodex.pdf\">Semmelweis Egyetem Eg\u00e9szs\u00e9g\u00fcgyi K\u00f6zszolg\u00e1lati Kar Kutat\u00e1si Bizotts\u00e1g \u00fcgyrendje, 1. sz. mell\u00e9klet Publik\u00e1ci\u00f3s Etikai K\u00f3dex<\/a> <a href=\"https:\/\/semmelweis.hu\/jogigfoig\/dokumentumtar\/szabalyzattar\/szervezeti-es-mukodesi-szabalyzat\/iii-konyv-hkr\/szmsz-iii-konyv-hkr-iii-12-resz-a-magyar-nyelvu-koltsegteriteses-kepzesben-reszt-vevo-hallgatok-egyes-jogairol-es-kotelezettsegeirol\/\">SZMSZ A magyar nyelv\u0171 k\u00f6lts\u00e9gt\u00e9r\u00edt\u00e9ses k\u00e9pz\u00e9sben r\u00e9szt vev\u0151 hallgat\u00f3k egyes jogair\u00f3l \u00e9s k\u00f6telezetts\u00e9geir\u0151l<\/a> <a href=\"https:\/\/semmelweis.hu\/jogigfoig\/files\/2025\/01\/SZMSZ_HKR_III_KONYV_III_6_RESZ_Hallgatok-altal-benyujtott-kerelmek-elbiralasanak-rendje_hatalyos_20241220-tol.pdf\">SZMSZ A hallgat\u00f3i jogviszonnyal kapcsolatosan beny\u00fajtott k\u00e9relmek elb\u00edr\u00e1l\u00e1s\u00e1nak rendje<\/a> <a href=\"https:\/\/semmelweis.hu\/jogigfoig\/files\/2025\/01\/SZMSZ_HKR_III_KONYV_III_7_RESZ_Jogorvoslati-Szabalyzat_hatalyos_20241220-tol.pdf\">SZMSZ Hallgat\u00f3i jogorvoslati elj\u00e1r\u00e1s rendje<\/a> <a href=\"https:\/\/semmelweis.hu\/jogigfoig\/files\/2025\/08\/SZMSZ_HKR_III_KONYV_III_8_RESZ_Az_OMHV_rendje_hatalyos20250802.pdf\">SZMSZ Az oktat\u00f3i munka hallgat\u00f3i v\u00e9lem\u00e9nyez\u00e9s\u00e9nek rendje<\/a> <a href=\"https:\/\/semmelweis.hu\/ekk\/files\/2024\/11\/Hivatasetikai-alapok-rendje_EKK_modositott_241001_hat_datum.pdf\">Eg\u00e9szs\u00e9g\u00fcgyi K\u00f6zszolg\u00e1lati Kar &#8211; Hivat\u00e1setikai alapok rendje<\/a> <a href=\"https:\/\/semmelweis.hu\/ekk\/files\/2024\/11\/EKK_publikacioosztonzo_szabalyzat_fin_1207_hat_datum.pdf\">Eg\u00e9szs\u00e9g\u00fcgyi K\u00f6zszolg\u00e1lati Kar &#8211; Publik\u00e1ci\u00f3s tev\u00e9kenys\u00e9get \u00f6szt\u00f6nz\u0151 szab\u00e1lyzat<\/a> SZMSZ T\u00e9r\u00edt\u00e9si \u00e9s Juttat\u00e1si Szab\u00e1lyzat: <a href=\"https:\/\/semmelweis.hu\/jogigfoig\/dokumentumtar\/szabalyzattar\/szervezeti-es-mukodesi-szabalyzat\/iii-konyv-hkr\/\">SZMSZ T\u00e9r\u00edt\u00e9si \u00e9s Juttat\u00e1si Szab\u00e1lyzat<\/a> , <a href=\"https:\/\/semmelweis.hu\/jogigfoig\/dokumentumtar\/szabalyzattar\/szervezeti-es-mukodesi-szabalyzat\/iii-konyv-hkr\/\">Mell\u00e9kletek<\/a> Tanulm\u00e1nyi \u00e9s Vizsgaszab\u00e1lyzat: <a href=\"https:\/\/semmelweis.hu\/jogigfoig\/dokumentumtar\/szabalyzattar\/szervezeti-es-mukodesi-szabalyzat\/iii-konyv-hkr\/\">SZMSZ Tanulm\u00e1nyi \u00e9s Vizsgaszab\u00e1lyzat<\/a> Egy\u00e9b szab\u00e1lyzatok, jogszab\u00e1lyok el\u00e9r\u00e9se: A jogszab\u00e1lyok &#8222;aznap&#8221; hat\u00e1lyos sz\u00f6vege: <a href=\"http:\/\/njt.hu\/\">http:\/\/njt.hu\/ <\/a> <a href=\"http:\/\/www.magyarkozlony.hu\/\" target=\"_blank\" rel=\"noopener\">Magyar K\u00f6zl\u00f6ny<\/a> <a href=\"http:\/\/www.kozlonyok.hu\/nkonline\/index.php?menuindex=0200&amp;pageindex=0210\" target=\"_blank\" rel=\"noopener\">Jogszab\u00e1lykeres\u0151<\/a> <a href=\"https:\/\/semmelweis.hu\/jogigfoig\/dokumentumtar\/szabalyzattar\/\" target=\"_blank\" rel=\"noopener\">A Semmelweis Egyetem Jogi \u00e9s Igazgat\u00e1si F\u0151igazgat\u00f3s\u00e1g szab\u00e1lyzatt\u00e1ra<\/a> &nbsp; &hellip;<\/p>\n","protected":false},"author":7,"featured_media":0,"parent":53,"menu_order":0,"comment_status":"closed","ping_status":"closed","template":"","meta":{"_acf_changed":false,"footnotes":""},"categories":[],"tags":[],"class_list":["post-57","page","type-page","status-publish","hentry"],"acf":[],"_links":{"self":[{"href":"https:\/\/semmelweis.hu\/ekk\/wp-json\/wp\/v2\/pages\/57","targetHints":{"allow":["GET"]}}],"collection":[{"href":"https:\/\/semmelweis.hu\/ekk\/wp-json\/wp\/v2\/pages"}],"about":[{"href":"https:\/\/semmelweis.hu\/ekk\/wp-json\/wp\/v2\/types\/page"}],"author":[{"embeddable":true,"href":"https:\/\/semmelweis.hu\/ekk\/wp-json\/wp\/v2\/users\/7"}],"replies":[{"embeddable":true,"href":"https:\/\/semmelweis.hu\/ekk\/wp-json\/wp\/v2\/comments?post=57"}],"version-history":[{"count":17,"href":"https:\/\/semmelweis.hu\/ekk\/wp-json\/wp\/v2\/pages\/57\/revisions"}],"predecessor-version":[{"id":6041,"href":"https:\/\/semmelweis.hu\/ekk\/wp-json\/wp\/v2\/pages\/57\/revisions\/6041"}],"up":[{"embeddable":true,"href":"https:\/\/semmelweis.hu\/ekk\/wp-json\/wp\/v2\/pages\/53"}],"wp:attachment":[{"href":"https:\/\/semmelweis.hu\/ekk\/wp-json\/wp\/v2\/media?parent=57"}],"wp:term":[{"taxonomy":"category","embeddable":true,"href":"https:\/\/semmelweis.hu\/ekk\/wp-json\/wp\/v2\/categories?post=57"},{"taxonomy":"post_tag","embeddable":true,"href":"https:\/\/semmelweis.hu\/ekk\/wp-json\/wp\/v2\/tags?post=57"}],"curies":[{"name":"wp","href":"https:\/\/api.w.org\/{rel}","templated":true}]}}