{"id":34,"date":"2011-06-29T09:18:21","date_gmt":"2011-06-29T09:18:21","guid":{"rendered":"http:\/\/sote.webdevil.hu\/ekk\/?page_id=34"},"modified":"2026-01-21T16:45:09","modified_gmt":"2026-01-21T15:45:09","slug":"kari-tisztsegviselok","status":"publish","type":"page","link":"https:\/\/semmelweis.hu\/ekk\/a-karrol\/kari-tisztsegviselok\/","title":{"rendered":"A Kar vezet\u00e9se"},"content":{"rendered":"<p>&nbsp;<\/p>\n<h4><strong>D\u00c9K\u00c1N:<\/strong><\/h4>\n<figure id=\"attachment_4698\" aria-describedby=\"caption-attachment-4698\" style=\"width: 300px\" class=\"wp-caption alignright\"><a href=\"https:\/\/semmelweis.hu\/ekk\/files\/2023\/09\/Dr.-Pethesne-David-Beata-Judit-097_web.jpg\"><img loading=\"lazy\" decoding=\"async\" class=\"wp-image-4698\" src=\"https:\/\/semmelweis.hu\/ekk\/files\/2023\/09\/Dr.-Pethesne-David-Beata-Judit-097_web-400x400.jpg\" alt=\"\" width=\"300\" height=\"300\" srcset=\"https:\/\/semmelweis.hu\/ekk\/files\/2023\/09\/Dr.-Pethesne-David-Beata-Judit-097_web-400x400.jpg 400w, https:\/\/semmelweis.hu\/ekk\/files\/2023\/09\/Dr.-Pethesne-David-Beata-Judit-097_web-1024x1024.jpg 1024w, https:\/\/semmelweis.hu\/ekk\/files\/2023\/09\/Dr.-Pethesne-David-Beata-Judit-097_web-150x150.jpg 150w, https:\/\/semmelweis.hu\/ekk\/files\/2023\/09\/Dr.-Pethesne-David-Beata-Judit-097_web-768x768.jpg 768w, https:\/\/semmelweis.hu\/ekk\/files\/2023\/09\/Dr.-Pethesne-David-Beata-Judit-097_web-753x753.jpg 753w, https:\/\/semmelweis.hu\/ekk\/files\/2023\/09\/Dr.-Pethesne-David-Beata-Judit-097_web.jpg 1500w\" sizes=\"auto, (max-width: 300px) 100vw, 300px\" \/><\/a><figcaption id=\"caption-attachment-4698\" class=\"wp-caption-text\">Dr. Pethesn\u00e9 D\u00e1vid Be\u00e1ta Judit<\/figcaption><\/figure>\n<h5>Dr. Pethesn\u00e9 D\u00e1vid Be\u00e1ta Judit, egyetemi tan\u00e1r<\/h5>\n<p>int\u00e9zetigazgat\u00f3, Ment\u00e1lhigi\u00e9n\u00e9 Int\u00e9zet<\/p>\n<p>1089 Budapest, Nagyv\u00e1rad t\u00e9r 4.<\/p>\n<p>+36 1 459-1500\/56524, +36 1 266-0878\u00a0<\/p>\n<p><a href=\"mailto:dekani@ekk.sote.hu\">dekani@ekk.sote.hu,<\/a><a href=\"mailto:david.bea@semmelweis.hu\"> david.bea@semmelweis.hu<\/a><\/p>\n<p>&nbsp;<\/p>\n<hr \/>\n<h4><strong>\u00c1LTAL\u00c1NOS D\u00c9K\u00c1NHELYETTES:<\/strong><\/h4>\n<figure id=\"attachment_4700\" aria-describedby=\"caption-attachment-4700\" style=\"width: 300px\" class=\"wp-caption alignright\"><a href=\"https:\/\/semmelweis.hu\/ekk\/files\/2023\/09\/Dr.-Lam-Judit-056_web.jpg\"><img loading=\"lazy\" decoding=\"async\" class=\"wp-image-4700\" src=\"https:\/\/semmelweis.hu\/ekk\/files\/2023\/09\/Dr.-Lam-Judit-056_web-400x400.jpg\" alt=\"\" width=\"300\" height=\"300\" srcset=\"https:\/\/semmelweis.hu\/ekk\/files\/2023\/09\/Dr.-Lam-Judit-056_web-400x400.jpg 400w, https:\/\/semmelweis.hu\/ekk\/files\/2023\/09\/Dr.-Lam-Judit-056_web-1024x1024.jpg 1024w, https:\/\/semmelweis.hu\/ekk\/files\/2023\/09\/Dr.-Lam-Judit-056_web-150x150.jpg 150w, https:\/\/semmelweis.hu\/ekk\/files\/2023\/09\/Dr.-Lam-Judit-056_web-768x768.jpg 768w, https:\/\/semmelweis.hu\/ekk\/files\/2023\/09\/Dr.-Lam-Judit-056_web-753x753.jpg 753w, https:\/\/semmelweis.hu\/ekk\/files\/2023\/09\/Dr.-Lam-Judit-056_web.jpg 1500w\" sizes=\"auto, (max-width: 300px) 100vw, 300px\" \/><\/a><figcaption id=\"caption-attachment-4700\" class=\"wp-caption-text\">Dr. L\u00e1m Judit<\/figcaption><\/figure>\n<h5>Dr. L\u00e1m Judit, egyetemi docens<\/h5>\n<p>operat\u00edv igazgat\u00f3helyettes, Eg\u00e9szs\u00e9g\u00fcgyi Menedzserk\u00e9pz\u0151 K\u00f6zpont<\/p>\n<p>1125 Budapest, K\u00fatv\u00f6lgyi \u00fat 2.\u00a0<\/p>\n<p>+36 1 488-7614<\/p>\n<p><a href=\"mailto:titkarsag@emk.semmelweis.hu\">titkarsag@emk.semmelweis.hu<\/a><\/p>\n<p>&nbsp;<\/p>\n<hr \/>\n<h4><strong>oktat\u00e1si \u00e9s tudom\u00e1nyos D\u00c9K\u00c1NHELYETTES:<\/strong><\/h4>\n<figure id=\"attachment_6001\" aria-describedby=\"caption-attachment-6001\" style=\"width: 267px\" class=\"wp-caption alignright\"><a href=\"https:\/\/semmelweis.hu\/ekk\/files\/2026\/01\/BoneVeronika_honalp_foto.jpg\"><img loading=\"lazy\" decoding=\"async\" class=\"wp-image-6001 size-medium\" src=\"https:\/\/semmelweis.hu\/ekk\/files\/2026\/01\/BoneVeronika_honalp_foto-267x400.jpg\" alt=\"\" width=\"267\" height=\"400\" srcset=\"https:\/\/semmelweis.hu\/ekk\/files\/2026\/01\/BoneVeronika_honalp_foto-267x400.jpg 267w, https:\/\/semmelweis.hu\/ekk\/files\/2026\/01\/BoneVeronika_honalp_foto.jpg 600w\" sizes=\"auto, (max-width: 267px) 100vw, 267px\" \/><\/a><figcaption id=\"caption-attachment-6001\" class=\"wp-caption-text\">Dr. B\u00f3n\u00e9 Veronika<\/figcaption><\/figure>\n<h5>Dr. B\u00f3n\u00e9 Veronika, egyetemi docens<\/h5>\n<p>Ment\u00e1lhigi\u00e9n\u00e9 Int\u00e9zet<\/p>\n<p>1089 Budapest, Nagyv\u00e1rad t\u00e9r 4.<\/p>\n<p>+36 1 459-1500\/56548<\/p>\n<p><a href=\"mailto:bone.veronika@semmelweis.hu\">bone.veronika@semmelweis.hu<\/a><\/p>\n<p>&nbsp;<\/p>\n<hr \/>\n<h4><strong>strat\u00e9giai D\u00c9K\u00c1NHELYETTES:<\/strong><\/h4>\n<div class=\"mceTemp\">\n<h5>Dr. T\u00f6r\u00f6k Szabolcs , egyetemi tan\u00e1r<\/h5>\n<p>Ment\u00e1lhigi\u00e9n\u00e9 Int\u00e9zet<\/p>\n<p>1089 Budapest, Nagyv\u00e1rad t\u00e9r 4.<\/p>\n<p>+36 1 459-1500\/56543<\/p>\n<p><a href=\"mailto:torok.szabolcs@semmelweis.hu\">torok.szabolcs@semmelweis.hu<\/a><\/p>\n<hr \/>\n<h4><b>D\u00e9k\u00e1ni hivatalvezet\u0151:\u00a0<\/b><\/h4>\n<figure id=\"attachment_5094\" aria-describedby=\"caption-attachment-5094\" style=\"width: 300px\" class=\"wp-caption alignright\"><a href=\"https:\/\/semmelweis.hu\/ekk\/files\/2023\/10\/Dr.-Keri-Diana-347_web-1-2.jpg\"><img loading=\"lazy\" decoding=\"async\" class=\"wp-image-5094\" src=\"https:\/\/semmelweis.hu\/ekk\/files\/2023\/10\/Dr.-Keri-Diana-347_web-1-2-400x400.jpg\" alt=\"\" width=\"300\" height=\"300\" srcset=\"https:\/\/semmelweis.hu\/ekk\/files\/2023\/10\/Dr.-Keri-Diana-347_web-1-2-400x400.jpg 400w, https:\/\/semmelweis.hu\/ekk\/files\/2023\/10\/Dr.-Keri-Diana-347_web-1-2-1024x1024.jpg 1024w, https:\/\/semmelweis.hu\/ekk\/files\/2023\/10\/Dr.-Keri-Diana-347_web-1-2-150x150.jpg 150w, https:\/\/semmelweis.hu\/ekk\/files\/2023\/10\/Dr.-Keri-Diana-347_web-1-2-768x768.jpg 768w, https:\/\/semmelweis.hu\/ekk\/files\/2023\/10\/Dr.-Keri-Diana-347_web-1-2-753x753.jpg 753w, https:\/\/semmelweis.hu\/ekk\/files\/2023\/10\/Dr.-Keri-Diana-347_web-1-2.jpg 1500w\" sizes=\"auto, (max-width: 300px) 100vw, 300px\" \/><\/a><figcaption id=\"caption-attachment-5094\" class=\"wp-caption-text\">Dr. K\u00e9ri Di\u00e1na<\/figcaption><\/figure>\n<h5>Dr.\u00a0K\u00e9ri Di\u00e1na<\/h5>\n<p>1091 Budapest, \u00dcll\u0151i \u00fat 25.<\/p>\n<p>+36 1 459-1500\/55635<\/p>\n<p><a href=\"mailto:dekani@ekk.sote.hu\">dekani@ekk.sote.hu<\/a><\/p>\n<hr \/>\n<h4><strong>Kari gazdas\u00e1gi igazgat\u00f3:<\/strong><\/h4>\n<figure id=\"attachment_5931\" aria-describedby=\"caption-attachment-5931\" style=\"width: 300px\" class=\"wp-caption alignright\"><img loading=\"lazy\" decoding=\"async\" class=\"wp-image-5931 size-medium\" src=\"https:\/\/semmelweis.hu\/ekk\/files\/2025\/12\/Farkas_Bea_foto-300x400.jpeg\" alt=\"\" width=\"300\" height=\"400\" srcset=\"https:\/\/semmelweis.hu\/ekk\/files\/2025\/12\/Farkas_Bea_foto-300x400.jpeg 300w, https:\/\/semmelweis.hu\/ekk\/files\/2025\/12\/Farkas_Bea_foto-768x1024.jpeg 768w, https:\/\/semmelweis.hu\/ekk\/files\/2025\/12\/Farkas_Bea_foto-1152x1536.jpeg 1152w, https:\/\/semmelweis.hu\/ekk\/files\/2025\/12\/Farkas_Bea_foto-753x1004.jpeg 753w, https:\/\/semmelweis.hu\/ekk\/files\/2025\/12\/Farkas_Bea_foto.jpeg 1200w\" sizes=\"auto, (max-width: 300px) 100vw, 300px\" \/><figcaption id=\"caption-attachment-5931\" class=\"wp-caption-text\">Farkas Be\u00e1ta<\/figcaption><\/figure>\n<h5>Farkas Be\u00e1ta\u00a0<\/h5>\n<p>1125 Budapest, K\u00fatv\u00f6lgyi \u00fat 2.\u00a0<\/p>\n<p><a href=\"farkas.beata@emk.semmelweis.hu\">farkas.beata@emk.semmelweis.hu<\/a><\/p>\n<p>&nbsp;<\/p>\n<p>&nbsp;<\/p>\n<p>&nbsp;<\/p>\n<p>&nbsp;<\/p>\n<hr \/>\n<h4><strong>kari gazdas\u00e1gi igazgat\u00f3helyettes:<\/strong><\/h4>\n<figure id=\"attachment_5089\" aria-describedby=\"caption-attachment-5089\" style=\"width: 300px\" class=\"wp-caption alignright\"><a href=\"https:\/\/semmelweis.hu\/ekk\/files\/2023\/10\/Erdos-Hozbor-Andrea-307_web-1.jpg\"><img loading=\"lazy\" decoding=\"async\" class=\"wp-image-5089\" src=\"https:\/\/semmelweis.hu\/ekk\/files\/2023\/10\/Erdos-Hozbor-Andrea-307_web-1-400x400.jpg\" alt=\"\" width=\"300\" height=\"300\" srcset=\"https:\/\/semmelweis.hu\/ekk\/files\/2023\/10\/Erdos-Hozbor-Andrea-307_web-1-400x400.jpg 400w, https:\/\/semmelweis.hu\/ekk\/files\/2023\/10\/Erdos-Hozbor-Andrea-307_web-1-1024x1024.jpg 1024w, https:\/\/semmelweis.hu\/ekk\/files\/2023\/10\/Erdos-Hozbor-Andrea-307_web-1-150x150.jpg 150w, https:\/\/semmelweis.hu\/ekk\/files\/2023\/10\/Erdos-Hozbor-Andrea-307_web-1-768x768.jpg 768w, https:\/\/semmelweis.hu\/ekk\/files\/2023\/10\/Erdos-Hozbor-Andrea-307_web-1-753x753.jpg 753w, https:\/\/semmelweis.hu\/ekk\/files\/2023\/10\/Erdos-Hozbor-Andrea-307_web-1.jpg 1500w\" sizes=\"auto, (max-width: 300px) 100vw, 300px\" \/><\/a><figcaption id=\"caption-attachment-5089\" class=\"wp-caption-text\">Erd\u0151s-Hozbor Andrea<\/figcaption><\/figure>\n<h5>Erd\u0151s-Hozbor Andrea\u00a0<\/h5>\n<p>1125 Budapest, K\u00fatv\u00f6lgyi \u00fat 2.\u00a0<\/p>\n<p><a href=\"mailto:erdos.hozbor.andrea@emk.semmelweis.hu\">erdos.hozbor.andrea@emk.semmelweis.hu<\/a><\/p>\n<p>&nbsp;<\/p>\n<p>&nbsp;<\/p>\n<p>&nbsp;<\/p>\n<p>&nbsp;<\/p>\n<hr \/>\n<h4 style=\"text-align: left\"><b>A Kar kor\u00e1bbi vezet\u0151i:<\/b><\/h4>\n<figure id=\"attachment_3221\" aria-describedby=\"caption-attachment-3221\" style=\"width: 300px\" class=\"wp-caption alignright\"><a href=\"https:\/\/semmelweis.hu\/ekk\/files\/2019\/10\/k\u00e9p_sz\u00f3cska_mikl\u00f3s.jpg\"><img loading=\"lazy\" decoding=\"async\" class=\"size-medium wp-image-3221\" src=\"https:\/\/semmelweis.hu\/ekk\/files\/2019\/10\/k\u00e9p_sz\u00f3cska_mikl\u00f3s-300x300.jpg\" alt=\"\" width=\"300\" height=\"300\" srcset=\"https:\/\/semmelweis.hu\/ekk\/files\/2019\/10\/k\u00e9p_sz\u00f3cska_mikl\u00f3s-300x300.jpg 300w, https:\/\/semmelweis.hu\/ekk\/files\/2019\/10\/k\u00e9p_sz\u00f3cska_mikl\u00f3s-150x150.jpg 150w, https:\/\/semmelweis.hu\/ekk\/files\/2019\/10\/k\u00e9p_sz\u00f3cska_mikl\u00f3s.jpg 400w\" sizes=\"auto, (max-width: 300px) 100vw, 300px\" \/><\/a><figcaption id=\"caption-attachment-3221\" class=\"wp-caption-text\">Dr. Sz\u00f3cska Mikl\u00f3s<\/figcaption><\/figure>\n<h5>Dr. Sz\u00f3cska Mikl\u00f3s<\/h5>\n<p>d\u00e9k\u00e1n (2019-2025)<\/p>\n<p>1125 Budapest, K\u00fatv\u00f6lgyi \u00fat 2.\u00a0<\/p>\n<p><a href=\"mailto:titkarsag@emk.semmelweis.hu\">titkarsag@emk.semmelweis.hu<\/a><\/p>\n<p>&nbsp;<\/p>\n<p>&nbsp;<\/p>\n<p>&nbsp;<\/p>\n<hr \/>\n<p>&nbsp;<\/p>\n<figure id=\"attachment_5088\" aria-describedby=\"caption-attachment-5088\" style=\"width: 300px\" class=\"wp-caption alignright\"><a href=\"https:\/\/semmelweis.hu\/ekk\/files\/2023\/10\/Dr.-Gaal-Peter-Andras-276_web-1.jpg\"><img loading=\"lazy\" decoding=\"async\" class=\"wp-image-5088\" src=\"https:\/\/semmelweis.hu\/ekk\/files\/2023\/10\/Dr.-Gaal-Peter-Andras-276_web-1-400x400.jpg\" alt=\"\" width=\"300\" height=\"300\" srcset=\"https:\/\/semmelweis.hu\/ekk\/files\/2023\/10\/Dr.-Gaal-Peter-Andras-276_web-1-400x400.jpg 400w, https:\/\/semmelweis.hu\/ekk\/files\/2023\/10\/Dr.-Gaal-Peter-Andras-276_web-1-1024x1024.jpg 1024w, https:\/\/semmelweis.hu\/ekk\/files\/2023\/10\/Dr.-Gaal-Peter-Andras-276_web-1-150x150.jpg 150w, https:\/\/semmelweis.hu\/ekk\/files\/2023\/10\/Dr.-Gaal-Peter-Andras-276_web-1-768x768.jpg 768w, https:\/\/semmelweis.hu\/ekk\/files\/2023\/10\/Dr.-Gaal-Peter-Andras-276_web-1-753x753.jpg 753w, https:\/\/semmelweis.hu\/ekk\/files\/2023\/10\/Dr.-Gaal-Peter-Andras-276_web-1.jpg 1500w\" sizes=\"auto, (max-width: 300px) 100vw, 300px\" \/><\/a><figcaption id=\"caption-attachment-5088\" class=\"wp-caption-text\">Dr. Ga\u00e1l P\u00e9ter<\/figcaption><\/figure>\n<h5><a href=\"https:\/\/semmelweis.hu\/ekk\/dr-gaal-peter\/\">Dr. Ga\u00e1l P\u00e9ter<\/a><\/h5>\n<p>mb. d\u00e9k\u00e1n (2010-2013)<\/p>\n<p>d\u00e9k\u00e1n (2013-2019)<\/p>\n<p>1125 Budapest, K\u00fatv\u00f6lgyi \u00fat 2.\u00a0<\/p>\n<p><a href=\"mailto:titkarsag@emk.semmelweis.hu\">titkarsag@emk.semmelweis.hu<\/a><\/p>\n<p>&nbsp;<\/p>\n<\/div>\n<p>&nbsp;<\/p>\n<div class=\"mceTemp\">\n<p>&nbsp;<\/p>\n<\/div>\n<hr \/>\n<hr \/>\n<p>&nbsp;<\/p>\n","protected":false},"excerpt":{"rendered":"<p>&nbsp; D\u00c9K\u00c1N: Dr. Pethesn\u00e9 D\u00e1vid Be\u00e1ta Judit, egyetemi tan\u00e1r int\u00e9zetigazgat\u00f3, Ment\u00e1lhigi\u00e9n\u00e9 Int\u00e9zet 1089 Budapest, Nagyv\u00e1rad t\u00e9r 4. +36 1 459-1500\/56524, +36 1 266-0878\u00a0 <a href=\"mailto:dekani@ekk.sote.hu\">dekani@ekk.sote.hu,<\/a> <a href=\"mailto:david.bea@semmelweis.hu\"> david.bea@semmelweis.hu<\/a> &nbsp; \u00c1LTAL\u00c1NOS D\u00c9K\u00c1NHELYETTES: Dr. L\u00e1m Judit, egyetemi docens operat\u00edv igazgat\u00f3helyettes, Eg\u00e9szs\u00e9g\u00fcgyi Menedzserk\u00e9pz\u0151 K\u00f6zpont 1125 Budapest, K\u00fatv\u00f6lgyi \u00fat 2.\u00a0 +36 1 488-7614 <a href=\"mailto:titkarsag@emk.semmelweis.hu\">titkarsag@emk.semmelweis.hu<\/a> &nbsp; oktat\u00e1si \u00e9s tudom\u00e1nyos D\u00c9K\u00c1NHELYETTES: Dr. B\u00f3n\u00e9 Veronika, egyetemi docens Ment\u00e1lhigi\u00e9n\u00e9 &hellip;<\/p>\n","protected":false},"author":7,"featured_media":0,"parent":3,"menu_order":4,"comment_status":"closed","ping_status":"closed","template":"","meta":{"_acf_changed":false,"footnotes":""},"categories":[],"tags":[],"class_list":["post-34","page","type-page","status-publish","hentry"],"acf":[],"_links":{"self":[{"href":"https:\/\/semmelweis.hu\/ekk\/wp-json\/wp\/v2\/pages\/34","targetHints":{"allow":["GET"]}}],"collection":[{"href":"https:\/\/semmelweis.hu\/ekk\/wp-json\/wp\/v2\/pages"}],"about":[{"href":"https:\/\/semmelweis.hu\/ekk\/wp-json\/wp\/v2\/types\/page"}],"author":[{"embeddable":true,"href":"https:\/\/semmelweis.hu\/ekk\/wp-json\/wp\/v2\/users\/7"}],"replies":[{"embeddable":true,"href":"https:\/\/semmelweis.hu\/ekk\/wp-json\/wp\/v2\/comments?post=34"}],"version-history":[{"count":15,"href":"https:\/\/semmelweis.hu\/ekk\/wp-json\/wp\/v2\/pages\/34\/revisions"}],"predecessor-version":[{"id":6002,"href":"https:\/\/semmelweis.hu\/ekk\/wp-json\/wp\/v2\/pages\/34\/revisions\/6002"}],"up":[{"embeddable":true,"href":"https:\/\/semmelweis.hu\/ekk\/wp-json\/wp\/v2\/pages\/3"}],"wp:attachment":[{"href":"https:\/\/semmelweis.hu\/ekk\/wp-json\/wp\/v2\/media?parent=34"}],"wp:term":[{"taxonomy":"category","embeddable":true,"href":"https:\/\/semmelweis.hu\/ekk\/wp-json\/wp\/v2\/categories?post=34"},{"taxonomy":"post_tag","embeddable":true,"href":"https:\/\/semmelweis.hu\/ekk\/wp-json\/wp\/v2\/tags?post=34"}],"curies":[{"name":"wp","href":"https:\/\/api.w.org\/{rel}","templated":true}]}}