{"id":3064,"date":"2019-02-25T11:22:30","date_gmt":"2019-02-25T10:22:30","guid":{"rendered":"http:\/\/semmelweis.hu\/ekk\/?page_id=3064"},"modified":"2026-01-08T14:09:02","modified_gmt":"2026-01-08T13:09:02","slug":"kari-tanacs-ulesek-2019","status":"publish","type":"page","link":"https:\/\/semmelweis.hu\/ekk\/a-karrol\/kari-tanacs\/kari-tanacs-ulesek\/kari-tanacs-ulesek-2019\/","title":{"rendered":"Kari Tan\u00e1cs \u00fcl\u00e9sek 2019."},"content":{"rendered":"<p><strong>2019. janu\u00e1r 23. (elektronikus szavaz\u00e1s)<\/strong><\/p>\n<p>Napirendi pontok:<br \/>\n1. Eg\u00e9szs\u00e9g\u00fcgyi menedzser mesterk\u00e9pz\u00e9si szak mintatanterv\u00e9nek m\u00f3dos\u00edt\u00e1sa<br \/>\n2. Iskolai szoci\u00e1lis munka szakir\u00e1ny\u00fa tov\u00e1bbk\u00e9pz\u00e9si szak l\u00e9tes\u00edt\u00e9s\u00e9nek \u00e9s ind\u00edt\u00e1s\u00e1nak elfogad\u00e1sa<\/p>\n<hr \/>\n<p><strong>2019. febru\u00e1r 12.<\/strong><\/p>\n<p>Napirendi pontok:<br \/>\n1. V\u00e9lem\u00e9nynyilv\u00e1n\u00edt\u00e1s az Eg\u00e9szs\u00e9g\u00fcgyi Menedzserk\u00e9pz\u0151 K\u00f6zpontban k\u00e9t hat\u00e1rozott idej\u0171, docensi megb\u00edz\u00e1sr\u00f3l <br \/>\n2. V\u00e9lem\u00e9nynyilv\u00e1n\u00edt\u00e1s az Eg\u00e9szs\u00e9g\u00fcgyi Menedzserk\u00e9pz\u0151 K\u00f6zpontban k\u00e9t hat\u00e1rozatlan idej\u0171 docensi kinevez\u00e9sr\u0151l sz\u00f3l\u00f3 p\u00e1ly\u00e1zatr\u00f3l (Dr. Palla Gergely, Dr. Pollner P\u00e9ter) <br \/>\n3. A Karon m\u0171k\u00f6d\u0151, a Szen\u00e1tus \u00e1ltal l\u00e9trehozott Curriculum, Kredit\u00e1tviteli \u00e9s Oktat\u00e1si Bizotts\u00e1g \u00f6sszet\u00e9tel\u00e9nek meg\u00faj\u00edt\u00e1sa <br \/>\n4. A Karon m\u0171k\u00f6d\u0151, a Kar \u00e1ltal l\u00e9trehozott Kutat\u00e1si Bizotts\u00e1g \u00f6sszet\u00e9tel\u00e9nek meg\u00faj\u00edt\u00e1sa <br \/>\n5. Ment\u00e1lhigi\u00e9n\u00e9 Int\u00e9zet szoci\u00e1lis munka mesterk\u00e9pz\u00e9s Z\u00e1r\u00f3vizsga Bizotts\u00e1g eln\u00f6keinek j\u00f3v\u00e1hagy\u00e1sa <br \/>\n6. Ment\u00e1lhigi\u00e9n\u00e9 Int\u00e9zet ment\u00e1lhigi\u00e9n\u00e9s csal\u00e1dtudom\u00e1nyi \u00e9s csal\u00e1dter\u00e1pi\u00e1s mesterk\u00e9pz\u00e9si szak Z\u00e1r\u00f3vizsga Bizotts\u00e1g eln\u00f6keinek j\u00f3v\u00e1hagy\u00e1sa <br \/>\n7. Ment\u00e1lhigi\u00e9n\u00e9 Int\u00e9zet ment\u00e1lhigi\u00e9n\u00e9 szakir\u00e1ny\u00fa tov\u00e1bbk\u00e9pz\u00e9si szak Z\u00e1r\u00f3vizsga Bizotts\u00e1g eln\u00f6keinek j\u00f3v\u00e1hagy\u00e1sa <br \/>\n8. Ment\u00e1lhigi\u00e9n\u00e9 Int\u00e9zet lakt\u00e1ci\u00f3s szaktan\u00e1csad\u00f3 szakir\u00e1ny\u00fa tov\u00e1bbk\u00e9pz\u00e9si szak Z\u00e1r\u00f3vizsga Bizotts\u00e1g eln\u00f6keinek j\u00f3v\u00e1hagy\u00e1sa <br \/>\n9. Ment\u00e1lhigi\u00e9n\u00e9 Int\u00e9zet ment\u00e1lhigi\u00e9n\u00e9s lelkigondoz\u00f3 szakir\u00e1ny\u00fa tov\u00e1bbk\u00e9pz\u00e9si szak Z\u00e1r\u00f3vizsga Bizotts\u00e1g eln\u00f6keinek j\u00f3v\u00e1hagy\u00e1sa<\/p>\n<hr \/>\n<p><strong>2019. \u00e1prilis 15.<\/strong><\/p>\n<p>Napirendi pontok:<br \/>\n1. V\u00e9lem\u00e9nynyilv\u00e1n\u00edt\u00e1s Dr. Sz\u00f3cska Mikl\u00f3s az Eg\u00e9szs\u00e9g\u00fcgyi K\u00f6zszolg\u00e1lati Kar d\u00e9k\u00e1ni megb\u00edz\u00e1s\u00e1ra beny\u00fajtott p\u00e1ly\u00e1zat\u00e1r\u00f3l<br \/>\n2. Professor Emeritus c\u00edm adom\u00e1nyoz\u00e1sa (Dr. Dinya Elek)<br \/>\n3. Ment\u00e1lhigi\u00e9n\u00e9 Int\u00e9zet ment\u00e1lhigi\u00e9n\u00e9 szakir\u00e1ny\u00fa tov\u00e1bbk\u00e9pz\u00e9si szak Z\u00e1r\u00f3vizsga Bizotts\u00e1g eln\u00f6keinek j\u00f3v\u00e1hagy\u00e1sa<br \/>\n4. Ment\u00e1lhigi\u00e9n\u00e9 Int\u00e9zet ment\u00e1lhigi\u00e9n\u00e9s lelkigondoz\u00f3 szakir\u00e1ny\u00fa tov\u00e1bbk\u00e9pz\u00e9si szak Z\u00e1r\u00f3vizsga Bizotts\u00e1g eln\u00f6keinek j\u00f3v\u00e1hagy\u00e1sa<br \/>\n5. Eg\u00e9szs\u00e9g\u00fcgyi Menedzserk\u00e9pz\u0151 K\u00f6zpont eg\u00e9szs\u00e9g\u00fcgyi menedzser mesterk\u00e9pz\u00e9si szak Z\u00e1r\u00f3vizsga Bizotts\u00e1g eln\u00f6keinek j\u00f3v\u00e1hagy\u00e1sa<\/p>\n<hr \/>\n<p><strong>2019. \u00e1prilis 23. (elektronikus szavaz\u00e1s)<\/strong><\/p>\n<p>Napirendi pontok:<br \/>\n1. Lakt\u00e1ci\u00f3s szaktan\u00e1csad\u00f3 szakir\u00e1ny\u00fa tov\u00e1bbk\u00e9pz\u00e9si szak k\u00e9pz\u00e9si \u00e9s kimeneti k\u00f6vetelm\u00e9nyeinek m\u00f3dos\u00edt\u00e1s\u00e1val \u00f6sszef\u00fcgg\u0151 m\u00f3dos\u00edtott tanterv elfogad\u00e1s\u00e1r\u00f3l<\/p>\n<hr \/>\n<p><strong>2019. j\u00fanius 11.<\/strong><\/p>\n<p>Napirendi pontok:<br \/>\n1. V\u00e9lem\u00e9nynyilv\u00e1n\u00edt\u00e1s Dr. Stubnya Guszt\u00e1v egyetemi docensi p\u00e1ly\u00e1zat\u00e1r\u00f3l<br \/>\n2. Digit\u00e1lis Eg\u00e9szs\u00e9gtudom\u00e1nyi Int\u00e9zet eg\u00e9szs\u00e9g\u00fcgyi szervez\u0151 alapk\u00e9pz\u00e9si szak (eg\u00e9szs\u00e9g\u00fcgyi \u00fcgyvitelszervez\u0151 specializ\u00e1ci\u00f3) Z\u00e1r\u00f3vizsga Bizotts\u00e1g eln\u00f6k\u00e9nek j\u00f3v\u00e1hagy\u00e1sa<\/p>\n<hr \/>\n<p><strong>2019. j\u00falius 5. (elektronikus szavaz\u00e1s)<\/strong><\/p>\n<p>Napirendi pontok:<br \/>\n1. A 2019\/2020. \u00e9vi tan\u00e9v rendj\u00e9nek elfogad\u00e1s\u00e1r\u00f3l Eg\u00e9szs\u00e9g\u00fcgyi K\u00f6zszolg\u00e1lati Karon<\/p>\n<hr \/>\n<p><strong>2019. augusztus 15. (elektronikus szavaz\u00e1s)<\/strong><\/p>\n<p>Napirendi pontok:<br \/>\n1. A 2019\/2020. \u00e9vi tan\u00e9v rendj\u00e9nek pontos\u00edt\u00f3 m\u00f3dos\u00edt\u00e1s elfogad\u00e1s\u00e1r\u00f3l Eg\u00e9szs\u00e9g\u00fcgyi K\u00f6zszolg\u00e1lati Karon<br \/>\n2. Semmelweis Egyetem Eg\u00e9szs\u00e9g\u00fcgyi K\u00f6zszolg\u00e1lati Kar Ment\u00e1lhigi\u00e9n\u00e9 Int\u00e9zet lakt\u00e1ci\u00f3s szaktan\u00e1csad\u00f3 szakir\u00e1ny\u00fa tov\u00e1bbk\u00e9pz\u00e9si szak tanterv\u00e9nek m\u00f3dos\u00edt\u00e1s\u00e1r\u00f3l<br \/>\n3. Semmelweis Egyetem Eg\u00e9szs\u00e9g\u00fcgyi K\u00f6zszolg\u00e1lati Kar Digit\u00e1lis Eg\u00e9szs\u00e9gtudom\u00e1nyi Int\u00e9zet eg\u00e9szs\u00e9g\u00fcgyi szervez\u0151 alapk\u00e9pz\u00e9si szak eg\u00e9szs\u00e9g\u00fcgyi \u00fcgyvitelszervez\u0151 specializ\u00e1ci\u00f3 tanterv\u00e9nek m\u00f3dos\u00edt\u00e1s\u00e1r\u00f3l<\/p>\n<hr \/>\n<p><strong>2019. szeptember 9.<\/strong><\/p>\n<p>Napirendi pontok:<br \/>\n1. V\u00e9lem\u00e9nynyilv\u00e1n\u00edt\u00e1s Dr. Danis Ildik\u00f3 r\u00e9szmunkaid\u0151s tudom\u00e1nyos f\u0151munkat\u00e1rsi p\u00e1ly\u00e1zat\u00e1r\u00f3l<br \/>\n2. A Karon m\u0171k\u00f6d\u0151 Szen\u00e1tus \u00e1ltal l\u00e9trehozott Curriculum, Kredit\u00e1tviteli \u00e9s Oktat\u00e1si Bizotts\u00e1g \u00f6sszet\u00e9tel\u00e9nek meg\u00faj\u00edt\u00e1s\u00e1r\u00f3l<br \/>\n3. Eg\u00e9szs\u00e9g\u00fcgyi Menedzserk\u00e9pz\u0151 K\u00f6zpont eg\u00e9szs\u00e9g\u00fcgyi menedzser mesterk\u00e9pz\u00e9si szak Z\u00e1r\u00f3vizsga Bizotts\u00e1g eln\u00f6keinek j\u00f3v\u00e1hagy\u00e1sa<br \/>\n4. Ment\u00e1lhigi\u00e9n\u00e9 Int\u00e9zet ment\u00e1lhigi\u00e9n\u00e9 szakir\u00e1ny\u00fa tov\u00e1bbk\u00e9pz\u00e9si szak Z\u00e1r\u00f3vizsga Bizotts\u00e1g eln\u00f6keinek j\u00f3v\u00e1hagy\u00e1sa<br \/>\n5. Ment\u00e1lhigi\u00e9n\u00e9 Int\u00e9zet ment\u00e1lhigi\u00e9n\u00e9s lelkigondoz\u00f3 szakir\u00e1ny\u00fa tov\u00e1bbk\u00e9pz\u00e9si szak Z\u00e1r\u00f3vizsga Bizotts\u00e1g eln\u00f6keinek j\u00f3v\u00e1hagy\u00e1sa<br \/>\n6. Ment\u00e1lhigi\u00e9n\u00e9 Int\u00e9zet szoci\u00e1lis munka mesterk\u00e9pz\u00e9s Z\u00e1r\u00f3vizsga Bizotts\u00e1g eln\u00f6keinek j\u00f3v\u00e1hagy\u00e1sa<br \/>\n7. Ment\u00e1lhigi\u00e9n\u00e9 Int\u00e9zet lakt\u00e1ci\u00f3s szaktan\u00e1csad\u00f3 szakir\u00e1ny\u00fa tov\u00e1bbk\u00e9pz\u00e9si szak Z\u00e1r\u00f3vizsga Bizotts\u00e1g eln\u00f6keinek j\u00f3v\u00e1hagy\u00e1sa<br \/>\n8. Ment\u00e1lhigi\u00e9n\u00e9 Int\u00e9zet k\u00f6z\u00f6ss\u00e9gi \u00e9s csal\u00e1di medi\u00e1ci\u00f3 szakir\u00e1ny\u00fa tov\u00e1bbk\u00e9pz\u00e9si szak Z\u00e1r\u00f3vizsga Bizotts\u00e1g eln\u00f6keinek j\u00f3v\u00e1hagy\u00e1sa<br \/>\n9. Ment\u00e1lhigi\u00e9n\u00e9 Int\u00e9zet ment\u00e1lhigi\u00e9n\u00e9s csal\u00e1dtudom\u00e1nyi \u00e9s csal\u00e1dter\u00e1pi\u00e1s mesterk\u00e9pz\u00e9si szak Z\u00e1r\u00f3vizsga Bizotts\u00e1g eln\u00f6keinek j\u00f3v\u00e1hagy\u00e1sa<\/p>\n<hr \/>\n<p><strong>2019. december 6.<\/strong><\/p>\n<p>Napirendi pontok:<br \/>\n1. Ment\u00e1lhigi\u00e9n\u00e9 Int\u00e9zet Ment\u00e1lhigi\u00e9n\u00e9 szakir\u00e1ny\u00fa tov\u00e1bbk\u00e9pz\u00e9si szak szakfelel\u0151s szem\u00e9ly\u00e9nek v\u00e1ltoz\u00e1sa<br \/>\n2. Kari k\u00e9pvisel\u0151 deleg\u00e1l\u00e1sa az egyetemi Region\u00e1lis, Int\u00e9zm\u00e9nyi, Tudom\u00e1nyos \u00e9s Kutat\u00e1setikai Bizotts\u00e1gba (RKEB) <br \/>\n3. Ment\u00e1lhigi\u00e9n\u00e9 Int\u00e9zet ment\u00e1lhigi\u00e9n\u00e9s lelkigondoz\u00f3 szakir\u00e1ny\u00fa tov\u00e1bbk\u00e9pz\u00e9si szak Z\u00e1r\u00f3vizsga Bizotts\u00e1g eln\u00f6keinek j\u00f3v\u00e1hagy\u00e1sa<br \/>\n4. Digit\u00e1lis Eg\u00e9szs\u00e9gtudom\u00e1nyi Int\u00e9zet eg\u00e9szs\u00e9g\u00fcgyi szervez\u0151 alapk\u00e9pz\u00e9si szak eg\u00e9szs\u00e9g\u00fcgyi \u00fcgyvitelszervez\u0151 specializ\u00e1ci\u00f3 Z\u00e1r\u00f3vizsga Bizotts\u00e1g eln\u00f6k\u00e9nek j\u00f3v\u00e1hagy\u00e1sa<\/p>\n<p>&nbsp;<\/p>\n<p>&nbsp;<\/p>\n<p>&nbsp;<\/p>\n<p>&nbsp;<\/p>\n","protected":false},"excerpt":{"rendered":"<p>2019. janu\u00e1r 23. (elektronikus szavaz\u00e1s) Napirendi pontok: 1. Eg\u00e9szs\u00e9g\u00fcgyi menedzser mesterk\u00e9pz\u00e9si szak mintatanterv\u00e9nek m\u00f3dos\u00edt\u00e1sa 2. Iskolai szoci\u00e1lis munka szakir\u00e1ny\u00fa tov\u00e1bbk\u00e9pz\u00e9si szak l\u00e9tes\u00edt\u00e9s\u00e9nek \u00e9s ind\u00edt\u00e1s\u00e1nak elfogad\u00e1sa 2019. febru\u00e1r 12. Napirendi pontok: 1. V\u00e9lem\u00e9nynyilv\u00e1n\u00edt\u00e1s az Eg\u00e9szs\u00e9g\u00fcgyi Menedzserk\u00e9pz\u0151 K\u00f6zpontban k\u00e9t hat\u00e1rozott idej\u0171, docensi megb\u00edz\u00e1sr\u00f3l 2. V\u00e9lem\u00e9nynyilv\u00e1n\u00edt\u00e1s az Eg\u00e9szs\u00e9g\u00fcgyi Menedzserk\u00e9pz\u0151 K\u00f6zpontban k\u00e9t hat\u00e1rozatlan idej\u0171 docensi kinevez\u00e9sr\u0151l sz\u00f3l\u00f3 p\u00e1ly\u00e1zatr\u00f3l (Dr. &hellip;<\/p>\n","protected":false},"author":101539,"featured_media":0,"parent":1201,"menu_order":7,"comment_status":"closed","ping_status":"closed","template":"","meta":{"_acf_changed":false,"footnotes":""},"categories":[],"tags":[],"class_list":["post-3064","page","type-page","status-publish","hentry"],"acf":[],"_links":{"self":[{"href":"https:\/\/semmelweis.hu\/ekk\/wp-json\/wp\/v2\/pages\/3064","targetHints":{"allow":["GET"]}}],"collection":[{"href":"https:\/\/semmelweis.hu\/ekk\/wp-json\/wp\/v2\/pages"}],"about":[{"href":"https:\/\/semmelweis.hu\/ekk\/wp-json\/wp\/v2\/types\/page"}],"author":[{"embeddable":true,"href":"https:\/\/semmelweis.hu\/ekk\/wp-json\/wp\/v2\/users\/101539"}],"replies":[{"embeddable":true,"href":"https:\/\/semmelweis.hu\/ekk\/wp-json\/wp\/v2\/comments?post=3064"}],"version-history":[{"count":9,"href":"https:\/\/semmelweis.hu\/ekk\/wp-json\/wp\/v2\/pages\/3064\/revisions"}],"predecessor-version":[{"id":3267,"href":"https:\/\/semmelweis.hu\/ekk\/wp-json\/wp\/v2\/pages\/3064\/revisions\/3267"}],"up":[{"embeddable":true,"href":"https:\/\/semmelweis.hu\/ekk\/wp-json\/wp\/v2\/pages\/1201"}],"wp:attachment":[{"href":"https:\/\/semmelweis.hu\/ekk\/wp-json\/wp\/v2\/media?parent=3064"}],"wp:term":[{"taxonomy":"category","embeddable":true,"href":"https:\/\/semmelweis.hu\/ekk\/wp-json\/wp\/v2\/categories?post=3064"},{"taxonomy":"post_tag","embeddable":true,"href":"https:\/\/semmelweis.hu\/ekk\/wp-json\/wp\/v2\/tags?post=3064"}],"curies":[{"name":"wp","href":"https:\/\/api.w.org\/{rel}","templated":true}]}}