{"id":22,"date":"2011-06-29T09:12:03","date_gmt":"2011-06-29T09:12:03","guid":{"rendered":"http:\/\/sote.webdevil.hu\/ekk\/?page_id=22"},"modified":"2025-10-01T13:39:35","modified_gmt":"2025-10-01T11:39:35","slug":"mesterkepzes","status":"publish","type":"page","link":"https:\/\/semmelweis.hu\/ekk\/oktatas\/mesterkepzes\/","title":{"rendered":"Mesterk\u00e9pz\u00e9s"},"content":{"rendered":"<h3 style=\"text-align: justify\">Karunkon az al\u00e1bbi mesterk\u00e9pz\u00e9si szakok (MSc\/MA) k\u00f6z\u00fcl v\u00e1laszthat:<\/h3>\n<div class=\"keretes w-100\" style=\"text-align: justify\">\n<ul style=\"list-style-type: square\">\n<li class=\"w-100\"><strong><a href=\"#egeszsegugyiadattudomany\">Eg\u00e9szs\u00e9g\u00fcgyi adattudom\u00e1ny mesterk\u00e9pz\u00e9si szak<\/a><\/strong><\/li>\n<li class=\"w-100\"><strong><a href=\"#egeszsegugyimenedzser\">Eg\u00e9szs\u00e9g\u00fcgyi menedzser mesterk\u00e9pz\u00e9si szak<\/a><\/strong><\/li>\n<li class=\"w-100\"><strong><a href=\"#egeszsegugyiminosegugyibetegbiztonsagimenedzsment\">Eg\u00e9szs\u00e9g\u00fcgyi-min\u0151s\u00e9g\u00fcgyi \u00e9s betegbiztons\u00e1gi menedzsment mesterk\u00e9pz\u00e9si szak<\/a><\/strong><\/li>\n<li class=\"w-100\"><strong><a href=\"#integraltszocialisszolgaltatasimenedzsment\">Integr\u00e1lt szoci\u00e1lis szolg\u00e1ltat\u00e1si menedzsment mesterk\u00e9pz\u00e9si szak<\/a><\/strong><\/li>\n<li><strong><a href=\"#szocialismunka\">Szoci\u00e1lis munka mesterk\u00e9pz\u00e9si szak<\/a><\/strong><\/li>\n<li>\n<p style=\"text-align: justify\"><strong><a href=\"#interdiszciplinariscsaladtudomany\">Interdiszciplin\u00e1ris csal\u00e1dtudom\u00e1nyi mesterk\u00e9pz\u00e9si szak<\/a><\/strong><\/p>\n<\/li>\n<\/ul>\n<\/div>\n<h5 style=\"text-align: justify\"><a id=\"egeszsegugyiadattudomany\"><\/a>Eg\u00e9szs\u00e9g\u00fcgyi adattudom\u00e1ny mesterk\u00e9pz\u00e9si szak<\/h5>\n<p style=\"text-align: justify\">Az eg\u00e9szs\u00e9g\u00fcgyi adattudom\u00e1ny MSc programra els\u0151sorban azokat az orvosokat, gy\u00f3gyszer\u00e9szeket, eg\u00e9szs\u00e9g\u00fcgyi szakdolgoz\u00f3kat, informatikusokat, adattud\u00f3sokat v\u00e1rjuk, akik szeretn\u00e9nek r\u00e9szt venni az adatvez\u00e9relt eg\u00e9szs\u00e9g\u00fcgy alak\u00edt\u00e1s\u00e1ban. A mesterk\u00e9pz\u00e9s eg\u00e9szs\u00e9gtudom\u00e1nyi, matematikai \u00e9s informatikai ismereteket integr\u00e1l, emiatt els\u0151sorban az orvos- \u00e9s eg\u00e9szs\u00e9gtudom\u00e1ny, valamint az informatika \u00e9s a term\u00e9szettudom\u00e1ny k\u00e9pz\u00e9si ter\u00fcleteken v\u00e9gzetts\u00e9ggel rendelkez\u0151k jelentkez\u00e9s\u00e9t v\u00e1rjuk, de m\u00e1s tudom\u00e1nyter\u00fcleteken \u2013 jogtudom\u00e1ny, gazdas\u00e1gtudom\u00e1ny \u2013 v\u00e9gzettek sz\u00e1m\u00e1ra is kiv\u00e1l\u00f3 lehet\u0151s\u00e9get biztos\u00edt a program ismereteik b\u0151v\u00edt\u00e9s\u00e9re.<\/p>\n<p style=\"text-align: justify\">A <strong>r\u00e9szid\u0151s<\/strong> k\u00e9pz\u00e9s <strong>4 szemeszteren<\/strong> \u00e1t tant\u00e1rgyi blokkokban, <strong>el\u0151re meghat\u00e1rozott oktat\u00e1si napokon<\/strong> (h\u00e9tk\u00f6znapokon) zajlik.<\/p>\n<p style=\"text-align: justify\">A k\u00e9pz\u00e9st levelez\u0151 munkarendben \u00e1llami \u00f6szt\u00f6nd\u00edjas \u00e9s \u00f6nk\u00f6lts\u00e9ges finansz\u00edroz\u00e1si form\u00e1ban ind\u00edtjuk, az \u00f6nk\u00f6lts\u00e9gi d\u00edj 780.000 Ft\/f\u00e9l\u00e9v. A szak k\u00e9pz\u00e9si ideje 4 f\u00e9l\u00e9v \u00e9s 120 kredit.<\/p>\n<p style=\"text-align: center\"><a class=\"btn btn-secondary\" href=\"https:\/\/semmelweis.hu\/emk\/oktatas\/mesterkepzes\/egeszsegugyi-adattudomany-msc\/\" target=\"_blank\" rel=\"noopener\">Tov\u00e1bbi inform\u00e1ci\u00f3<\/a><\/p>\n<hr \/>\n<h5 style=\"text-align: justify\"><a id=\"egeszsegugyimenedzser\"><\/a>Eg\u00e9szs\u00e9g\u00fcgyi menedzser mesterk\u00e9pz\u00e9si szak<\/h5>\n<p style=\"text-align: justify\">Az eg\u00e9szs\u00e9g\u00fcgyi menedzser MSc program elv\u00e9gz\u00e9s\u00e9t <strong>els\u0151sorban azoknak aj\u00e1nljuk<\/strong>, akik <strong>vezet\u0151i poz\u00edci\u00f3ban <\/strong>vannak, vagy <strong>vezet\u0151i amb\u00edci\u00f3val<\/strong> rendelkeznek, motiv\u00e1ltak megl\u00e9v\u0151 tud\u00e1suk rendszerez\u00e9s\u00e9re, k\u00e9szs\u00e9geik tov\u00e1bbfejleszt\u00e9s\u00e9re, \u00e9s mindenekel\u0151tt professzion\u00e1lis szinten szeretn\u00e9nek elm\u00e9lyedni az eg\u00e9szs\u00e9g\u00fcgyi rendszer \u00e9s int\u00e9zm\u00e9nyir\u00e1ny\u00edt\u00e1s rejtelmeiben.<\/p>\n<p style=\"text-align: justify\">A <strong>r\u00e9szid\u0151s<\/strong> k\u00e9pz\u00e9s intenz\u00edv, <strong>a hallgat\u00f3k 4 szemeszteren<\/strong> \u00e1t <strong>havonta egy hetet<\/strong> K\u00f6zpontunkban t\u00f6ltenek el. Az oktat\u00e1s\u00a0 blokkos\u00edtott form\u00e1ban t\u00f6rt\u00e9nik \u00e9s k\u00fcl\u00f6n hangs\u00falyt fektet\u00fcnk a k\u00e9pz\u00e9sben elsaj\u00e1t\u00edtott ismeretek \u00e9s m\u00f3dszerek azonnali <strong>gyakorlati alkalmaz\u00e1s\u00e1ra<\/strong>, ez\u00e9rt <strong>rendszeres egy\u00e9ni munka<\/strong> is <strong>sz\u00fcks\u00e9ges<\/strong> a k\u00e9pz\u00e9s teljes\u00edt\u00e9s\u00e9hez \u00e9s az oktat\u00e1si alkalmakra val\u00f3 felk\u00e9sz\u00fcl\u00e9shez.<\/p>\n<p style=\"text-align: justify\">A k\u00e9pz\u00e9st levelez\u0151 munkarendben, \u00e1llami \u00f6szt\u00f6nd\u00edjas \u00e9s \u00f6nk\u00f6lts\u00e9ges finansz\u00edroz\u00e1si form\u00e1ban ind\u00edtjuk, az \u00f6nk\u00f6lts\u00e9gi d\u00edj 586.000 Ft\/f\u00e9l\u00e9v. A szak k\u00e9pz\u00e9si ideje 4 f\u00e9l\u00e9v \u00e9s 120 kredit.<\/p>\n<p style=\"text-align: center\"><a class=\"btn btn-secondary\" href=\"https:\/\/semmelweis.hu\/emk\/oktatas\/mesterkepzes\/egeszsegugyi-menedzser-msc\/\" target=\"_blank\" rel=\"noopener\">Tov\u00e1bbi inform\u00e1ci\u00f3<\/a><\/p>\n<hr \/>\n<h5 style=\"text-align: justify\"><a id=\"egeszsegugyiminosegugyibetegbiztonsagimenedzsment\"><\/a>Eg\u00e9szs\u00e9g\u00fcgyi-min\u0151s\u00e9g\u00fcgyi \u00e9s betegbiztons\u00e1gi menedzsment mesterk\u00e9pz\u00e9si szak<\/h5>\n<p style=\"text-align: justify\">Az eg\u00e9szs\u00e9g\u00fcgyi-min\u0151s\u00e9g\u00fcgyi \u00e9s betegbiztons\u00e1gi menedzsment MSc programunkra olyan jelentkez\u0151ket v\u00e1runk, akik eg\u00e9szs\u00e9g\u00fcgyi fels\u0151fok\u00fa diplom\u00e1val \u00e9s t\u00f6bb mint h\u00e1rom \u00e9v eg\u00e9szs\u00e9g\u00fcgyi ell\u00e1t\u00e1sban szerzett gyakorlati tapasztalattal rendelkeznek \u00e9s mindenekel\u0151tt elk\u00f6telezettek egy biztons\u00e1gosabb eg\u00e9szs\u00e9g\u00fcgy fel\u00e9p\u00edt\u00e9s\u00e9\u00e9rt. Hogy az eg\u00e9szs\u00e9g\u00fcgy a gy\u00f3gyul\u00e1s sz\u00edntere legyen.<\/p>\n<p style=\"text-align: justify\">A min\u0151s\u00e9g\u00fcgyi \u00e9s betegbiztons\u00e1gi k\u00e9pz\u00e9s hasznos eszk\u00f6zt\u00e1rat, tippeket \u00e9s tr\u00fckk\u00f6ket ad eg\u00e9szs\u00e9g\u00fcgyi folyamatok kialak\u00edt\u00e1s\u00e1hoz, m\u0171k\u00f6dtet\u00e9s\u00e9hez, fejleszt\u00e9s\u00e9hez, int\u00e9zked\u00e9sekhez \u00e9s a vezet\u0151i munk\u00e1hoz. Az elm\u00e9leti tud\u00e1s mellett a gyakorlatban is j\u00f3l alkalmazhat\u00f3 ismereteket \u00e9s folyamatszeml\u00e9let\u0171 gondolkod\u00e1sm\u00f3dot saj\u00e1t\u00edtanak el a hallgat\u00f3k.<\/p>\n<p style=\"text-align: justify\">Az oktat\u00e1s az els\u0151 h\u00e1rom szemeszterben tant\u00e1rgyi blokkokban, el\u0151re meghat\u00e1rozott oktat\u00e1si napokon (h\u00e9tk\u00f6znapokon) zajlik, a negyedik f\u00e9l\u00e9vben a f\u00f3kusz a ter\u00fcleti gyakorlaton \u00e9s szakdolgozat \u00edr\u00e1son van (havi egy k\u00f6telez\u0151 konzult\u00e1ci\u00f3val).<\/p>\n<p style=\"text-align: justify\">A k\u00e9pz\u00e9st levelez\u0151 munkarendben \u00e1llami \u00f6szt\u00f6nd\u00edjas \u00e9s \u00f6nk\u00f6lts\u00e9ges finansz\u00edroz\u00e1si form\u00e1ban ind\u00edtjuk, az \u00f6nk\u00f6lts\u00e9gi d\u00edj 445.000 Ft\/f\u00e9l\u00e9v. A szak k\u00e9pz\u00e9si ideje 4 f\u00e9l\u00e9v \u00e9s 120 kredit.<\/p>\n<p style=\"text-align: center\"><a class=\"btn btn-secondary\" href=\"https:\/\/semmelweis.hu\/emk\/oktatas\/mesterkepzes\/egeszsegugyi-minosegugyi-es-betegbiztonsagi-menedzsment-msc\/\" target=\"_blank\" rel=\"noopener\">Tov\u00e1bbi inform\u00e1ci\u00f3<\/a><\/p>\n<hr \/>\n<h5 style=\"text-align: justify\"><a id=\"integraltszocialisszolgaltatasimenedzsment\"><\/a>Integr\u00e1lt szoci\u00e1lis szolg\u00e1ltat\u00e1si menedzsment mesterk\u00e9pz\u00e9si szak<\/h5>\n<p style=\"text-align: justify\">Az integr\u00e1lt szoci\u00e1lis szolg\u00e1ltat\u00e1si menedzsment MSc programunk curriculuma \u00e9s oktat\u00e1si m\u00f3dszertana felk\u00e9sz\u00edti a hallgat\u00f3kat arra, hogy munk\u00e1jukkal el\u0151seg\u00edts\u00e9k az ell\u00e1t\u00e1s fejleszt\u00e9s\u00e9t, a hazai \u00e9s nemzetk\u00f6zi trendeknek \u00e9s elv\u00e1r\u00e1soknak val\u00f3 megfelel\u00e9st a szoci\u00e1lis szolg\u00e1ltat\u00e1sok \u00e9s a vezet\u00e9s ter\u00fclet\u00e9n. Az elm\u00e9leti tud\u00e1s mellett a gyakorlatban is j\u00f3l alkalmazhat\u00f3 ismereteket, folyamat \u00e9s rendszerszeml\u00e9let\u0171 gondolkod\u00e1sm\u00f3dot saj\u00e1t\u00edtanak el a hallgat\u00f3k.<\/p>\n<p style=\"text-align: justify\">A k\u00e9pz\u00e9sre olyan jelentkez\u0151ket v\u00e1runk, akik legal\u00e1bb alapszint\u0171 szakon szereztek oklevelet a b\u00f6lcs\u00e9szettudom\u00e1nyi, a t\u00e1rsadalomtudom\u00e1nyi, a jogi- \u00e9s igazgat\u00e1si, a gazdas\u00e1gtudom\u00e1nyi, valamint az orvos- \u00e9s eg\u00e9szs\u00e9gtudom\u00e1nyi ter\u00fcletek valamelyik\u00e9n, de mindenekel\u0151tt elk\u00f6telezettek a szoci\u00e1lis szakma alap\u00e9rt\u00e9kei, c\u00e9lkit\u0171z\u00e9sei mellett.<\/p>\n<p style=\"text-align: justify\">A k\u00e9pz\u00e9st levelez\u0151 munkarendben \u00e1llami \u00f6szt\u00f6nd\u00edjas \u00e9s \u00f6nk\u00f6lts\u00e9ges finansz\u00edroz\u00e1si form\u00e1ban ind\u00edtjuk, az \u00f6nk\u00f6lts\u00e9gi d\u00edj 395.000 Ft\/f\u00e9l\u00e9v. A szak k\u00e9pz\u00e9si ideje 4 f\u00e9l\u00e9v \u00e9s 120 kredit.<\/p>\n<p style=\"text-align: center\"><a class=\"btn btn-secondary\" href=\"https:\/\/semmelweis.hu\/emk\/oktatas\/mesterkepzes\/integralt-szocialis-szolgaltatasi-menedzsment-iszszm\/\" target=\"_blank\" rel=\"noopener\">Tov\u00e1bbi inform\u00e1ci\u00f3<\/a><\/p>\n<hr \/>\n<h5 style=\"text-align: justify\"><a id=\"szocialismunka\"><\/a>Szoci\u00e1lis munka mesterk\u00e9pz\u00e9si szak<\/h5>\n<p style=\"text-align: justify\">A szoci\u00e1lis munka mesterk\u00e9pz\u00e9si szak <strong>els\u0151sorban<\/strong> alapdiplom\u00e1val (f\u0151iskolai vagy BA) rendelkez\u0151 <strong>szoci\u00e1lis munk\u00e1sokat<\/strong> \u00e9s szoci\u00e1lpedag\u00f3gusokat k\u00e9sz\u00edt fel a szoci\u00e1lis munka professzion\u00e1lisabb v\u00e9gz\u00e9s\u00e9re. A k\u00e9pz\u00e9s <strong>specifikuma<\/strong> a <strong>csal\u00e1ddal \u00f6sszef\u00fcgg\u0151 szoci\u00e1lis k\u00e9rd\u00e9sek<\/strong> t\u00f6bbszempont\u00fa megk\u00f6zel\u00edt\u00e9se \u00e9s az <strong>eddig megszerzett tud\u00e1s<\/strong> \u00e9s tapasztalat <strong>rendszerszeml\u00e9let\u0171<\/strong> integr\u00e1ci\u00f3ja. Fontosnak tartjuk az <strong>\u00e9rt\u00e9kk\u00f6zpont\u00fa szeml\u00e9letet<\/strong> \u00e9s annak er\u0151forr\u00e1sk\u00e9nt val\u00f3 felhaszn\u00e1l\u00e1s\u00e1t.<\/p>\n<p style=\"text-align: justify\">A Curriculum 2.0 fejleszt\u00e9s keret\u00e9ben 2024. szeptember\u00e9ben bevezetett <strong>\u00faj mintatanterv<\/strong> f\u0151bb <strong>c\u00e9lkit\u0171z\u00e9sei<\/strong> az al\u00e1bbi ter\u00fcleteken k\u00edv\u00e1nj\u00e1k el\u0151seg\u00edteni a hallgat\u00f3k szakmai fejl\u0151d\u00e9s\u00e9t: <strong>seg\u00edt\u0151k j\u00f3ll\u00e9te; szoci\u00e1lis munka m\u00f3dszereinek \u00e9s eszk\u00f6zeinek professzion\u00e1lis haszn\u00e1lata; szolg\u00e1ltat\u00e1sfejleszt\u00e9s \u00e9s innov\u00e1ci\u00f3.<\/strong> Ezek a k\u00e9pz\u00e9s f\u0151 \u201epill\u00e9rei\u201d.<\/p>\n<p style=\"text-align: justify\">A tananyagfejleszt\u00e9sek f\u0151 c\u00e9ljak\u00e9nt a <strong>gyakorlatorient\u00e1lt<\/strong>, innovat\u00edv k\u00e9pz\u00e9si tartalmak kialak\u00edt\u00e1s\u00e1t, valamint az <strong>\u00e9lm\u00e9nyalap\u00fa<\/strong> \u00e9s <strong>interakt\u00edv<\/strong> pedag\u00f3giai m\u00f3dszertan b\u0151vebb kihaszn\u00e1l\u00e1s\u00e1t fogalmaztuk meg. A m\u00f3dszerek tekintet\u00e9ben elk\u00f6telezettek vagyunk a <strong>participat\u00edv oktat\u00e1si m\u00f3dszerek<\/strong> \u00e9s az \u00e9lm\u00e9nypedag\u00f3giai eszk\u00f6z\u00f6k mellett, valamint fontosnak tartjuk a <strong>projektm\u00f3dszer<\/strong> beemel\u00e9s\u00e9t az oktat\u00e1sba.<\/p>\n<p style=\"text-align: justify\">A v\u00e9gzett hallgat\u00f3k megfelel\u0151 ismeretekkel rendelkeznek tanulm\u00e1nyaik doktori k\u00e9pz\u00e9s keret\u00e9ben t\u00f6rt\u00e9n\u0151 folytat\u00e1s\u00e1ra.<\/p>\n<p style=\"text-align: justify\">A k\u00e9pz\u00e9st levelez\u0151 munkarendben, \u00e1llami \u00f6szt\u00f6nd\u00edjas \u00e9s \u00f6nk\u00f6lts\u00e9ges finansz\u00edroz\u00e1si form\u00e1ban ind\u00edtjuk, az \u00f6nk\u00f6lts\u00e9gi d\u00edj 390.000 Ft\/f\u00e9l\u00e9v. A szak k\u00e9pz\u00e9si ideje 4 f\u00e9l\u00e9v \u00e9s 120 kredit.<\/p>\n<p style=\"text-align: center\"><a class=\"btn btn-secondary\" href=\"https:\/\/semmelweis.hu\/mental\/mesterkepzesek\/szocialis-munka\/\" target=\"_blank\" rel=\"noopener\">Tov\u00e1bbi inform\u00e1ci\u00f3<\/a><\/p>\n<hr \/>\n<h5 style=\"text-align: justify\"><a id=\"interdiszciplinariscsaladtudomany\"><\/a>Interdiszciplin\u00e1ris csal\u00e1dtudom\u00e1nyi mesterk\u00e9pz\u00e9si szak<\/h5>\n<p style=\"text-align: justify\">Az interdiszciplin\u00e1ris csal\u00e1dtudom\u00e1nyi mesterk\u00e9pz\u00e9si szak egy <strong>4 szemeszteres k\u00e9pz\u00e9s<\/strong>, melynek els\u0151dleges\u00a0 <strong>c\u00e9lja<\/strong> olyan szakemberek k\u00e9pz\u00e9se, akik <strong>korszer\u0171 csal\u00e1dtudom\u00e1nyi<\/strong>, <strong>kapcsolatelm\u00e9leti<\/strong> \u00e9s a hozz\u00e1juk k\u00f6t\u0151d\u0151 <strong>m\u00f3dszertani<\/strong> \u00e9s <strong>gyakorlati<\/strong> ismeretek birtok\u00e1ban <strong>k\u00e9pesek a csal\u00e1dok vizsg\u00e1lat\u00e1ra f\u00f3kusz\u00e1l\u00f3 tudom\u00e1nyos tev\u00e9kenys\u00e9gre<\/strong>, <strong>kutat\u00e1sra<\/strong> \u00e9s <strong>oktat\u00e1sra<\/strong>, k\u00e9pesek tov\u00e1bb\u00e1 ezen ismeretek magas szint\u0171, t\u00e1rsadalmi kontextust is tekintetbe vev\u0151 alkalmaz\u00e1s\u00e1ra.<\/p>\n<p style=\"text-align: justify\"><strong>K\u00e9pesek<\/strong> megel\u0151z\u0151, t\u00e1mogat\u00f3, er\u0151forr\u00e1sokat felt\u00e1r\u00f3 \u00e9s fejleszt\u0151 m\u00f3don <strong>hat\u00e1st gyakorolni a csal\u00e1di kapcsolatokra<\/strong>, bele\u00e9rtve <strong>a speci\u00e1lis helyzet\u0171 csal\u00e1dokat<\/strong> \u00e9s alternat\u00edv egy\u00fctt\u00e9l\u00e9si form\u00e1kat. K\u00e9pesek a csal\u00e1dokkal \u00e9s a k\u00f6z\u00f6ss\u00e9gekkel foglalkoz\u00f3 <strong>szolg\u00e1ltat\u00e1si rendszerek<\/strong>, <strong>intervenci\u00f3s programok<\/strong> integr\u00e1lt, <strong>tudom\u00e1nyos alapokon nyugv\u00f3 tervez\u00e9s\u00e9re<\/strong>, kifejleszt\u00e9s\u00e9re \u00e9s koordin\u00e1ci\u00f3j\u00e1ra.<\/p>\n<p style=\"text-align: justify\">A csal\u00e1dok j\u00f3ll\u00e9t\u00e9nek er\u0151s\u00edt\u00e9s\u00e9vel <strong>hat\u00e1st gyakorolnak a t\u00e1rsadalmi folyamatokra<\/strong> \u00e9s a t\u00e1gabb t\u00e1rsadalmi rendszerek m\u0171k\u00f6d\u00e9s\u00e9re. Felk\u00e9sz\u00fcltek tanulm\u00e1nyaik doktori k\u00e9pz\u00e9sben t\u00f6rt\u00e9n\u0151 folytat\u00e1s\u00e1ra.<\/p>\n<p style=\"text-align: justify\">A k\u00e9pz\u00e9st levelez\u0151 munkarendben, \u00e1llami \u00f6szt\u00f6nd\u00edjas \u00e9s \u00f6nk\u00f6lts\u00e9ges finansz\u00edroz\u00e1si form\u00e1ban ind\u00edtjuk, az \u00f6nk\u00f6lts\u00e9gi d\u00edj 390.000 ft\/f\u00e9l\u00e9v. A szak k\u00e9pz\u00e9si ideje 4 f\u00e9l\u00e9v \u00e9s 120 kredit.<\/p>\n<p style=\"text-align: center\"><a class=\"btn btn-secondary\" href=\"https:\/\/semmelweis.hu\/mental\/mesterkepzesek\/interdiszciplinaris-csaladtudomany\/\" target=\"_blank\" rel=\"noopener\">Tov\u00e1bbi inform\u00e1ci\u00f3<\/a><\/p>\n[slb_exclude]<div data-carousel-extra='{\"blog_id\":4,\"permalink\":\"https:\\\/\\\/semmelweis.hu\\\/ekk\\\/oktatas\\\/mesterkepzes\\\/\"}' class=\"tiled-gallery type-rectangular\" data-original-width=\"753\"><div class=\"gallery-row\" style=\"width: 748px; height: 330px;\"><div class=\"gallery-group images-1\" style=\"width: 499px; height: 334px;\"><div class=\"tiled-gallery-item tiled-gallery-item-large\"><a href=\"https:\/\/semmelweis.hu\/ekk\/files\/2011\/06\/RS27249_KA-20150116-IMG_2938-scr.jpg\"><img loading=\"lazy\" decoding=\"async\" data-attachment-id=\"1850\" data-orig-file=\"https:\/\/semmelweis.hu\/ekk\/files\/2011\/06\/RS27249_KA-20150116-IMG_2938-scr.jpg\" data-orig-size=\"950,633\" data-comments-opened=\"0\" data-image-meta=\"{&quot;aperture&quot;:&quot;0&quot;,&quot;credit&quot;:&quot;&quot;,&quot;camera&quot;:&quot;&quot;,&quot;caption&quot;:&quot;&quot;,&quot;created_timestamp&quot;:&quot;0&quot;,&quot;copyright&quot;:&quot;&quot;,&quot;focal_length&quot;:&quot;0&quot;,&quot;iso&quot;:&quot;0&quot;,&quot;shutter_speed&quot;:&quot;0&quot;,&quot;title&quot;:&quot;&quot;,&quot;orientation&quot;:&quot;0&quot;}\" data-image-title=\"RS27249_KA-20150116-IMG_2938-scr\" data-image-description=\"\" data-medium-file=\"https:\/\/semmelweis.hu\/ekk\/files\/2011\/06\/RS27249_KA-20150116-IMG_2938-scr-300x200.jpg\" data-large-file=\"https:\/\/semmelweis.hu\/ekk\/files\/2011\/06\/RS27249_KA-20150116-IMG_2938-scr.jpg\" src=\"https:\/\/semmelweis.hu\/ekk\/files\/2011\/06\/RS27249_KA-20150116-IMG_2938-scr-495x330.jpg\" width=\"495\" height=\"330\" align=\"left\" title=\"\" \/><\/a><\/div><\/div><div class=\"gallery-group images-2\" style=\"width: 249px; height: 334px;\"><div class=\"tiled-gallery-item tiled-gallery-item-small\"><a href=\"https:\/\/semmelweis.hu\/ekk\/files\/2011\/06\/RS19514__ZZS3344-scr.jpg\"><img loading=\"lazy\" decoding=\"async\" data-attachment-id=\"1849\" data-orig-file=\"https:\/\/semmelweis.hu\/ekk\/files\/2011\/06\/RS19514__ZZS3344-scr.jpg\" data-orig-size=\"950,633\" data-comments-opened=\"0\" data-image-meta=\"{&quot;aperture&quot;:&quot;0&quot;,&quot;credit&quot;:&quot;&quot;,&quot;camera&quot;:&quot;&quot;,&quot;caption&quot;:&quot;&quot;,&quot;created_timestamp&quot;:&quot;0&quot;,&quot;copyright&quot;:&quot;&quot;,&quot;focal_length&quot;:&quot;0&quot;,&quot;iso&quot;:&quot;0&quot;,&quot;shutter_speed&quot;:&quot;0&quot;,&quot;title&quot;:&quot;&quot;,&quot;orientation&quot;:&quot;0&quot;}\" data-image-title=\"RS19514__ZZS3344-scr\" data-image-description=\"\" data-medium-file=\"https:\/\/semmelweis.hu\/ekk\/files\/2011\/06\/RS19514__ZZS3344-scr-300x200.jpg\" data-large-file=\"https:\/\/semmelweis.hu\/ekk\/files\/2011\/06\/RS19514__ZZS3344-scr.jpg\" src=\"https:\/\/semmelweis.hu\/ekk\/files\/2011\/06\/RS19514__ZZS3344-scr-245x163.jpg\" width=\"245\" height=\"163\" align=\"left\" title=\"\" \/><\/a><\/div><div class=\"tiled-gallery-item tiled-gallery-item-small\"><a href=\"https:\/\/semmelweis.hu\/ekk\/files\/2011\/06\/RS37523_KA-20151020-IMG_7307-scr.jpg\"><img loading=\"lazy\" decoding=\"async\" data-attachment-id=\"1851\" data-orig-file=\"https:\/\/semmelweis.hu\/ekk\/files\/2011\/06\/RS37523_KA-20151020-IMG_7307-scr.jpg\" data-orig-size=\"950,633\" data-comments-opened=\"0\" data-image-meta=\"{&quot;aperture&quot;:&quot;0&quot;,&quot;credit&quot;:&quot;&quot;,&quot;camera&quot;:&quot;&quot;,&quot;caption&quot;:&quot;&quot;,&quot;created_timestamp&quot;:&quot;0&quot;,&quot;copyright&quot;:&quot;&quot;,&quot;focal_length&quot;:&quot;0&quot;,&quot;iso&quot;:&quot;0&quot;,&quot;shutter_speed&quot;:&quot;0&quot;,&quot;title&quot;:&quot;&quot;,&quot;orientation&quot;:&quot;0&quot;}\" data-image-title=\"RS37523_KA-20151020-IMG_7307-scr\" data-image-description=\"\" data-medium-file=\"https:\/\/semmelweis.hu\/ekk\/files\/2011\/06\/RS37523_KA-20151020-IMG_7307-scr-300x200.jpg\" data-large-file=\"https:\/\/semmelweis.hu\/ekk\/files\/2011\/06\/RS37523_KA-20151020-IMG_7307-scr.jpg\" src=\"https:\/\/semmelweis.hu\/ekk\/files\/2011\/06\/RS37523_KA-20151020-IMG_7307-scr-245x163.jpg\" width=\"245\" height=\"163\" align=\"left\" title=\"\" \/><\/a><\/div><\/div><\/div><\/div>[\/slb_exclude]\n","protected":false},"excerpt":{"rendered":"<p>Karunkon az al\u00e1bbi mesterk\u00e9pz\u00e9si szakok (MSc\/MA) k\u00f6z\u00fcl v\u00e1laszthat: <a href=\"#egeszsegugyiadattudomany\">Eg\u00e9szs\u00e9g\u00fcgyi adattudom\u00e1ny mesterk\u00e9pz\u00e9si szak<\/a> <a href=\"#egeszsegugyimenedzser\">Eg\u00e9szs\u00e9g\u00fcgyi menedzser mesterk\u00e9pz\u00e9si szak<\/a> <a href=\"#egeszsegugyiminosegugyibetegbiztonsagimenedzsment\">Eg\u00e9szs\u00e9g\u00fcgyi-min\u0151s\u00e9g\u00fcgyi \u00e9s betegbiztons\u00e1gi menedzsment mesterk\u00e9pz\u00e9si szak<\/a> <a href=\"#integraltszocialisszolgaltatasimenedzsment\">Integr\u00e1lt szoci\u00e1lis szolg\u00e1ltat\u00e1si menedzsment mesterk\u00e9pz\u00e9si szak<\/a> <a href=\"#szocialismunka\">Szoci\u00e1lis munka mesterk\u00e9pz\u00e9si szak<\/a> <a href=\"#interdiszciplinariscsaladtudomany\">Interdiszciplin\u00e1ris csal\u00e1dtudom\u00e1nyi mesterk\u00e9pz\u00e9si szak<\/a> <a id=\"egeszsegugyiadattudomany\"><\/a> Eg\u00e9szs\u00e9g\u00fcgyi adattudom\u00e1ny mesterk\u00e9pz\u00e9si szak Az eg\u00e9szs\u00e9g\u00fcgyi adattudom\u00e1ny MSc programra els\u0151sorban azokat az orvosokat, gy\u00f3gyszer\u00e9szeket, eg\u00e9szs\u00e9g\u00fcgyi szakdolgoz\u00f3kat, informatikusokat, adattud\u00f3sokat v\u00e1rjuk, akik szeretn\u00e9nek r\u00e9szt venni az adatvez\u00e9relt eg\u00e9szs\u00e9g\u00fcgy alak\u00edt\u00e1s\u00e1ban. A mesterk\u00e9pz\u00e9s eg\u00e9szs\u00e9gtudom\u00e1nyi, matematikai \u00e9s informatikai ismereteket integr\u00e1l, emiatt els\u0151sorban az orvos- \u00e9s eg\u00e9szs\u00e9gtudom\u00e1ny, valamint az informatika \u00e9s a term\u00e9szettudom\u00e1ny &hellip;<\/p>\n","protected":false},"author":7,"featured_media":0,"parent":4,"menu_order":1,"comment_status":"closed","ping_status":"closed","template":"","meta":{"_acf_changed":false,"footnotes":""},"categories":[],"tags":[],"class_list":["post-22","page","type-page","status-publish","hentry"],"acf":[],"_links":{"self":[{"href":"https:\/\/semmelweis.hu\/ekk\/wp-json\/wp\/v2\/pages\/22","targetHints":{"allow":["GET"]}}],"collection":[{"href":"https:\/\/semmelweis.hu\/ekk\/wp-json\/wp\/v2\/pages"}],"about":[{"href":"https:\/\/semmelweis.hu\/ekk\/wp-json\/wp\/v2\/types\/page"}],"author":[{"embeddable":true,"href":"https:\/\/semmelweis.hu\/ekk\/wp-json\/wp\/v2\/users\/7"}],"replies":[{"embeddable":true,"href":"https:\/\/semmelweis.hu\/ekk\/wp-json\/wp\/v2\/comments?post=22"}],"version-history":[{"count":13,"href":"https:\/\/semmelweis.hu\/ekk\/wp-json\/wp\/v2\/pages\/22\/revisions"}],"predecessor-version":[{"id":5802,"href":"https:\/\/semmelweis.hu\/ekk\/wp-json\/wp\/v2\/pages\/22\/revisions\/5802"}],"up":[{"embeddable":true,"href":"https:\/\/semmelweis.hu\/ekk\/wp-json\/wp\/v2\/pages\/4"}],"wp:attachment":[{"href":"https:\/\/semmelweis.hu\/ekk\/wp-json\/wp\/v2\/media?parent=22"}],"wp:term":[{"taxonomy":"category","embeddable":true,"href":"https:\/\/semmelweis.hu\/ekk\/wp-json\/wp\/v2\/categories?post=22"},{"taxonomy":"post_tag","embeddable":true,"href":"https:\/\/semmelweis.hu\/ekk\/wp-json\/wp\/v2\/tags?post=22"}],"curies":[{"name":"wp","href":"https:\/\/api.w.org\/{rel}","templated":true}]}}