{"id":1118,"date":"2016-01-18T13:18:01","date_gmt":"2016-01-18T12:18:01","guid":{"rendered":"http:\/\/semmelweis.hu\/ekk\/?page_id=1118"},"modified":"2023-10-25T15:46:11","modified_gmt":"2023-10-25T13:46:11","slug":"kutatasiprogramok","status":"publish","type":"page","link":"https:\/\/semmelweis.hu\/ekk\/kutatas\/kutatasiprogramok\/","title":{"rendered":"Kutat\u00e1si programok"},"content":{"rendered":"<h4><strong>A kar int\u00e9zeteinek kutat\u00e1si ter\u00fcletei:<\/strong><\/h4>\n<h5>A Digit\u00e1lis Eg\u00e9szs\u00e9gtudom\u00e1nyi Int\u00e9zet szakmai profilja<\/h5>\n<p>Az Int\u00e9zet kutat\u00e1si tev\u00e9kenys\u00e9g\u00e9nek k\u00f6z\u00e9ppontj\u00e1ban <strong>eg\u00e9szs\u00e9g\u00fcgyi rendszerekhez kapcsol\u00f3d\u00f3 informatikai fejleszt\u00e9sek<\/strong> \u00e1llnak.<\/p>\n<p><strong>F\u0151bb kutat\u00e1si ter\u00fcletei:<\/strong><\/p>\n<ul style=\"list-style-type: square\">\n<li>telemedicina<\/li>\n<li>elektronikus k\u00f3rt\u00f6rt\u00e9net<\/li>\n<li>WEB2 fejleszt\u00e9sek eg\u00e9szs\u00e9g\u00fcgyi c\u00e9lokra<\/li>\n<li>Eur\u00f3pai Region\u00e1lis Eg\u00e9szs\u00e9g\u00fcgyi Egy\u00fcttm\u0171k\u00f6d\u00e9s informatikai felt\u00e9tele<\/li>\n<li>3D eg\u00e9szs\u00e9g\u00fcgyi alkalmaz\u00e1sok fejleszt\u00e9se<\/li>\n<li>biostatisztikai m\u00f3dszerek kutat\u00e1sa-fejleszt\u00e9se<\/li>\n<li>neur\u00e1lis adatb\u00e1ny\u00e1szati technik\u00e1k alkalmaz\u00e1sa eg\u00e9szs\u00e9g\u00fcgyi adatb\u00e1zisokra<\/li>\n<li>eg\u00e9szs\u00e9g\u00fcgyi h\u00e1l\u00f3zatok vizsg\u00e1lata<\/li>\n<li>ambiens rendszerek fejleszt\u00e9se<\/li>\n<li>k\u00f3rh\u00e1zi inform\u00e1ci\u00f3s rendszerek<\/li>\n<li>adatbiztons\u00e1g<\/li>\n<li>a mesters\u00e9ges intelligencia orvosi, eg\u00e9szs\u00e9g\u00fcgyi alkalmaz\u00e1sai<\/li>\n<\/ul>\n<hr \/>\n<h5>Az Eg\u00e9szs\u00e9g\u00fcgyi Menedzserk\u00e9pz\u0151 K\u00f6zpont szakmai profilja<\/h5>\n<p>A K\u00f6zpont kutat\u00f3programjai a <strong>magyar eg\u00e9szs\u00e9g\u00fcgy aktu\u00e1lis probl\u00e9m\u00e1inak <\/strong>felt\u00e1r\u00e1s\u00e1hoz, elemz\u00e9s\u00e9hez, megold\u00e1si alternat\u00edv\u00e1k kidolgoz\u00e1s\u00e1hoz, a felhalmozott ismeretanyag b\u0151v\u00edt\u00e9s\u00e9hez j\u00e1rulnak hozz\u00e1.<\/p>\n<p><strong>F\u0151bb kutat\u00e1si ter\u00fcletei:<\/strong><\/p>\n<ul style=\"list-style-type: square\">\n<li>adatb\u00e1ny\u00e1szat, h\u00e1l\u00f3zatelemz\u00e9s<\/li>\n<li>betegbiztons\u00e1g<\/li>\n<li>e-eg\u00e9szs\u00e9g\u00fcgyi megold\u00e1sok<\/li>\n<li>eg\u00e9szs\u00e9g\u00fcgyi hum\u00e1ner\u0151forr\u00e1s-menedzsment<\/li>\n<li>eg\u00e9szs\u00e9gpolitikai d\u00f6nt\u00e9shozatal (reformfolyamat-elemz\u00e9s, eg\u00e9szs\u00e9g\u00fcgy finansz\u00edroz\u00e1s \u00e9s rendszerfejleszt\u00e9s, eg\u00e9szs\u00e9gszervez\u00e9s, stb.)<\/li>\n<li>eg\u00e9szs\u00e9g\u00fcgyi int\u00e9zm\u00e9nyek vezet\u00e9se \u00e9s v\u00e1ltoztat\u00e1smenedzsment<\/li>\n<li>min\u0151s\u00e9gmenedzsment (audit, teljes\u00edtm\u00e9ny- \u00e9s min\u0151s\u00e9g\u00e9rt\u00e9kel\u00e9s, min\u0151s\u00e9gfejleszt\u00e9s, standardfejleszt\u00e9s)<\/li>\n<\/ul>\n<p>B\u0151vebben az Eg\u00e9szs\u00e9g\u00fcgyi Menedzserk\u00e9pz\u0151 K\u00f6zpont <a href=\"https:\/\/semmelweis.hu\/emk\/kutatasi-tevekenysegunk\/\">kutat\u00f3i tev\u00e9kenys\u00e9g\u00e9r\u0151l<\/a> \u00e9s az <a href=\"https:\/\/semmelweis.hu\/emk\/szakertoi-tevekenyseg-projektek\/futo-projektek\/\">aktu\u00e1lis projektekr\u0151l<\/a><\/p>\n<hr \/>\n<h5>A Ment\u00e1lhigi\u00e9n\u00e9 Int\u00e9zet szakmai profilja<\/h5>\n<p>Az Int\u00e9zet tudom\u00e1nyos kutat\u00e1si tev\u00e9kenys\u00e9g\u00e9nek k\u00f6z\u00e9ppontj\u00e1ban <strong>az egy\u00e9ni, csal\u00e1di, k\u00f6z\u00f6ss\u00e9gi<\/strong> \u00e9s a <strong>t\u00e1rsadalmi<\/strong> szint\u0171 <strong>ment\u00e1lhigi\u00e9n\u00e9 alapk\u00e9rd\u00e9sei<\/strong>, valamint a seg\u00edt\u0151 foglalkoz\u00e1sok gyakorlat\u00e1hoz kapcsol\u00f3d\u00f3 k\u00e9rd\u00e9sek \u00e1llnak. Az Int\u00e9zet kiemelt <strong>c\u00e9lja<\/strong> azoknak a <strong>ter\u00fcleteknek<\/strong> a <strong>tudom\u00e1nyos ig\u00e9ny\u0171<\/strong> megismer\u00e9se \u00e9s fejleszt\u00e9se, melyek <strong>a lelki eg\u00e9szs\u00e9g meg\u0151rz\u00e9se<\/strong> \u00e9s <strong>fejleszt\u00e9se<\/strong> szempontj\u00e1b\u00f3l <strong>k\u00f6zponti jelent\u0151s\u00e9g\u0171ek.<\/strong><\/p>\n<p><strong>F\u0151bb kutat\u00e1si ter\u00fcletei:<\/strong><\/p>\n<ul style=\"list-style-type: square\">\n<li>egy\u00e9ni szinten az \u00e9rzelmek, a szem\u00e9lyes j\u00f3ll\u00e9t \u00e9s lelki eg\u00e9szs\u00e9g \u00f6sszetev\u0151i, felt\u00e9telei, szem\u00e9lyis\u00e9gbeli folyamatainak kutat\u00e1sa;<\/li>\n<li>k\u00f6z\u00f6ss\u00e9gi szinten az els\u0151dleges \u00e9s m\u00e1sodlagos kapcsolati rendszerek, k\u00f6z\u00f6ss\u00e9gek \u00e9s t\u00e1rsadalmi folyamatok vizsg\u00e1lata;<\/li>\n<li>m\u00f3dszertani szempontb\u00f3l a lelki eg\u00e9szs\u00e9g le\u00edr\u00e1s\u00e1ra alkalmazhat\u00f3 kvantitat\u00edv \u00e9s kvalitat\u00edv elj\u00e1r\u00e1sok fejleszt\u00e9se, \u00e9s a lelki eg\u00e9szs\u00e9get t\u00e1mogat\u00f3 beavatkoz\u00e1sok, seg\u00edt\u0151 elj\u00e1r\u00e1sok le\u00edr\u00e1sa, hat\u00e9konys\u00e1guk ellen\u0151rz\u00e9se.<\/li>\n<\/ul>\n<p><a href=\"https:\/\/semmelweis.hu\/mental\/kutatas-fejlesztes\/\">B\u0151vebben a Ment\u00e1lhigi\u00e9n\u00e9 Int\u00e9zet kutat\u00f3i tev\u00e9kenys\u00e9g\u00e9r\u0151l<\/a><\/p>\n","protected":false},"excerpt":{"rendered":"<p>A kar int\u00e9zeteinek kutat\u00e1si ter\u00fcletei: A Digit\u00e1lis Eg\u00e9szs\u00e9gtudom\u00e1nyi Int\u00e9zet szakmai profilja Az Int\u00e9zet kutat\u00e1si tev\u00e9kenys\u00e9g\u00e9nek k\u00f6z\u00e9ppontj\u00e1ban eg\u00e9szs\u00e9g\u00fcgyi rendszerekhez kapcsol\u00f3d\u00f3 informatikai fejleszt\u00e9sek \u00e1llnak. F\u0151bb kutat\u00e1si ter\u00fcletei: telemedicina elektronikus k\u00f3rt\u00f6rt\u00e9net WEB2 fejleszt\u00e9sek eg\u00e9szs\u00e9g\u00fcgyi c\u00e9lokra Eur\u00f3pai Region\u00e1lis Eg\u00e9szs\u00e9g\u00fcgyi Egy\u00fcttm\u0171k\u00f6d\u00e9s informatikai felt\u00e9tele 3D eg\u00e9szs\u00e9g\u00fcgyi alkalmaz\u00e1sok fejleszt\u00e9se biostatisztikai m\u00f3dszerek kutat\u00e1sa-fejleszt\u00e9se neur\u00e1lis adatb\u00e1ny\u00e1szati technik\u00e1k alkalmaz\u00e1sa eg\u00e9szs\u00e9g\u00fcgyi adatb\u00e1zisokra eg\u00e9szs\u00e9g\u00fcgyi h\u00e1l\u00f3zatok vizsg\u00e1lata ambiens &hellip;<\/p>\n","protected":false},"author":101020,"featured_media":0,"parent":4220,"menu_order":1,"comment_status":"closed","ping_status":"closed","template":"","meta":{"_acf_changed":false,"footnotes":""},"categories":[],"tags":[],"class_list":["post-1118","page","type-page","status-publish","hentry"],"acf":[],"_links":{"self":[{"href":"https:\/\/semmelweis.hu\/ekk\/wp-json\/wp\/v2\/pages\/1118","targetHints":{"allow":["GET"]}}],"collection":[{"href":"https:\/\/semmelweis.hu\/ekk\/wp-json\/wp\/v2\/pages"}],"about":[{"href":"https:\/\/semmelweis.hu\/ekk\/wp-json\/wp\/v2\/types\/page"}],"author":[{"embeddable":true,"href":"https:\/\/semmelweis.hu\/ekk\/wp-json\/wp\/v2\/users\/101020"}],"replies":[{"embeddable":true,"href":"https:\/\/semmelweis.hu\/ekk\/wp-json\/wp\/v2\/comments?post=1118"}],"version-history":[{"count":11,"href":"https:\/\/semmelweis.hu\/ekk\/wp-json\/wp\/v2\/pages\/1118\/revisions"}],"predecessor-version":[{"id":5178,"href":"https:\/\/semmelweis.hu\/ekk\/wp-json\/wp\/v2\/pages\/1118\/revisions\/5178"}],"up":[{"embeddable":true,"href":"https:\/\/semmelweis.hu\/ekk\/wp-json\/wp\/v2\/pages\/4220"}],"wp:attachment":[{"href":"https:\/\/semmelweis.hu\/ekk\/wp-json\/wp\/v2\/media?parent=1118"}],"wp:term":[{"taxonomy":"category","embeddable":true,"href":"https:\/\/semmelweis.hu\/ekk\/wp-json\/wp\/v2\/categories?post=1118"},{"taxonomy":"post_tag","embeddable":true,"href":"https:\/\/semmelweis.hu\/ekk\/wp-json\/wp\/v2\/tags?post=1118"}],"curies":[{"name":"wp","href":"https:\/\/api.w.org\/{rel}","templated":true}]}}