{"id":67,"date":"2021-10-06T12:07:30","date_gmt":"2021-10-06T10:07:30","guid":{"rendered":"https:\/\/semmelweis.hu\/egynapossebeszet\/?page_id=67"},"modified":"2026-03-03T13:54:14","modified_gmt":"2026-03-03T12:54:14","slug":"nogyogyaszat","status":"publish","type":"page","link":"https:\/\/semmelweis.hu\/egynapossebeszet\/szakrendelesek\/nogyogyaszat\/","title":{"rendered":"N\u0151gy\u00f3gy\u00e1szati szakrendel\u00e9s"},"content":{"rendered":"<h2 style=\"text-align: center\">Szent R\u00f3kus Klinikai T\u00f6mb\u00a0<br \/>\n1085 Budapest, Gyulai P\u00e1l utca 2.<\/h2>\n<p>&nbsp;<\/p>\n<h1><span style=\"font-size: 18pt\">N\u0151gy\u00f3gy\u00e1szati szakrendel\u00e9s-nem beutal\u00f3 k\u00f6teles<\/span><\/h1>\n<p><span style=\"font-size: 14pt\"><strong>Id\u0151pontfoglal\u00e1s: <em><a href=\"https:\/\/www.eeszt.gov.hu\/hu\/nyito-oldal\">Elektronikus Eg\u00e9szs\u00e9g\u00fcgyi Szolg\u00e1ltat\u00e1si T\u00e9r (EESZT)<\/a> port\u00e1lj\u00e1n vagy<\/em><br \/>\n<\/strong>\u00a0<strong>+36\/1-553-3503,<\/strong> telefonsz\u00e1mon h\u00e9tf\u0151t\u0151l \u2013 p\u00e9ntekig <strong>7:00 -15:00 \u00f3ra<\/strong> k\u00f6z\u00f6tt lehets\u00e9ges<br \/>\n<\/span><span style=\"font-size: 14pt\">N\u0151gy\u00f3gy\u00e1szati cytol\u00f3gia\/r\u00e1ksz\u0171r\u00e9s\/ eredm\u00e9ny ut\u00e1n \u00e9rdekl\u0151dni a\u00a0 +36 30 685 9631\u00a0 \u00a0 +36 20 825 0084 telefonsz\u00e1mokon lehets\u00e9ges 12:00-13:30 k\u00f6z\u00f6tt.<\/span>\u00a0 <br \/>\n<strong>Kontroll id\u0151pont<\/strong> foglal\u00e1s: +36 30 160-0417\u00a0 H\u00e9tf\u0151t\u0151l-p\u00e9ntekig: 9:00-13:00 k\u00f6z\u00f6tt.\u00a0\u00a0<\/p>\n<p><strong>Asszisztens:<\/strong> <br \/>\nUzs\u00e1k Apoll\u00f3nia\u00a0 \u00a0 \u00a0<\/p>\n<p><span style=\"font-size: 18pt\"><em><strong><span style=\"color: #313b40;font-family: Montserrat, sans-serif;text-transform: uppercase;background-color: #ffffff\">fELH\u00cdVJUK SZ\u00cdVES FIGYELM\u00dcKET,HOGY A KIADOTT ID\u0150PONTOK T\u00c1J\u00c9KOZTAT\u00d3 JELLEG\u0170EK, mIVEL ORVOSAINK M\u0170T\u00c9TI TEV\u00c9KENYS\u00c9GET IS <span style=\"color: #000000\">foLYTATNAK!<\/span><\/span><\/strong><\/em><\/span><\/p>\n<p><span style=\"font-size: 18pt\"><em><strong><span style=\"color: #313b40;font-family: Montserrat, sans-serif;text-transform: uppercase;background-color: #ffffff\"><br \/>\n<span style=\"color: #ff0000\">S\u00fcrg\u0151s esetben:<\/span><br \/>\n<span style=\"color: #000000\">Semmelweis Egyetem, Sz\u00fcl\u00e9szeti \u00e9s n\u0151gy\u00f3gyaszati Klinika Baross utcai r\u00e9szleg <\/span><br \/>\n<span style=\"color: #000000\">C\u00edm: 1088 Budapest Baross u. 27<\/span><\/span><\/strong><\/em><\/span><\/p>\n<p><span style=\"font-size: 18pt\"><strong>Dr. Baksay L\u00e1szl\u00f3<br \/>\n<\/strong><\/span><\/p>\n<p><span style=\"font-size: 14pt;color: #000000\"><strong>Rendel\u00e9si id\u0151:<\/strong> <\/span><br \/>\n<span style=\"font-size: 14pt\">H\u00e9tf\u0151\u00a0 7:00-14:00<\/span><br \/>\n<span style=\"font-size: 14pt\">Szerda 7:00-14:00<br \/>\n7:00-10:00 k\u00f6z\u00f6tt m\u0171t\u00e9t el\u0151tti kivizsg\u00e1l\u00e1s. <strong>El\u0151jegyz\u00e9s nem sz\u00fcks\u00e9ges!<\/strong><\/span><br \/>\n<span style=\"font-size: 14pt\">10:00-12:00 k\u00f6z\u00f6tt \u00faj betegek ell\u00e1t\u00e1sa. A <\/span>beteg fogad\u00e1s kiz\u00e1r\u00f3lag <strong>el\u0151jegyz\u00e9s alapj\u00e1n<\/strong> t\u00f6rt\u00e9nik<br \/>\n<span style=\"font-size: 14pt\">12:00-13:30 k\u00f6z\u00f6tt m\u0171t\u00e9t ut\u00e1ni kontrollos betegek, sz\u00f6vettani lelet megbesz\u00e9l\u00e9s, cytol\u00f3giai lelet kiad\u00e1s. A <\/span>beteg fogad\u00e1s kiz\u00e1r\u00f3lag <strong>el\u0151jegyz\u00e9s alapj\u00e1n<\/strong> t\u00f6rt\u00e9nik<\/p>\n<p><span style=\"font-size: 18pt\"><strong>Dr. Csabafi Csaba\u00a0<\/strong><\/span><span style=\"font-size: 14pt\"><strong><br \/>\n<\/strong>Kedd:7-15<\/span><br \/>\n<span style=\"font-size: 14pt\">Cs\u00fct\u00f6rt\u00f6k:7-13<br \/>\n<\/span>a beteg fogad\u00e1s kiz\u00e1r\u00f3lag <strong>el\u0151jegyz\u00e9s alapj\u00e1n<\/strong> t\u00f6rt\u00e9nik<\/p>\n<p><strong><span style=\"font-size: 18pt\">Dr. Csemniczky Guszt\u00e1v\u00a0<\/span><\/strong><\/p>\n<p><strong><span style=\"font-size: 14pt\">Rendel\u00e9si id\u0151:<\/span><br \/>\n<\/strong><span style=\"font-size: 14pt\">Kedd 8:00-9:00\u00a0<\/span>beteg fogad\u00e1s kiz\u00e1r\u00f3lag <strong>el\u0151jegyz\u00e9s alapj\u00e1n<\/strong> t\u00f6rt\u00e9nik\u00a0<\/p>\n<p><span style=\"font-size: 18pt\"><strong>Dr. S\u00e1rosi Zsuzsanna Onkol\u00f3gus, F\u0151orvos\u00a0<br \/>\n<\/strong><\/span><\/p>\n<p><span style=\"font-size: 14pt\"><strong>Rendel\u00e9si id\u0151:\u00a0 <br \/>\n<\/strong>cs\u00fct\u00f6rt\u00f6k 7:00-12:00 beteg fogad\u00e1s kiz\u00e1r\u00f3lag <strong>el\u0151jegyz\u00e9s alapj\u00e1n<\/strong> t\u00f6rt\u00e9nik<\/span><\/p>\n<p><strong><span style=\"font-size: 18pt\">Dr. Tolnai Lajos \u00a0<\/span><\/strong><\/p>\n<p><span style=\"font-size: 14pt\"><strong>Rendel\u00e9si id\u0151: <br \/>\n<\/strong>P\u00e9ntek 7:00-13:00 <\/span>beteg fogad\u00e1s kiz\u00e1r\u00f3lag <strong>el\u0151jegyz\u00e9s alapj\u00e1n<\/strong> t\u00f6rt\u00e9nik<\/p>\n<p>&nbsp;<\/p>\n<p><strong>T\u00e1j\u00e9koztat\u00e1s a sz\u0171r\u0151vizsg\u00e1lat fontoss\u00e1g\u00e1r\u00f3l !<\/strong><\/p>\n<p>A rendszeres n\u0151gy\u00f3gy\u00e1szati sz\u0171r\u0151vizsg\u00e1laton val\u00f3 r\u00e9szv\u00e9tel minden n\u0151 sz\u00e1m\u00e1ra elengedhetetlen fontoss\u00e1g\u00fa, mert a sz\u0171r\u0151vizsg\u00e1lat a megel\u0151z\u00e9s \u00e9s a min\u00e9l hosszabb eg\u00e9szs\u00e9gben elt\u00f6lt\u00f6tt \u00e9vek biztos\u00edt\u00e1s\u00e1nak legc\u00e9lravezet\u0151bb eszk\u00f6ze.<\/p>\n<p>A sz\u0171r\u0151vizsg\u00e1latokon val\u00f3 r\u00e9szv\u00e9tellel optim\u00e1lis lehet\u0151s\u00e9g van a betegs\u00e9gek r\u00e1kmegel\u0151z\u0151 vagy korai st\u00e1diumban t\u00f6rt\u00e9n\u0151 felfedez\u00e9s\u00e9re \u00e9s hat\u00e9kony gy\u00f3gy\u00edt\u00e1s\u00e1ra.<\/p>\n<p>A m\u00e9hnyak r\u00e1k id\u0151ben val\u00f3 felismer\u00e9se, a k\u00fcl\u00f6nb\u00f6z\u0151 egy\u00e9b panaszt m\u00e9g nem okoz\u00f3 betegs\u00e9gek \u2014 medd\u0151s\u00e9ghez vezet\u0151 fert\u0151z\u00e9sek, HPV pozitivit\u00e1s diagnosztiz\u00e1l\u00e1s\u00e1nak m\u00f3dszere ma m\u00e1r j\u00f3l kidolgozott.<\/p>\n<p>A Semmelweis Egyetem Multidiszciplin\u00e1ris Egynapos Seb\u00e9szeti Klinik\u00e1n lehet\u0151s\u00e9g van ambul\u00e1ns \u00e9s egynapos seb\u00e9szeti elj\u00e1r\u00e1ssal a szem\u00e9remtest , h\u00fcvely, m\u00e9hnyak , m\u00e9htest rendellenes elv\u00e1ltoz\u00e1sainak felfedez\u00e9s\u00e9re , kezel\u00e9s\u00e9re, a bizonytalan dignit\u00e1s\u00fa k\u00e9pletek sz\u00f6vettani tiszt\u00e1z\u00e1s\u00e1ra.<\/p>\n<p>Rendel\u00e9s\u00fcnk\u00f6n p\u00e1ciens- bar\u00e1t, nyugodt k\u00f6r\u00fclm\u00e9nyek k\u00f6z\u00f6tt konzult\u00e1lhat a kifejezetten n\u0151gy\u00f3gy\u00e1szati, daganatseb\u00e9szeti j\u00e1rtass\u00e1ggal rendelkez\u0151 szakorvossal az \u00d6nre v\u00e1r\u00f3 vizsg\u00e1latokr\u00f3l, egy esetleges m\u0171t\u00e9tr\u0151l \u00e9s adott esetben az ut\u00f3kezel\u00e9s sz\u00fcks\u00e9gess\u00e9g\u00e9r\u0151l.<\/p>\n<p>Dr.S\u00e1rosi Zsuzsanna f\u0151orvos nagy klinikai tapasztalattal rendelkezik a n\u0151gy\u00f3gy\u00e1szati daganatok sz\u0171r\u00e9s\u00e9ben, az esetleges elv\u00e1ltoz\u00e1sok \u00a0\u00e9s az optim\u00e1lis kezel\u00e9si elj\u00e1r\u00e1sok megv\u00e1laszt\u00e1s\u00e1ban.<\/p>\n<p>Onkol\u00f3giai-n\u0151gy\u00f3gy\u00e1szati vizsg\u00e1latra, konzult\u00e1ci\u00f3ra illetve m\u0171t\u00e9ti el\u0151jegyz\u00e9sre el\u0151zetes bejelentkez\u00e9s sz\u00fcks\u00e9ges.<\/p>\n<p>&nbsp;<\/p>\n","protected":false},"excerpt":{"rendered":"<p>Szent R\u00f3kus Klinikai T\u00f6mb\u00a0 1085 Budapest, Gyulai P\u00e1l utca 2. &nbsp; N\u0151gy\u00f3gy\u00e1szati szakrendel\u00e9s-nem beutal\u00f3 k\u00f6teles Id\u0151pontfoglal\u00e1s: <a href=\"https:\/\/www.eeszt.gov.hu\/hu\/nyito-oldal\">Elektronikus Eg\u00e9szs\u00e9g\u00fcgyi Szolg\u00e1ltat\u00e1si T\u00e9r (EESZT)<\/a> port\u00e1lj\u00e1n vagy \u00a0+36\/1-553-3503, telefonsz\u00e1mon h\u00e9tf\u0151t\u0151l \u2013 p\u00e9ntekig 7:00 -15:00 \u00f3ra k\u00f6z\u00f6tt lehets\u00e9ges N\u0151gy\u00f3gy\u00e1szati cytol\u00f3gia\/r\u00e1ksz\u0171r\u00e9s\/ eredm\u00e9ny ut\u00e1n \u00e9rdekl\u0151dni a\u00a0 +36 30 685 9631\u00a0 \u00a0 +36 20 825 0084 telefonsz\u00e1mokon lehets\u00e9ges 12:00-13:30 k\u00f6z\u00f6tt.\u00a0 Kontroll id\u0151pont foglal\u00e1s: +36 30 160-0417\u00a0 H\u00e9tf\u0151t\u0151l-p\u00e9ntekig: 9:00-13:00 &hellip;<\/p>\n","protected":false},"author":12,"featured_media":0,"parent":11,"menu_order":3,"comment_status":"closed","ping_status":"closed","template":"","meta":{"_acf_changed":false,"footnotes":""},"categories":[],"tags":[],"class_list":["post-67","page","type-page","status-publish","hentry"],"acf":[],"_links":{"self":[{"href":"https:\/\/semmelweis.hu\/egynapossebeszet\/wp-json\/wp\/v2\/pages\/67","targetHints":{"allow":["GET"]}}],"collection":[{"href":"https:\/\/semmelweis.hu\/egynapossebeszet\/wp-json\/wp\/v2\/pages"}],"about":[{"href":"https:\/\/semmelweis.hu\/egynapossebeszet\/wp-json\/wp\/v2\/types\/page"}],"author":[{"embeddable":true,"href":"https:\/\/semmelweis.hu\/egynapossebeszet\/wp-json\/wp\/v2\/users\/12"}],"replies":[{"embeddable":true,"href":"https:\/\/semmelweis.hu\/egynapossebeszet\/wp-json\/wp\/v2\/comments?post=67"}],"version-history":[{"count":11,"href":"https:\/\/semmelweis.hu\/egynapossebeszet\/wp-json\/wp\/v2\/pages\/67\/revisions"}],"predecessor-version":[{"id":622,"href":"https:\/\/semmelweis.hu\/egynapossebeszet\/wp-json\/wp\/v2\/pages\/67\/revisions\/622"}],"up":[{"embeddable":true,"href":"https:\/\/semmelweis.hu\/egynapossebeszet\/wp-json\/wp\/v2\/pages\/11"}],"wp:attachment":[{"href":"https:\/\/semmelweis.hu\/egynapossebeszet\/wp-json\/wp\/v2\/media?parent=67"}],"wp:term":[{"taxonomy":"category","embeddable":true,"href":"https:\/\/semmelweis.hu\/egynapossebeszet\/wp-json\/wp\/v2\/categories?post=67"},{"taxonomy":"post_tag","embeddable":true,"href":"https:\/\/semmelweis.hu\/egynapossebeszet\/wp-json\/wp\/v2\/tags?post=67"}],"curies":[{"name":"wp","href":"https:\/\/api.w.org\/{rel}","templated":true}]}}