{"id":61,"date":"2021-10-06T12:04:14","date_gmt":"2021-10-06T10:04:14","guid":{"rendered":"https:\/\/semmelweis.hu\/egynapossebeszet\/?page_id=61"},"modified":"2026-04-27T08:10:03","modified_gmt":"2026-04-27T06:10:03","slug":"sebeszet","status":"publish","type":"page","link":"https:\/\/semmelweis.hu\/egynapossebeszet\/szakrendelesek\/sebeszet\/","title":{"rendered":"Seb\u00e9szeti szakrendel\u00e9s"},"content":{"rendered":"<h2 style=\"text-align: center\">Szent R\u00f3kus Klinikai T\u00f6mb<br \/>\n1085 Budapest,\u00a0Gyulai P\u00e1l utca 2.<\/h2>\n<p><span style=\"font-size: 18pt\"><strong>\u00c1ltal\u00e1nos seb\u00e9szeti szakrendel\u00e9s-nem beutal\u00f3 k\u00f6teles<br \/>\n<\/strong><\/span><\/p>\n<p>&nbsp;<\/p>\n<div class=\"fontos_div\">\n<p><span style=\"font-size: 14pt\"><strong><strong style=\"font-size: 14pt;background-color: transparent;color: #313b40;font-family: Montserrat, sans-serif\"><em>\u00a0<a href=\"https:\/\/www.eeszt.gov.hu\/hu\/nyito-oldal\">Elektronikus Eg\u00e9szs\u00e9g\u00fcgyi Szolg\u00e1ltat\u00e1si T\u00e9r (EESZT)<\/a> port\u00e1lj\u00e1n\u00a0<\/em><\/strong><br \/>\nId\u0151pontk\u00e9r\u00e9s:<\/strong> H\u00e9tk\u00f6znap 6:00-7:00<\/span><br \/>\n<span style=\"font-size: 14pt\"><strong>Telefonsz\u00e1m:<\/strong> +3630 685 9665\u00a0 \u00a0 \u00a0+3620 825 0340<\/span><br \/>\n<span style=\"font-size: 14pt\"><strong>Asszisztens:<\/strong> Szab\u00f3n\u00e9 Varga Marianna<\/span><\/p>\n<\/div>\n<p>&nbsp;<\/p>\n<p><strong><span style=\"font-size: 18pt\">Dr. G\u00f6b\u00f6l Zsolt f\u0151orvos\u00a0\u00a0<\/span><\/strong><\/p>\n<p><span style=\"font-size: 14pt\"><strong>Rendel\u00e9si id\u0151:<br \/>\n<\/strong><\/span><span style=\"font-size: 14pt\">Kedd 7:00 &#8211; 15:00\u00a0<\/span><\/p>\n<p><strong>A betegek fogad\u00e1sa az al\u00e1bbiak szerint t\u00f6rt\u00e9nik:<\/strong><\/p>\n<p>8 &#8211; 9 \u00f3ra k\u00f6z\u00f6tt az oper\u00e1lt betegek kontrollja\u00a0<br \/>\n9 &#8211; 12 \u00f3ra k\u00f6z\u00f6tt el\u0151jegyzett betegek kontrollja<br \/>\n12 -13 \u00f3ra k\u00f6z\u00f6tt \u00faj betegek ell\u00e1t\u00e1sa t\u00f6rt\u00e9nik<\/p>\n<p>&nbsp;<\/p>\n<p><strong><span style=\"font-size: 18pt\">Dr. B\u00e1nki L\u00e1szl\u00f3 f\u0151orvos\u00a0\u00a0<\/span><\/strong><\/p>\n<p><span style=\"font-size: 14pt\"><strong>Rendel\u00e9si id\u0151<\/strong><\/span><br \/>\n<span style=\"font-size: 14pt\">H\u00e9tf\u0151 6:00-14:00<\/span><br \/>\n<span style=\"font-size: 14pt\">Szerda 6:00-14:00<\/span><br \/>\n<span style=\"font-size: 14pt\">P\u00e9ntek 6:00-12:00<\/span><\/p>\n<p>2026.05.08-\u00e1n a rendel\u00e9s sz\u00fcnetel!<\/p>\n<p><strong><span style=\"font-size: 18.0pt\">Dr. Pusk\u00e1s L\u00e1szl\u00f3<\/span><\/strong><strong><span style=\"font-size: 14.0pt\">\u00a0<\/span><\/strong><span style=\"font-size: 14.0pt\">\u00a0(m\u0171t\u00e9tes betegek kontrollja \u00e9s az \u00faj\u00a0betegek fogad\u00e1s kiz\u00e1r\u00f3lag\u00a0<strong>el\u0151jegyz\u00e9s alapj\u00e1n<\/strong> t\u00f6rt\u00e9nik)\u00a0<\/span><\/p>\n<p><strong><span style=\"font-size: 14.0pt\">Rendel\u00e9si id\u0151:<\/span><\/strong><b><span style=\"font-size: 14.0pt\"><br \/>\n<\/span><\/b><span style=\"font-size: 14.0pt\">Minden h\u00f3nap utols\u00f3 cs\u00fct\u00f6rt\u00f6k: 13:00-14:00\u00a0 beteg fogad\u00e1s kiz\u00e1r\u00f3lag <strong>el\u0151jegyz\u00e9s alapj\u00e1n<\/strong>\u00a0t\u00f6rt\u00e9nik<\/span><\/p>\n<p><strong><span style=\"font-size: 18.0pt\">Dr. Bal\u00e1zs \u00c1kos\u00a0<\/span><\/strong><\/p>\n<p><strong><span style=\"font-size: 14.0pt\">Rendel\u00e9si id\u0151: <\/span><\/strong><b><span style=\"font-size: 14.0pt\"><br \/>\n<strong>A beteg fogad\u00e1s kiz\u00e1r\u00f3lag el\u0151jegyz\u00e9s alapj\u00e1n t\u00f6rt\u00e9nik.<\/strong><br \/>\n<\/span><\/b><span style=\"font-size: 14.0pt\">H\u00e9tf\u0151 8:00-12:00<br \/>\nKedd: 8:00-12:00<\/span><\/p>\n<p><strong>El\u0151jegyz\u00e9s: +36 30 166-0966<\/strong><\/p>\n<p><strong><span style=\"font-size: 18pt\">Dr. S\u00e1volt \u00c1kos f\u0151orvos<\/span><\/strong><\/p>\n<p><strong>Rendel\u00e9si id\u0151<\/strong><\/p>\n<p>P\u00e9ntek: 9:00-13:00<br \/>\nBetegek fogad\u00e1sa el\u0151jegyz\u00e9s alapj\u00e1n t\u00f6rt\u00e9nik.<\/p>\n<p><strong>El\u0151jegyz\u00e9s: +3630 877-0226<\/strong><\/p>\n<p><strong><span style=\"font-size: 18pt;color: #ff0000\">S\u00fcrg\u0151s esetben:<\/span><\/strong><br \/>\n<strong><span style=\"font-size: 18pt\">Seb\u00e9szeti, Transzplant\u00e1ci\u00f3s \u00e9s Gasztroenterol\u00f3giai Klinika<\/span><\/strong><br \/>\n<strong><span style=\"font-size: 18pt\">1082 Budapest \u00dcll\u0151i \u00fat 78<\/span><\/strong><\/p>\n","protected":false},"excerpt":{"rendered":"<p>Szent R\u00f3kus Klinikai T\u00f6mb 1085 Budapest,\u00a0Gyulai P\u00e1l utca 2. \u00c1ltal\u00e1nos seb\u00e9szeti szakrendel\u00e9s-nem beutal\u00f3 k\u00f6teles &nbsp; \u00a0 <a href=\"https:\/\/www.eeszt.gov.hu\/hu\/nyito-oldal\">Elektronikus Eg\u00e9szs\u00e9g\u00fcgyi Szolg\u00e1ltat\u00e1si T\u00e9r (EESZT)<\/a> port\u00e1lj\u00e1n\u00a0 Id\u0151pontk\u00e9r\u00e9s: H\u00e9tk\u00f6znap 6:00-7:00 Telefonsz\u00e1m: +3630 685 9665\u00a0 \u00a0 \u00a0+3620 825 0340 Asszisztens: Szab\u00f3n\u00e9 Varga Marianna &nbsp; Dr. G\u00f6b\u00f6l Zsolt f\u0151orvos\u00a0\u00a0 Rendel\u00e9si id\u0151: Kedd 7:00 &#8211; 15:00\u00a0 A betegek fogad\u00e1sa az al\u00e1bbiak szerint t\u00f6rt\u00e9nik: 8 &#8211; 9 \u00f3ra k\u00f6z\u00f6tt &hellip;<\/p>\n","protected":false},"author":12,"featured_media":0,"parent":11,"menu_order":1,"comment_status":"closed","ping_status":"closed","template":"","meta":{"_acf_changed":false,"footnotes":""},"categories":[],"tags":[],"class_list":["post-61","page","type-page","status-publish","hentry"],"acf":[],"_links":{"self":[{"href":"https:\/\/semmelweis.hu\/egynapossebeszet\/wp-json\/wp\/v2\/pages\/61","targetHints":{"allow":["GET"]}}],"collection":[{"href":"https:\/\/semmelweis.hu\/egynapossebeszet\/wp-json\/wp\/v2\/pages"}],"about":[{"href":"https:\/\/semmelweis.hu\/egynapossebeszet\/wp-json\/wp\/v2\/types\/page"}],"author":[{"embeddable":true,"href":"https:\/\/semmelweis.hu\/egynapossebeszet\/wp-json\/wp\/v2\/users\/12"}],"replies":[{"embeddable":true,"href":"https:\/\/semmelweis.hu\/egynapossebeszet\/wp-json\/wp\/v2\/comments?post=61"}],"version-history":[{"count":11,"href":"https:\/\/semmelweis.hu\/egynapossebeszet\/wp-json\/wp\/v2\/pages\/61\/revisions"}],"predecessor-version":[{"id":634,"href":"https:\/\/semmelweis.hu\/egynapossebeszet\/wp-json\/wp\/v2\/pages\/61\/revisions\/634"}],"up":[{"embeddable":true,"href":"https:\/\/semmelweis.hu\/egynapossebeszet\/wp-json\/wp\/v2\/pages\/11"}],"wp:attachment":[{"href":"https:\/\/semmelweis.hu\/egynapossebeszet\/wp-json\/wp\/v2\/media?parent=61"}],"wp:term":[{"taxonomy":"category","embeddable":true,"href":"https:\/\/semmelweis.hu\/egynapossebeszet\/wp-json\/wp\/v2\/categories?post=61"},{"taxonomy":"post_tag","embeddable":true,"href":"https:\/\/semmelweis.hu\/egynapossebeszet\/wp-json\/wp\/v2\/tags?post=61"}],"curies":[{"name":"wp","href":"https:\/\/api.w.org\/{rel}","templated":true}]}}

Sebészeti szakrendelés

<h2 style="text-align: center">Szent Rókus Klinikai Tömb<br />
1085 Budapest, Gyulai Pál utca 2.</h2>
<p><span style="font-size: 18pt"><strong>Általános sebészeti szakrendelés-nem beutaló köteles<br />
</strong></span></p>
<p>&nbsp;</p>
<div class="fontos_div">
<p><span style="font-size: 14pt"><strong><strong style="font-size: 14pt;background-color: transparent;color: #313b40;font-family: Montserrat, sans-serif"><em> <a href="https://www.eeszt.gov.hu/hu/nyito-oldal">Elektronikus Egészségügyi Szolgáltatási Tér (EESZT)</a> portálján </em></strong><br />
Időpontkérés:</strong> Hétköznap 6:00-7:00</span><br />
<span style="font-size: 14pt"><strong>Telefonszám:</strong> +3630 685 9665     +3620 825 0340</span><br />
<span style="font-size: 14pt"><strong>Asszisztens:</strong> Szabóné Varga Marianna</span></p>
</div>
<p>&nbsp;</p>
<p><strong><span style="font-size: 18pt">Dr. Göböl Zsolt főorvos  </span></strong></p>
<p><span style="font-size: 14pt"><strong>Rendelési idő:<br />
</strong></span><span style="font-size: 14pt">Kedd 7:00 &#8211; 15:00 </span></p>
<p><strong>A betegek fogadása az alábbiak szerint történik:</strong></p>
<p>8 &#8211; 9 óra között az operált betegek kontrollja <br />
9 &#8211; 12 óra között előjegyzett betegek kontrollja<br />
12 -13 óra között új betegek ellátása történik</p>
<p>&nbsp;</p>
<p><strong><span style="font-size: 18pt">Dr. Bánki László főorvos  </span></strong></p>
<p><span style="font-size: 14pt"><strong>Rendelési idő</strong></span><br />
<span style="font-size: 14pt">Hétfő 6:00-14:00</span><br />
<span style="font-size: 14pt">Szerda 6:00-14:00</span><br />
<span style="font-size: 14pt">Péntek 6:00-12:00</span></p>
<p>2026.05.08-án a rendelés szünetel!</p>
<p><strong><span style="font-size: 18.0pt">Dr. Puskás László</span></strong><strong><span style="font-size: 14.0pt"> </span></strong><span style="font-size: 14.0pt"> (műtétes betegek kontrollja és az új betegek fogadás kizárólag <strong>előjegyzés alapján</strong> történik) </span></p>
<p><strong><span style="font-size: 14.0pt">Rendelési idő:</span></strong><b><span style="font-size: 14.0pt"><br />
</span></b><span style="font-size: 14.0pt">Minden hónap utolsó csütörtök: 13:00-14:00  beteg fogadás kizárólag <strong>előjegyzés alapján</strong> történik</span></p>
<p><strong><span style="font-size: 18.0pt">Dr. Balázs Ákos </span></strong></p>
<p><strong><span style="font-size: 14.0pt">Rendelési idő: </span></strong><b><span style="font-size: 14.0pt"><br />
<strong>A beteg fogadás kizárólag előjegyzés alapján történik.</strong><br />
</span></b><span style="font-size: 14.0pt">Hétfő 8:00-12:00<br />
Kedd: 8:00-12:00</span></p>
<p><strong>Előjegyzés: +36 30 166-0966</strong></p>
<p><strong><span style="font-size: 18pt">Dr. Sávolt Ákos főorvos</span></strong></p>
<p><strong>Rendelési idő</strong></p>
<p>Péntek: 9:00-13:00<br />
Betegek fogadása előjegyzés alapján történik.</p>
<p><strong>Előjegyzés: +3630 877-0226</strong></p>
<p><strong><span style="font-size: 18pt;color: #ff0000">Sürgős esetben:</span></strong><br />
<strong><span style="font-size: 18pt">Sebészeti, Transzplantációs és Gasztroenterológiai Klinika</span></strong><br />
<strong><span style="font-size: 18pt">1082 Budapest Üllői út 78</span></strong></p>

<p>Szent Rókus Klinikai Tömb 1085 Budapest, Gyulai Pál utca 2. Általános sebészeti szakrendelés-nem beutaló köteles &nbsp;   <a href="https://www.eeszt.gov.hu/hu/nyito-oldal">Elektronikus Egészségügyi Szolgáltatási Tér (EESZT)</a> portálján  Időpontkérés: Hétköznap 6:00-7:00 Telefonszám: +3630 685 9665     +3620 825 0340 Asszisztens: Szabóné Varga Marianna &nbsp; Dr. Göböl Zsolt főorvos   Rendelési idő: Kedd 7:00 &#8211; 15:00  A betegek fogadása az alábbiak szerint történik: 8 &#8211; 9 óra között &hellip;</p>
