{"id":449,"date":"2024-12-12T13:05:49","date_gmt":"2024-12-12T12:05:49","guid":{"rendered":"https:\/\/semmelweis.hu\/egynapossebeszet\/?page_id=449"},"modified":"2026-04-24T09:23:03","modified_gmt":"2026-04-24T07:23:03","slug":"sebeszetproktologia","status":"publish","type":"page","link":"https:\/\/semmelweis.hu\/egynapossebeszet\/szakrendelesek\/sebeszetproktologia\/","title":{"rendered":"Seb\u00e9szet (proktol\u00f3gia)"},"content":{"rendered":"<h2>Szent R\u00f3kus Klinikai T\u00f6mb<br \/>\n1085 Budapest,\u00a0Gyulai P\u00e1l utca 2.<\/h2>\n<p><strong><span style=\"font-size: 18pt\">S<\/span><span style=\"font-size: 14pt\"><span style=\"font-size: 18pt\">eb\u00e9szeti szakrendel\u00e9s<\/span>\u00a0 (proktol\u00f3gia) Nem beutal\u00f3 k\u00f6teles rendel\u00e9s<\/span><\/strong><\/p>\n<div class=\"fontos_div\">\n<p><span style=\"font-size: 14pt\"><strong>Id\u0151pontk\u00e9r\u00e9s:<\/strong> <strong><em><a href=\"https:\/\/www.eeszt.gov.hu\/hu\/nyito-oldal\">Elektronikus Eg\u00e9szs\u00e9g\u00fcgyi Szolg\u00e1ltat\u00e1si T\u00e9r (EESZT)<\/a>\u00a0port\u00e1lj\u00e1n<\/em><\/strong><br \/>\nH\u00e9tk\u00f6znap 8:00-14:00\u00a0<\/span><br \/>\n<span style=\"font-size: 14pt\"><strong>Telefonsz\u00e1m:<\/strong>\u00a0+3630 877 0226\u00a0<\/span><br \/>\n<span style=\"font-size: 14pt\"><strong>Asszisztens:<\/strong>\u00a0Deme Eszter<\/span><\/p>\n<\/div>\n<p><span style=\"font-size: 14pt\"><span style=\"font-size: 18pt\"><strong>Dr. Ferreira G\u00e1bor\u00a0<\/strong><\/span> (csak proktol\u00f3gia)\u00a0<span style=\"font-size: 18pt;color: #ff0000\"><br \/>\n<\/span><\/span><\/p>\n<p><span style=\"font-size: 14pt\"><strong>Rendel\u00e9si id\u0151:<br \/>\n<\/strong>Kedd: 9:00-13:00\u00a0 \u00a0beteg fogad\u00e1s kiz\u00e1r\u00f3lag <strong>el\u0151jegyz\u00e9s alapj\u00e1n<\/strong>\u00a0t\u00f6rt\u00e9nik<\/span><\/p>\n<p><span style=\"font-size: 14pt\"><span style=\"font-size: 18pt\"><strong>Dr. \u00d3nody P\u00e9ter<\/strong><\/span> \u00a0(csak proktol\u00f3gia)\u00a0 <span style=\"font-size: 18pt;color: #ff0000\">\u00a0 \u00a0 \u00a0 \u00a0 \u00a0 \u00a0 \u00a0 \u00a0 \u00a0 \u00a0 \u00a0 \u00a0 \u00a0 \u00a0 \u00a0 \u00a0 \u00a0 \u00a0 \u00a0 \u00a0 \u00a0 \u00a0\u00a0<\/span><\/span><\/p>\n<p><span style=\"font-size: 14pt\"><strong>Rendel\u00e9si id\u0151:<br \/>\n<\/strong>H\u00e9tf\u0151 8:00-13:00\u00a0 beteg fogad\u00e1s kiz\u00e1r\u00f3lag\u00a0<strong>el\u0151jegyz\u00e9s alapj\u00e1n<\/strong>\u00a0t\u00f6rt\u00e9nik<\/span><\/p>\n<p><strong><span style=\"font-size: 18pt\">Dr. Weltner L\u00e1szl\u00f3 <span style=\"font-size: 14pt\">(csak proktol\u00f3gia)\u00a0 <\/span><\/span><\/strong><\/p>\n<p><strong>Rendel\u00e9si id\u0151:<br \/>\n<\/strong>Minden h\u00f3nap els\u0151 h\u00e1rom cs\u00fct\u00f6rt\u00f6k: 8:00-13:00\u00a0 b<span style=\"font-size: 14pt\">eteg fogad\u00e1s kiz\u00e1r\u00f3lag <strong>el\u0151jegyz\u00e9s alapj\u00e1n<\/strong>\u00a0t\u00f6rt\u00e9nik<\/span><\/p>\n<p><span style=\"color: #ff0000;font-size: 18pt\"><strong>S\u00fcrg\u0151s esetben:<\/strong><\/span><br \/>\n<span style=\"font-size: 18pt\"><strong>Seb\u00e9szeti, Transzplant\u00e1ci\u00f3s \u00e9s Gasztroenterol\u00f3giai Klinika<\/strong><\/span><br \/>\n<span style=\"font-size: 18pt\"><strong>1082 Budapest \u00dcll\u0151i \u00fat 78<\/strong><\/span><\/p>\n","protected":false},"excerpt":{"rendered":"<p>Szent R\u00f3kus Klinikai T\u00f6mb 1085 Budapest,\u00a0Gyulai P\u00e1l utca 2. Seb\u00e9szeti szakrendel\u00e9s\u00a0 (proktol\u00f3gia) Nem beutal\u00f3 k\u00f6teles rendel\u00e9s Id\u0151pontk\u00e9r\u00e9s: <a href=\"https:\/\/www.eeszt.gov.hu\/hu\/nyito-oldal\">Elektronikus Eg\u00e9szs\u00e9g\u00fcgyi Szolg\u00e1ltat\u00e1si T\u00e9r (EESZT)<\/a> \u00a0port\u00e1lj\u00e1n H\u00e9tk\u00f6znap 8:00-14:00\u00a0 Telefonsz\u00e1m:\u00a0+3630 877 0226\u00a0 Asszisztens:\u00a0Deme Eszter Dr. Ferreira G\u00e1bor\u00a0 (csak proktol\u00f3gia)\u00a0 Rendel\u00e9si id\u0151: Kedd: 9:00-13:00\u00a0 \u00a0beteg fogad\u00e1s kiz\u00e1r\u00f3lag el\u0151jegyz\u00e9s alapj\u00e1n\u00a0t\u00f6rt\u00e9nik Dr. \u00d3nody P\u00e9ter \u00a0(csak proktol\u00f3gia)\u00a0 \u00a0 \u00a0 \u00a0 \u00a0 \u00a0 \u00a0 \u00a0 \u00a0 \u00a0 \u00a0 \u00a0 &hellip;<\/p>\n","protected":false},"author":102414,"featured_media":0,"parent":11,"menu_order":0,"comment_status":"closed","ping_status":"closed","template":"","meta":{"_acf_changed":false,"footnotes":""},"categories":[],"tags":[],"class_list":["post-449","page","type-page","status-publish","hentry"],"acf":[],"_links":{"self":[{"href":"https:\/\/semmelweis.hu\/egynapossebeszet\/wp-json\/wp\/v2\/pages\/449","targetHints":{"allow":["GET"]}}],"collection":[{"href":"https:\/\/semmelweis.hu\/egynapossebeszet\/wp-json\/wp\/v2\/pages"}],"about":[{"href":"https:\/\/semmelweis.hu\/egynapossebeszet\/wp-json\/wp\/v2\/types\/page"}],"author":[{"embeddable":true,"href":"https:\/\/semmelweis.hu\/egynapossebeszet\/wp-json\/wp\/v2\/users\/102414"}],"replies":[{"embeddable":true,"href":"https:\/\/semmelweis.hu\/egynapossebeszet\/wp-json\/wp\/v2\/comments?post=449"}],"version-history":[{"count":10,"href":"https:\/\/semmelweis.hu\/egynapossebeszet\/wp-json\/wp\/v2\/pages\/449\/revisions"}],"predecessor-version":[{"id":627,"href":"https:\/\/semmelweis.hu\/egynapossebeszet\/wp-json\/wp\/v2\/pages\/449\/revisions\/627"}],"up":[{"embeddable":true,"href":"https:\/\/semmelweis.hu\/egynapossebeszet\/wp-json\/wp\/v2\/pages\/11"}],"wp:attachment":[{"href":"https:\/\/semmelweis.hu\/egynapossebeszet\/wp-json\/wp\/v2\/media?parent=449"}],"wp:term":[{"taxonomy":"category","embeddable":true,"href":"https:\/\/semmelweis.hu\/egynapossebeszet\/wp-json\/wp\/v2\/categories?post=449"},{"taxonomy":"post_tag","embeddable":true,"href":"https:\/\/semmelweis.hu\/egynapossebeszet\/wp-json\/wp\/v2\/tags?post=449"}],"curies":[{"name":"wp","href":"https:\/\/api.w.org\/{rel}","templated":true}]}}

Sebészet (proktológia)

<h2>Szent Rókus Klinikai Tömb<br />
1085 Budapest, Gyulai Pál utca 2.</h2>
<p><strong><span style="font-size: 18pt">S</span><span style="font-size: 14pt"><span style="font-size: 18pt">ebészeti szakrendelés</span>  (proktológia) Nem beutaló köteles rendelés</span></strong></p>
<div class="fontos_div">
<p><span style="font-size: 14pt"><strong>Időpontkérés:</strong> <strong><em><a href="https://www.eeszt.gov.hu/hu/nyito-oldal">Elektronikus Egészségügyi Szolgáltatási Tér (EESZT)</a> portálján</em></strong><br />
Hétköznap 8:00-14:00 </span><br />
<span style="font-size: 14pt"><strong>Telefonszám:</strong> +3630 877 0226 </span><br />
<span style="font-size: 14pt"><strong>Asszisztens:</strong> Deme Eszter</span></p>
</div>
<p><span style="font-size: 14pt"><span style="font-size: 18pt"><strong>Dr. Ferreira Gábor </strong></span> (csak proktológia) <span style="font-size: 18pt;color: #ff0000"><br />
</span></span></p>
<p><span style="font-size: 14pt"><strong>Rendelési idő:<br />
</strong>Kedd: 9:00-13:00   beteg fogadás kizárólag <strong>előjegyzés alapján</strong> történik</span></p>
<p><span style="font-size: 14pt"><span style="font-size: 18pt"><strong>Dr. Ónody Péter</strong></span>  (csak proktológia)  <span style="font-size: 18pt;color: #ff0000">                                            </span></span></p>
<p><span style="font-size: 14pt"><strong>Rendelési idő:<br />
</strong>Hétfő 8:00-13:00  beteg fogadás kizárólag <strong>előjegyzés alapján</strong> történik</span></p>
<p><strong><span style="font-size: 18pt">Dr. Weltner László <span style="font-size: 14pt">(csak proktológia)  </span></span></strong></p>
<p><strong>Rendelési idő:<br />
</strong>Minden hónap első három csütörtök: 8:00-13:00  b<span style="font-size: 14pt">eteg fogadás kizárólag <strong>előjegyzés alapján</strong> történik</span></p>
<p><span style="color: #ff0000;font-size: 18pt"><strong>Sürgős esetben:</strong></span><br />
<span style="font-size: 18pt"><strong>Sebészeti, Transzplantációs és Gasztroenterológiai Klinika</strong></span><br />
<span style="font-size: 18pt"><strong>1082 Budapest Üllői út 78</strong></span></p>

<p>Szent Rókus Klinikai Tömb 1085 Budapest, Gyulai Pál utca 2. Sebészeti szakrendelés  (proktológia) Nem beutaló köteles rendelés Időpontkérés: <a href="https://www.eeszt.gov.hu/hu/nyito-oldal">Elektronikus Egészségügyi Szolgáltatási Tér (EESZT)</a>  portálján Hétköznap 8:00-14:00  Telefonszám: +3630 877 0226  Asszisztens: Deme Eszter Dr. Ferreira Gábor  (csak proktológia)  Rendelési idő: Kedd: 9:00-13:00   beteg fogadás kizárólag előjegyzés alapján történik Dr. Ónody Péter  (csak proktológia)                        &hellip;</p>
