{"id":112,"date":"2022-01-20T15:57:56","date_gmt":"2022-01-20T14:57:56","guid":{"rendered":"https:\/\/semmelweis.hu\/egynapossebeszet\/?page_id=112"},"modified":"2024-01-03T06:50:56","modified_gmt":"2024-01-03T05:50:56","slug":"ersebeszeti-szakrendeles","status":"publish","type":"page","link":"https:\/\/semmelweis.hu\/egynapossebeszet\/szakrendelesek\/ersebeszeti-szakrendeles\/","title":{"rendered":"\u00c9rseb\u00e9szeti szakrendel\u00e9s"},"content":{"rendered":"<h2 style=\"text-align: center\">\u00a0<\/h2>\n<h1>\u00a0<\/h1>\n<div class=\"keretes w-100\">\n<p>Az \u00e9rseb\u00e9szeti rendel\u00e9s jelenleg sz\u00fcnetel.<\/p>\n<\/div>\n<p>&nbsp;<\/p>\n<p><span style=\"font-family: inherit;font-size: inherit\"><br \/>\n<\/span>\u00a0 \u00a0<\/p>\n<p>&nbsp;<\/p>\n","protected":false},"excerpt":{"rendered":"<p>\u00a0<br \/>\n\u00a0<\/p>\n<p>Az \u00e9rseb\u00e9szeti rendel\u00e9s jelenleg sz\u00fcnetel.<\/p>\n<p>&nbsp;<\/p>\n<p>\u00a0 \u00a0<br \/>\n&nbsp;<\/p>\n","protected":false},"author":101950,"featured_media":0,"parent":11,"menu_order":1,"comment_status":"closed","ping_status":"closed","template":"","meta":{"_acf_changed":false,"footnotes":""},"categories":[],"tags":[],"class_list":["post-112","page","type-page","status-publish","hentry"],"acf":[],"_links":{"self":[{"href":"https:\/\/semmelweis.hu\/egynapossebeszet\/wp-json\/wp\/v2\/pages\/112","targetHints":{"allow":["GET"]}}],"collection":[{"href":"https:\/\/semmelweis.hu\/egynapossebeszet\/wp-json\/wp\/v2\/pages"}],"about":[{"href":"https:\/\/semmelweis.hu\/egynapossebeszet\/wp-json\/wp\/v2\/types\/page"}],"author":[{"embeddable":true,"href":"https:\/\/semmelweis.hu\/egynapossebeszet\/wp-json\/wp\/v2\/users\/101950"}],"replies":[{"embeddable":true,"href":"https:\/\/semmelweis.hu\/egynapossebeszet\/wp-json\/wp\/v2\/comments?post=112"}],"version-history":[{"count":9,"href":"https:\/\/semmelweis.hu\/egynapossebeszet\/wp-json\/wp\/v2\/pages\/112\/revisions"}],"predecessor-version":[{"id":335,"href":"https:\/\/semmelweis.hu\/egynapossebeszet\/wp-json\/wp\/v2\/pages\/112\/revisions\/335"}],"up":[{"embeddable":true,"href":"https:\/\/semmelweis.hu\/egynapossebeszet\/wp-json\/wp\/v2\/pages\/11"}],"wp:attachment":[{"href":"https:\/\/semmelweis.hu\/egynapossebeszet\/wp-json\/wp\/v2\/media?parent=112"}],"wp:term":[{"taxonomy":"category","embeddable":true,"href":"https:\/\/semmelweis.hu\/egynapossebeszet\/wp-json\/wp\/v2\/categories?post=112"},{"taxonomy":"post_tag","embeddable":true,"href":"https:\/\/semmelweis.hu\/egynapossebeszet\/wp-json\/wp\/v2\/tags?post=112"}],"curies":[{"name":"wp","href":"https:\/\/api.w.org\/{rel}","templated":true}]}}